{"id":747403,"date":"2025-08-28T03:05:37","date_gmt":"2025-08-28T00:05:37","guid":{"rendered":"https:\/\/roveyayinevi.com.tr\/index.php\/urun\/bahar-cicekleri-2\/"},"modified":"2026-04-16T03:00:02","modified_gmt":"2026-04-16T00:00:02","slug":"bahar-cicekleri-2","status":"publish","type":"product","link":"https:\/\/roveyayinevi.com.tr\/index.php\/urun\/bahar-cicekleri-2\/","title":{"rendered":"Bahar \u00c7i\u00e7ekleri"},"content":{"rendered":"<p>Halil g\u00fcne\u015fin simalara yans\u0131d\u0131\u011f\u0131 kavruk y\u00fczlere bakt\u0131. \u0130lk g\u00fcnleri hat\u0131rlad\u0131. Kavruk y\u00fczleri, da\u011f\u0131n\u0131k sa\u00e7lar\u0131, heyecanlar\u0131, y\u00fczlerde hi\u00e7 eksilmeyen tebess\u00fcmleri, yorgunluklar\u0131&#8230; Ya\u015far, Serhat, Binali, Han\u0131m, Feride, T\u00fcrkan, Bahar, \u00c7iller, Gamze, Yasin, Elif, Taner, Ahmet, Hatice\u2026 Uzun uzun bakt\u0131. \u0130\u00e7ini tarifsiz bir heyecan doldurdu. Bir elindeki \u00e7i\u00e7eklere bir de \u00e7ocuklara bak\u0131p m\u0131r\u0131ldand\u0131: \u201c\u0130\u015fte bahar \u00e7i\u00e7ekleri, i\u015fte \u00fclkemin gelece\u011fi\u2026\u201d *** \u201cBahar \u00c7i\u00e7ekleri\u201d, Anadolu&#8217;nun g\u00f6n\u00fcl co\u011frafyas\u0131nda bir \u00f6\u011fretmenin dokundu\u011fu y\u00fcreklerin hik\u00e2yesi\u2026 Bir dokunu\u015fun y\u00fczlerimizde b\u0131rakaca\u011f\u0131 tebess\u00fcmle ve \u00fclkemizin gelece\u011fine dair kalplerimizde yarataca\u011f\u0131 heyecanla okunmaya de\u011fer bir roman\u2026  *** \u201cYazar, ikinci roman\u0131nda bu kez Anadolu\u2019da bir ba\u015fka y\u00f6renin asil ruhuna ses veriyor. Y\u00f6renin renkleri, sesleri, mutluluklar\u0131, h\u00fcz\u00fcnleri, hayalleri i\u00e7inizde yank\u0131lan\u0131yor.\u201d (Yazar \u0130smail ZORBA) <\/p>\n","protected":false},"excerpt":{"rendered":"<p>Halil g\u00fcne\u015fin simalara yans\u0131d\u0131\u011f\u0131 kavruk y\u00fczlere bakt\u0131. \u0130lk g\u00fcnleri hat\u0131rlad\u0131. Kavruk y\u00fczleri, da\u011f\u0131n\u0131k sa\u00e7lar\u0131, heyecanlar\u0131, y\u00fczlerde hi\u00e7 eksilmeyen tebess\u00fcmleri, yorgunluklar\u0131&#8230; Ya\u015far, Serhat, Binali, Han\u0131m, Feride, T\u00fcrkan,<span class=\"excerpt-hellip\"> [\u2026]<\/span><\/p>\n","protected":false},"featured_media":0,"template":"","meta":{"_monsterinsights_skip_tracking":false,"_monsterinsights_sitenote_active":false,"_monsterinsights_sitenote_note":"","_monsterinsights_sitenote_category":0},"product_brand":[],"product_cat":[12291,12711],"product_tag":[],"class_list":{"0":"post-747403","1":"product","2":"type-product","3":"status-publish","5":"product_cat-edebiyat","6":"product_cat-roman-oyku","7":"pa_cilt-ciltsiz","8":"pa_tur-kitap","9":"pa_yayinevi-cinaralti-yayinlari","10":"pa_yazar-ali-can","12":"first","13":"instock","14":"sale","15":"shipping-taxable","16":"purchasable","17":"product-type-simple"},"_links":{"self":[{"href":"https:\/\/roveyayinevi.com.tr\/index.php\/wp-json\/wp\/v2\/product\/747403","targetHints":{"allow":["GET"]}}],"collection":[{"href":"https:\/\/roveyayinevi.com.tr\/index.php\/wp-json\/wp\/v2\/product"}],"about":[{"href":"https:\/\/roveyayinevi.com.tr\/index.php\/wp-json\/wp\/v2\/types\/product"}],"wp:attachment":[{"href":"https:\/\/roveyayinevi.com.tr\/index.php\/wp-json\/wp\/v2\/media?parent=747403"}],"wp:term":[{"taxonomy":"product_brand","embeddable":true,"href":"https:\/\/roveyayinevi.com.tr\/index.php\/wp-json\/wp\/v2\/product_brand?post=747403"},{"taxonomy":"product_cat","embeddable":true,"href":"https:\/\/roveyayinevi.com.tr\/index.php\/wp-json\/wp\/v2\/product_cat?post=747403"},{"taxonomy":"product_tag","embeddable":true,"href":"https:\/\/roveyayinevi.com.tr\/index.php\/wp-json\/wp\/v2\/product_tag?post=747403"}],"curies":[{"name":"wp","href":"https:\/\/api.w.org\/{rel}","templated":true}]}}