{"id":747402,"date":"2025-08-28T03:05:36","date_gmt":"2025-08-28T00:05:36","guid":{"rendered":"https:\/\/roveyayinevi.com.tr\/index.php\/urun\/doga-savascilari-4-amiral-ahtapot-harekati\/"},"modified":"2026-04-16T03:00:02","modified_gmt":"2026-04-16T00:00:02","slug":"doga-savascilari-4-amiral-ahtapot-harekati","status":"publish","type":"product","link":"https:\/\/roveyayinevi.com.tr\/index.php\/urun\/doga-savascilari-4-amiral-ahtapot-harekati\/","title":{"rendered":"Do\u011fa Sava\u015f\u00e7\u0131lar\u0131-4 Amiral Ahtapot Harekat\u0131"},"content":{"rendered":"<p>\u0130nsanlar d\u00fcnyan\u0131n sadece kendilerine ait oldu\u011funu san\u0131yorlar. Ancak \u201cAmiral Ahtapot Harek\u00e2t\u0131\u201d onlara yan\u0131ld\u0131klar\u0131n\u0131 g\u00f6sterecek. Kahramanlar\u0131m\u0131z Optik Pusat ve Val\u00f6r Parmak, yeni dostlar\u0131 Fil Kulakl\u0131 Ahtapot, G\u00fcm\u00fc\u015f ve di\u011ferleri sayesinde k\u00f6t\u00fc kalpli insanlara g\u00fczel bir ders verecekler. Sonras\u0131nda ise iyili\u011fi \u00e7o\u011faltmak i\u00e7in \u00e7al\u0131\u015facaklar. Sloganlar\u0131; \u201cYa\u015fatt\u0131\u011f\u0131n\u0131z\u0131 ya\u015fay\u0131n, korkuttu\u011funuz kadar korkun!\u201d olacak. Faydal\u0131 bir\u00e7ok bilgiyle tan\u0131\u015faca\u011f\u0131n\u0131z bu macerada e\u011flenece\u011finizi garanti ediyoruz. Bu \u00f6yk\u00fc; de\u011ferler, engellilerle birlikte ya\u015fama k\u00fclt\u00fcr\u00fc ve fark\u0131ndal\u0131k konular\u0131nda size yararl\u0131 bilgiler sunacak. <\/p>\n","protected":false},"excerpt":{"rendered":"<p>\u0130nsanlar d\u00fcnyan\u0131n sadece kendilerine ait oldu\u011funu san\u0131yorlar. Ancak \u201cAmiral Ahtapot Harek\u00e2t\u0131\u201d onlara yan\u0131ld\u0131klar\u0131n\u0131 g\u00f6sterecek. Kahramanlar\u0131m\u0131z Optik Pusat ve Val\u00f6r Parmak, yeni dostlar\u0131 Fil Kulakl\u0131 Ahtapot, G\u00fcm\u00fc\u015f<span class=\"excerpt-hellip\"> [\u2026]<\/span><\/p>\n","protected":false},"featured_media":0,"template":"","meta":{"_monsterinsights_skip_tracking":false,"_monsterinsights_sitenote_active":false,"_monsterinsights_sitenote_note":"","_monsterinsights_sitenote_category":0},"product_brand":[],"product_cat":[12274,12284],"product_tag":[],"class_list":{"0":"post-747402","1":"product","2":"type-product","3":"status-publish","5":"product_cat-cocuk-ve-genclik-kitaplari","6":"product_cat-hikayeler","7":"pa_cilt-ciltsiz","8":"pa_tur-kitap","9":"pa_yayinevi-cinaralti-yayinlari","10":"pa_yazar-ilknur-isik","12":"first","13":"instock","14":"sale","15":"shipping-taxable","16":"purchasable","17":"product-type-simple"},"_links":{"self":[{"href":"https:\/\/roveyayinevi.com.tr\/index.php\/wp-json\/wp\/v2\/product\/747402","targetHints":{"allow":["GET"]}}],"collection":[{"href":"https:\/\/roveyayinevi.com.tr\/index.php\/wp-json\/wp\/v2\/product"}],"about":[{"href":"https:\/\/roveyayinevi.com.tr\/index.php\/wp-json\/wp\/v2\/types\/product"}],"wp:attachment":[{"href":"https:\/\/roveyayinevi.com.tr\/index.php\/wp-json\/wp\/v2\/media?parent=747402"}],"wp:term":[{"taxonomy":"product_brand","embeddable":true,"href":"https:\/\/roveyayinevi.com.tr\/index.php\/wp-json\/wp\/v2\/product_brand?post=747402"},{"taxonomy":"product_cat","embeddable":true,"href":"https:\/\/roveyayinevi.com.tr\/index.php\/wp-json\/wp\/v2\/product_cat?post=747402"},{"taxonomy":"product_tag","embeddable":true,"href":"https:\/\/roveyayinevi.com.tr\/index.php\/wp-json\/wp\/v2\/product_tag?post=747402"}],"curies":[{"name":"wp","href":"https:\/\/api.w.org\/{rel}","templated":true}]}}