{"id":747395,"date":"2025-08-28T03:05:27","date_gmt":"2025-08-28T00:05:27","guid":{"rendered":"https:\/\/roveyayinevi.com.tr\/index.php\/urun\/et-duvar-ter-siva\/"},"modified":"2026-04-16T03:00:02","modified_gmt":"2026-04-16T00:00:02","slug":"et-duvar-ter-siva","status":"publish","type":"product","link":"https:\/\/roveyayinevi.com.tr\/index.php\/urun\/et-duvar-ter-siva\/","title":{"rendered":"Et Duvar Ter S\u0131va"},"content":{"rendered":"<p>\u201cBir g\u00fcn, aniden, \u00fczerinde, \u2018\u00e7ok uzaklar\u2019 yazan otob\u00fcse binip gidiversem ve yap\u0131lmas\u0131 gereken ve yap\u0131lmas\u0131 gerekmedi\u011fi h\u00e2lde her g\u00fcn yapt\u0131\u011f\u0131m ne varsa hepsini geride b\u0131rak\u0131rken, kal\u00e7alar\u0131m\u0131 her biri birbirinden farkl\u0131 yumu\u015fakl\u0131kta sandalye ve koltuklara b\u0131rak\u0131p, her biri birbirinden farkl\u0131 yumu\u015fakl\u0131kta keklerden tadarken, her biri birbirinden farkl\u0131 yumu\u015fakl\u0131kta insan sesleri dinlesem&#8230; Sonra, s\u0131cak ve \u00e7ok yumu\u015fak kumlara uzan\u0131p, so\u011fuk ve yumu\u015fak bir dondurma yesem&#8230; Ke\u015fke, bunu, \u00f6ylece o anda, \u00f6n\u00fcn\u00fc, arkas\u0131n\u0131 d\u00fc\u015f\u00fcnmeden yapabilecek yumu\u015fakl\u0131kta bir zihnim olsa&#8230;\u201d Et Duvar Ter S\u0131va, kolundan s\u00f6k\u00fcp atamad\u0131\u011f\u0131n ve bazen ona ra\u011fmen, bazen de onunla birlikte ya\u015fad\u0131\u011f\u0131n bir a\u011fr\u0131n\u0131n hik\u00e2yele\u015ftirilmesi, kendi duvarlar\u0131n\u0131 teriyle y\u0131kad\u0131ktan sonra t\u00fcm g\u00fcc\u00fcyle y\u0131kmaya \u00e7al\u0131\u015fanlar\u0131n bir g\u00fc\u00e7 sava\u015f\u0131d\u0131r, kendilerine kar\u015f\u0131\u2026 Bir aynan\u0131n \u00fczerine \u00f6rt\u00fclm\u00fc\u015f \u00f6rt\u00fcy\u00fc aniden kald\u0131r\u0131p, kendinle g\u00f6z g\u00f6ze gelmen i\u00e7in tasarlanm\u0131\u015f bir kelimeler b\u00fct\u00fcn\u00fcd\u00fcr. Hayalle ger\u00e7e\u011fin zaman zaman i\u00e7 i\u00e7e ge\u00e7erek baloncuklar\u0131n olu\u015ftu\u011fu bir yan\u0131lg\u0131n\u0131n i\u00e7inde de\u011fi\u015fik zamanlara kayan, bir modern zamanlar kayg\u0131s\u0131d\u0131r hem okumak hem de kapat\u0131p gitmek i\u00e7in\u2026 Yine de bu kitap, en \u00e7ok, hayali renkler ve a\u011f\u0131z suland\u0131ran tatlarla donat\u0131lm\u0131\u015f bir uzaklar g\u00fczellemesidir, etten yap\u0131lm\u0131\u015f duvar\u0131n\u0131 kendi terleriyle s\u0131vayanlar ve her \u015feyi b\u0131rak\u0131p gitmeyi \u00f6zleyenler i\u00e7in\u2026<\/p>\n","protected":false},"excerpt":{"rendered":"<p>\u201cBir g\u00fcn, aniden, \u00fczerinde, \u2018\u00e7ok uzaklar\u2019 yazan otob\u00fcse binip gidiversem ve yap\u0131lmas\u0131 gereken ve yap\u0131lmas\u0131 gerekmedi\u011fi h\u00e2lde her g\u00fcn yapt\u0131\u011f\u0131m ne varsa hepsini geride b\u0131rak\u0131rken, kal\u00e7alar\u0131m\u0131<span class=\"excerpt-hellip\"> [\u2026]<\/span><\/p>\n","protected":false},"featured_media":0,"template":"","meta":{"_monsterinsights_skip_tracking":false,"_monsterinsights_sitenote_active":false,"_monsterinsights_sitenote_note":"","_monsterinsights_sitenote_category":0},"product_brand":[],"product_cat":[12291,12711],"product_tag":[],"class_list":{"0":"post-747395","1":"product","2":"type-product","3":"status-publish","5":"product_cat-edebiyat","6":"product_cat-roman-oyku","7":"pa_cilt-ciltsiz","8":"pa_tur-kitap","9":"pa_yayinevi-perseus","10":"pa_yazar-deniz-toprakkaya","12":"first","13":"instock","14":"sale","15":"shipping-taxable","16":"purchasable","17":"product-type-simple"},"_links":{"self":[{"href":"https:\/\/roveyayinevi.com.tr\/index.php\/wp-json\/wp\/v2\/product\/747395","targetHints":{"allow":["GET"]}}],"collection":[{"href":"https:\/\/roveyayinevi.com.tr\/index.php\/wp-json\/wp\/v2\/product"}],"about":[{"href":"https:\/\/roveyayinevi.com.tr\/index.php\/wp-json\/wp\/v2\/types\/product"}],"wp:attachment":[{"href":"https:\/\/roveyayinevi.com.tr\/index.php\/wp-json\/wp\/v2\/media?parent=747395"}],"wp:term":[{"taxonomy":"product_brand","embeddable":true,"href":"https:\/\/roveyayinevi.com.tr\/index.php\/wp-json\/wp\/v2\/product_brand?post=747395"},{"taxonomy":"product_cat","embeddable":true,"href":"https:\/\/roveyayinevi.com.tr\/index.php\/wp-json\/wp\/v2\/product_cat?post=747395"},{"taxonomy":"product_tag","embeddable":true,"href":"https:\/\/roveyayinevi.com.tr\/index.php\/wp-json\/wp\/v2\/product_tag?post=747395"}],"curies":[{"name":"wp","href":"https:\/\/api.w.org\/{rel}","templated":true}]}}