{"id":747388,"date":"2025-08-28T03:05:16","date_gmt":"2025-08-28T00:05:16","guid":{"rendered":"https:\/\/roveyayinevi.com.tr\/index.php\/urun\/buyuk-bolunme\/"},"modified":"2026-04-16T03:00:02","modified_gmt":"2026-04-16T00:00:02","slug":"buyuk-bolunme","status":"publish","type":"product","link":"https:\/\/roveyayinevi.com.tr\/index.php\/urun\/buyuk-bolunme\/","title":{"rendered":"Bu\u0308yu\u0308k B\u00f6lu\u0308nme"},"content":{"rendered":"<p>On binlerce y\u0131l \u00f6nce Afrika\u2019dan yola \u00e7\u0131karak d\u00fcnyaya yay\u0131lmaya ba\u015flayan insanlar son Buzul \u00c7a\u011f\u0131 sona ermeden \u00f6nce Sibirya\u2019ya gelmi\u015flerdi. Daha sonra, g\u00fcn\u00fcm\u00fczden yakla\u015f\u0131k 18.000 y\u0131l \u00f6nce, o zamanlar okyanus seviyelerinin \u00e7ok d\u00fc\u015f\u00fck olmas\u0131ndan dolay\u0131 bir kara k\u00f6pr\u00fcs\u00fc halinde olan Bering Bo\u011faz\u0131\u2019n\u0131 y\u00fcr\u00fcyerek ge\u00e7ip Amerika k\u0131tas\u0131na ula\u015ft\u0131lar. Ancak Buzul \u00c7a\u011f\u0131\u2019n\u0131n sona ermesinden sonra Bering Bo\u011faz\u0131 suyla doldu ve Amerika k\u0131tas\u0131ndaki insanlar\u0131n di\u011fer k\u0131talardakilerle ba\u011flant\u0131s\u0131 kesildi.  Birbirinden habersiz iki n\u00fcfus aras\u0131ndaki b\u00f6l\u00fcnme Kolomb\u2019un Amerika\u2019y\u0131 ke\u015ffine kadar devam etti. Bu zaman diliminde Eski ve Yeni D\u00fcnya insanlar\u0131n\u0131n geli\u015fimini ara\u015ft\u0131ran B\u00fcy\u00fck B\u00f6l\u00fcnme\u2019de Peter Watson insanl\u0131k tarihine yeni bir anlay\u0131\u015f kazand\u0131rmak i\u00e7in arkeoloji, antropoloji, jeoloji, meteoroloji, kozmoloji ve mitolojinin ustaca ve orijinal bir sentezini sunuyor. Bu iki n\u00fcfusun paralel geli\u015fmesi, bir anlamda, d\u00fcnyan\u0131n tan\u0131k oldu\u011fu en b\u00fcy\u00fck do\u011fal deneydi. Elbette laboratuvar deneyi anlam\u0131nda, d\u00f6rt ba\u015f\u0131 mamur bir deney de\u011fildi, yine de kar\u015f\u0131la\u015ft\u0131rma a\u00e7\u0131s\u0131ndan b\u00fcy\u00fcleyici bir deney, do\u011fayla insan\u0131n nas\u0131l etkile\u015fime girdi\u011fini g\u00f6rmek, kendimizi kendimize a\u00e7\u0131klamak i\u00e7in bulunmaz bir f\u0131rsatt\u0131. <\/p>\n","protected":false},"excerpt":{"rendered":"<p>On binlerce y\u0131l \u00f6nce Afrika\u2019dan yola \u00e7\u0131karak d\u00fcnyaya yay\u0131lmaya ba\u015flayan insanlar son Buzul \u00c7a\u011f\u0131 sona ermeden \u00f6nce Sibirya\u2019ya gelmi\u015flerdi. Daha sonra, g\u00fcn\u00fcm\u00fczden yakla\u015f\u0131k 18.000 y\u0131l \u00f6nce,<span class=\"excerpt-hellip\"> [\u2026]<\/span><\/p>\n","protected":false},"featured_media":0,"template":"","meta":{"_monsterinsights_skip_tracking":false,"_monsterinsights_sitenote_active":false,"_monsterinsights_sitenote_note":"","_monsterinsights_sitenote_category":0},"product_brand":[],"product_cat":[12370,12304],"product_tag":[],"class_list":{"0":"post-747388","1":"product","2":"type-product","3":"status-publish","5":"product_cat-arastirma-inceleme","6":"product_cat-tarih","7":"pa_cilt-ciltsiz","8":"pa_tur-kitap","9":"pa_yayinevi-say-yayinlari","10":"pa_yazar-peter-watson","12":"first","13":"instock","14":"sale","15":"shipping-taxable","16":"purchasable","17":"product-type-simple"},"_links":{"self":[{"href":"https:\/\/roveyayinevi.com.tr\/index.php\/wp-json\/wp\/v2\/product\/747388","targetHints":{"allow":["GET"]}}],"collection":[{"href":"https:\/\/roveyayinevi.com.tr\/index.php\/wp-json\/wp\/v2\/product"}],"about":[{"href":"https:\/\/roveyayinevi.com.tr\/index.php\/wp-json\/wp\/v2\/types\/product"}],"wp:attachment":[{"href":"https:\/\/roveyayinevi.com.tr\/index.php\/wp-json\/wp\/v2\/media?parent=747388"}],"wp:term":[{"taxonomy":"product_brand","embeddable":true,"href":"https:\/\/roveyayinevi.com.tr\/index.php\/wp-json\/wp\/v2\/product_brand?post=747388"},{"taxonomy":"product_cat","embeddable":true,"href":"https:\/\/roveyayinevi.com.tr\/index.php\/wp-json\/wp\/v2\/product_cat?post=747388"},{"taxonomy":"product_tag","embeddable":true,"href":"https:\/\/roveyayinevi.com.tr\/index.php\/wp-json\/wp\/v2\/product_tag?post=747388"}],"curies":[{"name":"wp","href":"https:\/\/api.w.org\/{rel}","templated":true}]}}