{"id":747370,"date":"2025-08-28T03:04:51","date_gmt":"2025-08-28T00:04:51","guid":{"rendered":"https:\/\/roveyayinevi.com.tr\/index.php\/urun\/colleen-hoover-serisi-5-kitaplik-kutulu-set\/"},"modified":"2026-04-16T03:00:01","modified_gmt":"2026-04-16T00:00:01","slug":"colleen-hoover-serisi-5-kitaplik-kutulu-set","status":"publish","type":"product","link":"https:\/\/roveyayinevi.com.tr\/index.php\/urun\/colleen-hoover-serisi-5-kitaplik-kutulu-set\/","title":{"rendered":"Colleen Hoover Serisi \u2013 5 Kitapl\u0131k Kutulu Set"},"content":{"rendered":"<p>Set \u0130\u00e7eri\u011fi Bizimle Ba\u015flad\u0131 Bizimle BittiVerity: Ger\u00e7e\u011fin Di\u011fer K\u0131y\u0131s\u0131Belki Bir G\u00fcn\u00c7irkin A\u015fk\u0130tirafDefter<\/p>\n","protected":false},"excerpt":{"rendered":"<p>Set \u0130\u00e7eri\u011fi Bizimle Ba\u015flad\u0131 Bizimle BittiVerity: Ger\u00e7e\u011fin Di\u011fer K\u0131y\u0131s\u0131Belki Bir G\u00fcn\u00c7irkin A\u015fk\u0130tirafDefter<\/p>\n","protected":false},"featured_media":0,"template":"","meta":{"_monsterinsights_skip_tracking":false,"_monsterinsights_sitenote_active":false,"_monsterinsights_sitenote_note":"","_monsterinsights_sitenote_category":0},"product_brand":[],"product_cat":[12291,50487],"product_tag":[],"class_list":{"0":"post-747370","1":"product","2":"type-product","3":"status-publish","5":"product_cat-edebiyat","6":"product_cat-kurgu","7":"pa_cilt-ciltsiz","8":"pa_tur-kitap","9":"pa_yayinevi-epsilon-yayinlari","10":"pa_yazar-colleen-hoover","12":"first","13":"instock","14":"sale","15":"shipping-taxable","16":"purchasable","17":"product-type-simple"},"_links":{"self":[{"href":"https:\/\/roveyayinevi.com.tr\/index.php\/wp-json\/wp\/v2\/product\/747370","targetHints":{"allow":["GET"]}}],"collection":[{"href":"https:\/\/roveyayinevi.com.tr\/index.php\/wp-json\/wp\/v2\/product"}],"about":[{"href":"https:\/\/roveyayinevi.com.tr\/index.php\/wp-json\/wp\/v2\/types\/product"}],"wp:attachment":[{"href":"https:\/\/roveyayinevi.com.tr\/index.php\/wp-json\/wp\/v2\/media?parent=747370"}],"wp:term":[{"taxonomy":"product_brand","embeddable":true,"href":"https:\/\/roveyayinevi.com.tr\/index.php\/wp-json\/wp\/v2\/product_brand?post=747370"},{"taxonomy":"product_cat","embeddable":true,"href":"https:\/\/roveyayinevi.com.tr\/index.php\/wp-json\/wp\/v2\/product_cat?post=747370"},{"taxonomy":"product_tag","embeddable":true,"href":"https:\/\/roveyayinevi.com.tr\/index.php\/wp-json\/wp\/v2\/product_tag?post=747370"}],"curies":[{"name":"wp","href":"https:\/\/api.w.org\/{rel}","templated":true}]}}