{"id":747361,"date":"2025-08-28T03:04:41","date_gmt":"2025-08-28T00:04:41","guid":{"rendered":"https:\/\/roveyayinevi.com.tr\/index.php\/urun\/dogu-hiristiyanlari-nesturiler\/"},"modified":"2026-04-16T03:00:00","modified_gmt":"2026-04-16T00:00:00","slug":"dogu-hiristiyanlari-nesturiler","status":"publish","type":"product","link":"https:\/\/roveyayinevi.com.tr\/index.php\/urun\/dogu-hiristiyanlari-nesturiler\/","title":{"rendered":"Do\u011fu H\u0131ristiyanlar\u0131 Nesturiler"},"content":{"rendered":"<p>Dog\u0306u Kilisesi, H\u0131ristiyanl\u0131k tarihinde o\u0308zel bir yere sahip. Roma I\u0307mparatorlug\u0306u\u2019nun dog\u0306usunda ko\u0308k salm\u0131s\u0327, Bat\u0131 kiliseleri taraf\u0131ndan o\u0308tekiles\u0327tirilmis\u0327, siyasi etkileri derin bic\u0327imde hissetmis\u0327 ve kendine o\u0308zgu\u0308 inan\u0131s\u0327lar, ritu\u0308eller gelis\u0327tirmis\u0327 kadim bir kilise&#8230; Dog\u0306u H\u0131ristiyanlar\u0131 Nesturiler: Tarih, I\u0307nanc\u0327, Ritu\u0308el; Part, Sasani, Mu\u0308slu\u0308man ve Mog\u0306ol yo\u0308netimlerinin go\u0308lgesinde gelis\u0327en Dog\u0306u Kilisesi geleneg\u0306ini, hem H\u0131ristiyan du\u0308nyas\u0131nda hem de genis\u0327 dog\u0306u cog\u0306rafyas\u0131nda yas\u0327anan siyasal-toplumsal gelis\u0327melerle bag\u0306lant\u0131l\u0131 olarak anlat\u0131yor. Teolojik tart\u0131s\u0327malar etraf\u0131nda c\u0327ok temel sorular\u0131 ele al\u0131yor: I\u0307sa Mesih\u2019in s\u0327ahs\u0131nda ilahi ve bes\u0327eri tabiatlar nas\u0131l birles\u0327ti? Kutsal Ruh neye is\u0327aret eder? Vaftiz, Kutsal Hac\u0327, oruc\u0327 ve dua to\u0308renlerinin anlam\u0131 nedir? Kitap, tu\u0308m bu sorular\u0131n cevab\u0131n\u0131 ararken H\u0131ristiyanl\u0131k ic\u0327indeki ayr\u0131s\u0327malar\u0131n ko\u0308kenini de ayr\u0131nt\u0131l\u0131 bic\u0327imde tart\u0131s\u0327\u0131yor. Sadece dinler tarihi deg\u0306il medeniyetler tarihi ac\u0327\u0131s\u0131ndan da ufuk ac\u0327\u0131c\u0131 olan bu c\u0327al\u0131s\u0327ma, alan\u0131nda o\u0308nemli bir bos\u0327lug\u0306u dolduruyor. \u201cDog\u0306u Kilisesi\u2019nin kendine o\u0308zgu\u0308 tarihsel gelis\u0327iminin en o\u0308nemli o\u0308zellig\u0306i, tarih boyunca yabanc\u0131lar\u0131n ha\u0302kimiyeti alt\u0131nda yas\u0327amas\u0131d\u0131r. Normalde H\u0131ristiyan bir hamiden mahrum olmas\u0131n\u0131n, kilise ac\u0327\u0131s\u0131ndan birc\u0327ok olumsuz sonuc\u0327 dog\u0306uracag\u0306\u0131 du\u0308s\u0327u\u0308nu\u0308lebilir. Ancak c\u0327al\u0131s\u0327mam\u0131zda elde edilen veriler durumun tam olarak bo\u0308yle olmad\u0131g\u0306\u0131n\u0131, aksine Dog\u0306u Kilisesi\u2019nin kendi o\u0308zgu\u0308nlu\u0308g\u0306u\u0308nu\u0308 korumas\u0131 ve gelis\u0327tirmesi ac\u0327\u0131s\u0131ndan olumlu bir is\u0327lev go\u0308rdu\u0308g\u0306u\u0308nu\u0308 ortaya koymus\u0327tur.\u201d <\/p>\n","protected":false},"excerpt":{"rendered":"<p>Dog\u0306u Kilisesi, H\u0131ristiyanl\u0131k tarihinde o\u0308zel bir yere sahip. Roma I\u0307mparatorlug\u0306u\u2019nun dog\u0306usunda ko\u0308k salm\u0131s\u0327, Bat\u0131 kiliseleri taraf\u0131ndan o\u0308tekiles\u0327tirilmis\u0327, siyasi etkileri derin bic\u0327imde hissetmis\u0327 ve kendine o\u0308zgu\u0308 inan\u0131s\u0327lar,<span class=\"excerpt-hellip\"> [\u2026]<\/span><\/p>\n","protected":false},"featured_media":0,"template":"","meta":{"_monsterinsights_skip_tracking":false,"_monsterinsights_sitenote_active":false,"_monsterinsights_sitenote_note":"","_monsterinsights_sitenote_category":0},"product_brand":[],"product_cat":[12304],"product_tag":[],"class_list":{"0":"post-747361","1":"product","2":"type-product","3":"status-publish","5":"product_cat-tarih","6":"pa_cilt-ciltsiz","7":"pa_tur-kitap","8":"pa_yayinevi-iletisim-yayinlari","9":"pa_yazar-yasar-kaplan","11":"first","12":"instock","13":"sale","14":"shipping-taxable","15":"purchasable","16":"product-type-simple"},"_links":{"self":[{"href":"https:\/\/roveyayinevi.com.tr\/index.php\/wp-json\/wp\/v2\/product\/747361","targetHints":{"allow":["GET"]}}],"collection":[{"href":"https:\/\/roveyayinevi.com.tr\/index.php\/wp-json\/wp\/v2\/product"}],"about":[{"href":"https:\/\/roveyayinevi.com.tr\/index.php\/wp-json\/wp\/v2\/types\/product"}],"wp:attachment":[{"href":"https:\/\/roveyayinevi.com.tr\/index.php\/wp-json\/wp\/v2\/media?parent=747361"}],"wp:term":[{"taxonomy":"product_brand","embeddable":true,"href":"https:\/\/roveyayinevi.com.tr\/index.php\/wp-json\/wp\/v2\/product_brand?post=747361"},{"taxonomy":"product_cat","embeddable":true,"href":"https:\/\/roveyayinevi.com.tr\/index.php\/wp-json\/wp\/v2\/product_cat?post=747361"},{"taxonomy":"product_tag","embeddable":true,"href":"https:\/\/roveyayinevi.com.tr\/index.php\/wp-json\/wp\/v2\/product_tag?post=747361"}],"curies":[{"name":"wp","href":"https:\/\/api.w.org\/{rel}","templated":true}]}}