{"id":747353,"date":"2025-08-28T03:04:31","date_gmt":"2025-08-28T00:04:31","guid":{"rendered":"https:\/\/roveyayinevi.com.tr\/index.php\/urun\/hafiza-kazisi\/"},"modified":"2026-04-16T03:00:00","modified_gmt":"2026-04-16T00:00:00","slug":"hafiza-kazisi","status":"publish","type":"product","link":"https:\/\/roveyayinevi.com.tr\/index.php\/urun\/hafiza-kazisi\/","title":{"rendered":"Haf\u0131za Kaz\u0131s\u0131"},"content":{"rendered":"<p>Bilge Karasu ile Walter Benjamin aras\u0131nda bir ba\u011f olabilir mi? Birbirinden farkl\u0131 ve uzak g\u00f6r\u00fcnen bu iki isim aras\u0131nda ortak noktalar var m\u0131d\u0131r? \u0130kisini kar\u015f\u0131la\u015ft\u0131rmak m\u00fcmk\u00fcn m\u00fcd\u00fcr? Haf\u0131za Kaz\u0131s\u0131 Bilge Karasu\u2019nun La\u011f\u0131mlaranas\u0131 ya da Beyo\u011flu ba\u015fl\u0131\u011f\u0131 alt\u0131nda toplanm\u0131\u015f metinlerini Walter Benjamin\u2019in Bin Dokuz Y\u00fczlerin Ba\u015f\u0131nda Berlin\u2019de \u00c7ocukluk ve haf\u0131za ile ilgili di\u011fer metinleriyle birlikte okuyan ve Karasu\u2019nun metinlerindeki tarihsel haf\u0131za katmanlar\u0131n\u0131 ara\u015ft\u0131ran bir \u00e7al\u0131\u015fma. \u00dclker G\u00f6kberk ki\u015fisel olarak da tan\u0131m\u0131\u015f oldu\u011fu Bilge Karasu\u2019nun anlat\u0131lar\u0131nda kurmacayla birlikte var olan ger\u00e7eklik par\u00e7alar\u0131n\u0131 bulup \u00e7\u0131karmaya \u00e7al\u0131\u015f\u0131rken La\u011f\u0131mlaranas\u0131\u2019n\u0131 ki\u015fisel ve kolektif hat\u0131ralar\u0131n yans\u0131m\u0131\u015f olabilece\u011fi bir Beyo\u011flu anlat\u0131s\u0131 olarak okuyor. G\u00f6kberk \u201chaf\u0131za kaz\u0131s\u0131n\u0131\u201d ba\u011flam\u0131na oturturken Benjamin\u2019in yan\u0131 s\u0131ra Freud, Bergson, Ricoeur, Barthes gibi d\u00fc\u015f\u00fcn\u00fcrlerin geli\u015ftirdi\u011fi yakla\u015f\u0131mlardan yararlan\u0131yor, bunlara ek olarak T\u00fcrkiye\u2019nin yak\u0131n tarihinde Varl\u0131k Vergisi ve 6-7 Eyl\u00fcl Olaylar\u0131 gibi \u00f6nemli konular\u0131 ele al\u0131yor.  Walter Benjamin\u2019le diyalo\u011fa soktu\u011fu Bilge Karasu\u2019yu d\u00fcnya edebiyat\u0131n\u0131n bir par\u00e7as\u0131 olarak yorumlayan Haf\u0131za Kaz\u0131s\u0131, Karasu hakk\u0131ndaki ele\u015ftirel yaz\u0131na kapsaml\u0131 bir katk\u0131.    <\/p>\n","protected":false},"excerpt":{"rendered":"<p>Bilge Karasu ile Walter Benjamin aras\u0131nda bir ba\u011f olabilir mi? Birbirinden farkl\u0131 ve uzak g\u00f6r\u00fcnen bu iki isim aras\u0131nda ortak noktalar var m\u0131d\u0131r? \u0130kisini kar\u015f\u0131la\u015ft\u0131rmak m\u00fcmk\u00fcn<span class=\"excerpt-hellip\"> [\u2026]<\/span><\/p>\n","protected":false},"featured_media":0,"template":"","meta":{"_monsterinsights_skip_tracking":false,"_monsterinsights_sitenote_active":false,"_monsterinsights_sitenote_note":"","_monsterinsights_sitenote_category":0},"product_brand":[],"product_cat":[12325,12324],"product_tag":[],"class_list":{"0":"post-747353","1":"product","2":"type-product","3":"status-publish","5":"product_cat-diger-sosyoloji","6":"product_cat-sosyoloji","7":"pa_cilt-ciltsiz","8":"pa_tur-kitap","9":"pa_yayinevi-metis-yayinlari","10":"pa_yazar-ulker-gokberk","12":"first","13":"instock","14":"sale","15":"shipping-taxable","16":"purchasable","17":"product-type-simple"},"_links":{"self":[{"href":"https:\/\/roveyayinevi.com.tr\/index.php\/wp-json\/wp\/v2\/product\/747353","targetHints":{"allow":["GET"]}}],"collection":[{"href":"https:\/\/roveyayinevi.com.tr\/index.php\/wp-json\/wp\/v2\/product"}],"about":[{"href":"https:\/\/roveyayinevi.com.tr\/index.php\/wp-json\/wp\/v2\/types\/product"}],"wp:attachment":[{"href":"https:\/\/roveyayinevi.com.tr\/index.php\/wp-json\/wp\/v2\/media?parent=747353"}],"wp:term":[{"taxonomy":"product_brand","embeddable":true,"href":"https:\/\/roveyayinevi.com.tr\/index.php\/wp-json\/wp\/v2\/product_brand?post=747353"},{"taxonomy":"product_cat","embeddable":true,"href":"https:\/\/roveyayinevi.com.tr\/index.php\/wp-json\/wp\/v2\/product_cat?post=747353"},{"taxonomy":"product_tag","embeddable":true,"href":"https:\/\/roveyayinevi.com.tr\/index.php\/wp-json\/wp\/v2\/product_tag?post=747353"}],"curies":[{"name":"wp","href":"https:\/\/api.w.org\/{rel}","templated":true}]}}