{"id":747345,"date":"2025-08-28T03:04:21","date_gmt":"2025-08-28T00:04:21","guid":{"rendered":"https:\/\/roveyayinevi.com.tr\/index.php\/urun\/hun-imparatoru-atillanin-liderlik-sirlari\/"},"modified":"2026-04-16T02:59:59","modified_gmt":"2026-04-15T23:59:59","slug":"hun-imparatoru-atillanin-liderlik-sirlari","status":"publish","type":"product","link":"https:\/\/roveyayinevi.com.tr\/index.php\/urun\/hun-imparatoru-atillanin-liderlik-sirlari\/","title":{"rendered":"Hun \u0130mparatoru Atilla&#8217;n\u0131n Liderlik S\u0131rlar\u0131"},"content":{"rendered":"<p>Tarih kitab\u0131 yazarlar\u0131n\u0131n benimsedi\u011fi ve (e\u011fer bir siyasi e\u011filimden kaynaklanm\u0131yorsa) do\u011frulu\u011fu \u015f\u00fcpheli bak\u0131\u015f a\u00e7\u0131lar\u0131ndan farkl\u0131 bir bak\u0131\u015f a\u00e7\u0131s\u0131ndan bakarak diyebiliriz ki Atilla g\u00fcn\u00fcm\u00fczde bir giri\u015fimci, bir diplomat, bir sosyal reformcu, bir devlet adam\u0131, medeniyet timsali bir ki\u015fi, ba\u015far\u0131l\u0131 bir feldmare\u015fal ve hatta ola\u011fan\u00fcst\u00fc partilerin ev sahibi olarak tan\u0131mlanabilir. Fakat Atilla\u2019y\u0131 bu makul nitelemeler sebebiyle ya da modern \u00e7a\u011f\u0131n putla\u015fm\u0131\u015f bir kahraman\u0131 yapmak amac\u0131yla bu kitab\u0131n metaforik karakteri olarak se\u00e7medim. Kararl\u0131, b\u0131\u00e7k\u0131n, metanetli, etkileyici bir lider olarak zor g\u00f6revleri ba\u015farma cesareti g\u00f6steren ve \u00fcstesinden gelinemeyecek gibi g\u00f6r\u00fcnen kavgalara kar\u015f\u0131 boyun e\u011fmez kahramanl\u0131klar sergileyen Atilla\u2019n\u0131n dinamik hayat\u0131 ve tart\u0131\u015fmal\u0131 imaj\u0131, liderli\u011fin esaslar\u0131n\u0131n Atilla\u2019dan korkmayan ve e\u011fitsel bir yakla\u015f\u0131ma sahip yeni nesil liderlerle ili\u015fkilendirilmesi i\u00e7in \u00e7ok ilgin\u00e7 f\u0131rsatlar sunuyor. AMER\u0130KALI L\u0130DERLER\u0130N \u201cHUN \u0130MPARATORU AT\u0130LLA\u2019NIN L\u0130DERL\u0130K SIRLARI\u201d HAKKINDA S\u00d6YLED\u0130KLER\u0130   \u201cBa\u015fl\u0131k sizi yan\u0131ltmas\u0131n. Liderli\u011fe dair bu muhte\u015fem \u015faheser yerinde, ilham verici, kazan-kazan bilgeli\u011fi ile dolu. Al\u0131\u015f\u0131k olmad\u0131\u011f\u0131m\u0131z bir Atilla tasviri. Okunas\u0131 bir kitap, unutulmayacak bir eser!\u201d Denis Waitley (Doktoral\u0131)   Kazanman\u0131n Psikolojisi ve Y\u00fcceli\u011fin Tohumlar\u0131 Kitab\u0131n\u0131n Yazar\u0131  ***        \u201cSon birka\u00e7 y\u0131lda i\u015f d\u00fcnyas\u0131nda ayakta kalmaya ili\u015fkin d\u00fczinelerce kitap okudum. Atilla, di\u011ferlerinin hepsinden daha \u00e7ok bilgelik \u00f6zellikleri ta\u015f\u0131yor. Emin olun Atilla, i\u015f d\u00fcnyas\u0131n\u0131n \u00f6nemli isimlerinden Lee \u0130acocca\u2019dan bile daha etkileyici.\u201d James B. Patterson Walter Thompson A.\u015e\u2019nin CEO\u2019su ***          \u201cHUN \u0130MPARATORU AT\u0130LLA\u2019NIN L\u0130DERL\u0130K SIRLARI\u201d, ba\u015far\u0131l\u0131 bir liderli\u011fi anlamaya y\u00f6nelik bilgilerle dolu. Okuyucuya rehberlik edecek ilkelerin sunumu, nefis ve \u00f6zg\u00fcn olmu\u015f. Kitab\u0131 ben yazsayd\u0131m ba\u015fl\u0131\u011f\u0131 \u201c\u0130\u015fi Yapacak Ki\u015filerin Yard\u0131m\u0131yla \u00c7etin Bir \u0130\u015fin Yap\u0131lmas\u0131\u201d olurdu; ancak b\u00f6yle bir ba\u015fl\u0131k pek de ilgi \u00e7ekici olmazd\u0131.\u201d  R. L. Crandall Amerikan Havayollar\u0131 \u015eirketinin Y\u00f6netim Kurulu Ba\u015fkan\u0131 ve Genel M\u00fcd\u00fcr\u00fc ***  \u201cBu eser m\u00fcmk\u00fcn g\u00f6r\u00fcnmeyen ve bir o kadar da b\u00fcy\u00fcleyici bir ortamda ge\u00e7en liderlik efsanelerinden olu\u015fan bir derleme. Daha \u00f6nce \u00e7ok\u00e7a duydu\u011fumuz hik\u00e2yelerin hi\u00e7 s\u0131kmadan yeniden anlat\u0131lmas\u0131. B\u00fct\u00fcn kavimlerin ve b\u00fct\u00fcn zamanlar\u0131n liderleri i\u00e7in her daim canl\u0131, okunabilir ve manal\u0131 bir kitap.\u201d George Koopman Amerikan Roket \u015eirketinin Genel M\u00fcd\u00fcr\u00fc  ***   \u201cKesinlikle bir klasik! Okunmas\u0131 gereken bir kitap. \u0130\u015f d\u00fcnyas\u0131nda veya ba\u015fka alanlarda oldu\u011fu kadar spor alan\u0131nda da ge\u00e7erli olabilecek \u00f6nemli prensipleri kapsamaktad\u0131r.\u201d Joe Theismann Washington Redskins Tak\u0131m\u0131n\u0131n Eski Oyun Kurucusu ***   \u201cWess Roberts, Yak\u0131n arkada\u015f\u0131 Atilla\u2019n\u0131n yard\u0131m\u0131yla liderli\u011fin ilkelerini bu etkileyici eseri ke\u015ffetmek isteyen herkesin eri\u015fimine a\u00e7t\u0131. HUN \u0130MPARATORU AT\u0130LLA\u2019NIN L\u0130DERL\u0130K SIRLARI, e\u011flendirici ve bilgilendirici oldu\u011fu kadar dinlendirici de bir kitap.\u201d Victor Kiam Remington Product \u015eirketi\u2019nin CEO\u2019su ***    \u201cLiderlik g\u00f6stermenin bir ba\u015fka yolu hakk\u0131nda muhte\u015fem bir bak\u0131\u015f a\u00e7\u0131s\u0131\u2026 \u00c7ok, ama \u00e7ok etkileyici. Yazar\u0131n bir\u00e7ok fikrini kendi i\u015fimde de kullanaca\u011f\u0131m.\u201d Pat Riley Los Angeles Lakers Tak\u0131m\u0131n\u0131n Ko\u00e7u ***   \u201cHUN \u0130MPARATORU AT\u0130LLA\u2019NIN L\u0130DERL\u0130K SIRLARI, zaman i\u00e7inde kendini kan\u0131tlam\u0131\u015f liderlik esaslar\u0131n\u0131 zarif bi\u00e7imde yans\u0131t\u0131yor. G\u00fcn\u00fcm\u00fcz y\u00f6neticilerinin mutlaka okumas\u0131 gereken bu kitap, bireyleri kendi liderlik potansiyellerini anlayabilmeleri i\u00e7in harekete ge\u00e7irecektir.\u201d Dr. Ram Charan Stratejik Y\u00f6netim Kitab\u0131n\u0131n \u0130kinci Yazar\u0131, Harward Business Review Dergisi Yazarlar\u0131ndan ***   \u201cY\u00f6netim konulu kendi kitab\u0131m\u0131 bir azizin ad\u0131 ile ili\u015fkilendirme f\u0131rsat\u0131n\u0131 yakalad\u0131ktan sonra Atilla\u2019n\u0131n bu kadar bilgece ve okunas\u0131 \u00f6\u011f\u00fctler verebilece\u011fini hi\u00e7 hayal etmemi\u015ftim. Bu okunmas\u0131 \u00f6nerilen bir kitap.\u201d Norman R. Augustine Martin Marietta Ortakl\u0131\u011f\u0131n\u0131n y\u00f6netim Kurulu Ba\u015fkan\u0131 ve CEO\u2019su, Augustine Yasalar\u0131 Kitab\u0131n\u0131n Yazar\u0131    ***   \u201cYo\u011fun bir i\u00e7erik, al\u0131\u015f\u0131lmam\u0131\u015f bir yakla\u015f\u0131mla sunulmu\u015f.  Etkili liderlik becerilerini art\u0131r\u0131p geli\u015ftirmek isteyen herkese yararl\u0131 olacakt\u0131r.\u201d Nido R. Qubein Creative Services A.\u015e. Y\u00f6netim Kurulu Ba\u015fkan\u0131 ***   \u201cAtilla bug\u00fcn bile her t\u00fcrl\u00fc \u015firkette liderlik yapabilir.\u201d Andrew P. Calhoun, JR The Resource Group y\u00f6netim Kurulu Ba\u015fkan\u0131 ***      \u201cLiderli\u011fin ilkelerini derli toplu fakat al\u0131\u015fmad\u0131\u011f\u0131m\u0131z bir bi\u00e7imde \u00f6zetliyor\u2026 Dikkat \u00e7ekici\u2026 \u00dcslubu ile okumay\u0131 kolayla\u015ft\u0131r\u0131yor, hi\u00e7 s\u0131km\u0131yor.\u201d Askeri Ara\u015ft\u0131rmalar Dergisi *** \u201cDefalarca okudum; her seferinde beni daha da ayd\u0131nlatt\u0131. Bence b\u00fcy\u00fck insan topluluklar\u0131n\u0131n sorumlulu\u011funu ta\u015f\u0131yan herkesin okumas\u0131 gereken ender kitaplardan birisi.\u201d Paul H. Zalecki General Motors \u015eirketi\u2019nin Genel M\u00fcd\u00fcr Yard\u0131mc\u0131s\u0131  ***   \u201c\u0130yi ki ne\u015feli bir dil ile yaz\u0131lm\u0131\u015f. Bir \u00e7e\u015fit i\u00e7 yans\u0131mas\u0131 haline gelmi\u015f. Liderlik tekniklerinin okunabilir bir bi\u00e7imde sunman\u0131n e\u015fsiz bir yolu.\u201d Tu\u011fgeneral John C. Doc\u2019 Bahnsen Amerikan Ordusu ***   \u201cEserin sonunda verilen Atillac\u0131l\u0131k, liderli\u011fin hayat\u0131mda okudu\u011fum en iyi \u00f6zetidir. Tek ba\u015f\u0131na bu \u00f6zet bile kitaba \u00f6denen \u00fccretin kat kat \u00fczerinde de\u011ferlidir.  Liderlerin ve lider olmak isteyen herkesin bu kitab\u0131 okuyarak bir ba\u015flang\u0131\u00e7 yapmas\u0131 laz\u0131m.\u201d  Michael LeBouef (Doktoral\u0131) M\u00fc\u015fteri Kazanma ve \u00d6m\u00fcr M\u00fc\u015fteri Sahibi Olma ve D\u00fcnyadaki En \u00d6nemli Y\u00f6netim \u0130lkesi kitaplar\u0131n\u0131n Yazar\u0131 ***   \u201cAmerikal\u0131 her liderin okumas\u0131 ve ciddiye almas\u0131 gereken bir kitap. Ne s\u00f6ylersem s\u00f6yleyeyim kitab\u0131 da Atilla\u2019y\u0131 g\u00fcn \u0131\u015f\u0131\u011f\u0131na \u00e7\u0131karan yazar Wess Roberts\u2019\u0131 da yeterince \u00f6vm\u00fc\u015f olmam.\u201d Albert Lee Benim Ad\u0131m Roger kitab\u0131n\u0131n yazar\u0131   ***   \u201cLiderlik iradesine sahip ki\u015filere uzun zamand\u0131r hizmet eden liderlik ilkelerini anlatan, okuyucusunun hayal g\u00fcc\u00fcne de hitap eden, renkli bir yakla\u015f\u0131m.\u201d Kenneth Blanchard (Doktoral\u0131)   Son Dakikada Y\u00f6netici Kitab\u0131n\u0131n \u0130kinci Yazar\u0131                   G\u00f6\u00e7ebe bir k\u00fclt\u00fcrden gelen soyumun \u00fcyeleri olan Cheryl, Jaime ve Jeremy i\u00e7in\u2026 <\/p>\n","protected":false},"excerpt":{"rendered":"<p>Tarih kitab\u0131 yazarlar\u0131n\u0131n benimsedi\u011fi ve (e\u011fer bir siyasi e\u011filimden kaynaklanm\u0131yorsa) do\u011frulu\u011fu \u015f\u00fcpheli bak\u0131\u015f a\u00e7\u0131lar\u0131ndan farkl\u0131 bir bak\u0131\u015f a\u00e7\u0131s\u0131ndan bakarak diyebiliriz ki Atilla g\u00fcn\u00fcm\u00fczde bir giri\u015fimci, bir<span class=\"excerpt-hellip\"> [\u2026]<\/span><\/p>\n","protected":false},"featured_media":0,"template":"","meta":{"_monsterinsights_skip_tracking":false,"_monsterinsights_sitenote_active":false,"_monsterinsights_sitenote_note":"","_monsterinsights_sitenote_category":0},"product_brand":[],"product_cat":[12312,12304],"product_tag":[],"class_list":{"0":"post-747345","1":"product","2":"type-product","3":"status-publish","5":"product_cat-diger","6":"product_cat-tarih","7":"pa_cilt-ciltsiz","8":"pa_tur-kitap","9":"pa_yayinevi-berikan-yayinlari","10":"pa_yazar-wess-roberts-ph-d","12":"first","13":"instock","14":"sale","15":"shipping-taxable","16":"purchasable","17":"product-type-simple"},"_links":{"self":[{"href":"https:\/\/roveyayinevi.com.tr\/index.php\/wp-json\/wp\/v2\/product\/747345","targetHints":{"allow":["GET"]}}],"collection":[{"href":"https:\/\/roveyayinevi.com.tr\/index.php\/wp-json\/wp\/v2\/product"}],"about":[{"href":"https:\/\/roveyayinevi.com.tr\/index.php\/wp-json\/wp\/v2\/types\/product"}],"wp:attachment":[{"href":"https:\/\/roveyayinevi.com.tr\/index.php\/wp-json\/wp\/v2\/media?parent=747345"}],"wp:term":[{"taxonomy":"product_brand","embeddable":true,"href":"https:\/\/roveyayinevi.com.tr\/index.php\/wp-json\/wp\/v2\/product_brand?post=747345"},{"taxonomy":"product_cat","embeddable":true,"href":"https:\/\/roveyayinevi.com.tr\/index.php\/wp-json\/wp\/v2\/product_cat?post=747345"},{"taxonomy":"product_tag","embeddable":true,"href":"https:\/\/roveyayinevi.com.tr\/index.php\/wp-json\/wp\/v2\/product_tag?post=747345"}],"curies":[{"name":"wp","href":"https:\/\/api.w.org\/{rel}","templated":true}]}}