{"id":747341,"date":"2025-08-28T03:04:16","date_gmt":"2025-08-28T00:04:16","guid":{"rendered":"https:\/\/roveyayinevi.com.tr\/index.php\/urun\/alev-kuyruk-ciltli\/"},"modified":"2026-04-16T02:59:59","modified_gmt":"2026-04-15T23:59:59","slug":"alev-kuyruk-ciltli","status":"publish","type":"product","link":"https:\/\/roveyayinevi.com.tr\/index.php\/urun\/alev-kuyruk-ciltli\/","title":{"rendered":"Alev Kuyruk (Ciltli)"},"content":{"rendered":"<p>K\u0131\u015f\u0131 ge\u00e7irmek i\u00e7in annesiyle beraber ah\u015fap bir kul\u00fcbeye giden Freya, sadece annesi ve kendisi oldu\u011funda buray\u0131 so\u011fuk ve \u0131ss\u0131z buluyordu. Fakat bembeyaz bir tilkiyle kar\u015f\u0131la\u015ft\u0131ktan ve Kuzey I\u015f\u0131klar\u0131&#8217;n\u0131 ke\u015ffettikten sonra bu so\u011fuk ve \u0131ss\u0131z diyarda yaln\u0131z olmad\u0131klar\u0131n\u0131 fark etti.   Karanl\u0131kta bir \u0131\u015f\u0131k bulmak ve sevinci yeniden ke\u015ffetmeye dair umut veren bir hik\u00e2ye\u2026   Alev Kuyruk, Kuzey I\u015f\u0131klar\u0131 hakk\u0131ndaki eski bir Sami efsanesinden ilhamla ortaya \u00e7\u0131kt\u0131.   <\/p>\n","protected":false},"excerpt":{"rendered":"<p>K\u0131\u015f\u0131 ge\u00e7irmek i\u00e7in annesiyle beraber ah\u015fap bir kul\u00fcbeye giden Freya, sadece annesi ve kendisi oldu\u011funda buray\u0131 so\u011fuk ve \u0131ss\u0131z buluyordu. Fakat bembeyaz bir tilkiyle kar\u015f\u0131la\u015ft\u0131ktan ve<span class=\"excerpt-hellip\"> [\u2026]<\/span><\/p>\n","protected":false},"featured_media":0,"template":"","meta":{"_monsterinsights_skip_tracking":false,"_monsterinsights_sitenote_active":false,"_monsterinsights_sitenote_note":"","_monsterinsights_sitenote_category":0},"product_brand":[],"product_cat":[12274,12284],"product_tag":[],"class_list":{"0":"post-747341","1":"product","2":"type-product","3":"status-publish","5":"product_cat-cocuk-ve-genclik-kitaplari","6":"product_cat-hikayeler","7":"pa_cilt-ciltli","8":"pa_tur-kitap","9":"pa_yayinevi-ketebe-yayinlari","10":"pa_yazar-alexandra-page","12":"first","13":"instock","14":"sale","15":"shipping-taxable","16":"purchasable","17":"product-type-simple"},"_links":{"self":[{"href":"https:\/\/roveyayinevi.com.tr\/index.php\/wp-json\/wp\/v2\/product\/747341","targetHints":{"allow":["GET"]}}],"collection":[{"href":"https:\/\/roveyayinevi.com.tr\/index.php\/wp-json\/wp\/v2\/product"}],"about":[{"href":"https:\/\/roveyayinevi.com.tr\/index.php\/wp-json\/wp\/v2\/types\/product"}],"wp:attachment":[{"href":"https:\/\/roveyayinevi.com.tr\/index.php\/wp-json\/wp\/v2\/media?parent=747341"}],"wp:term":[{"taxonomy":"product_brand","embeddable":true,"href":"https:\/\/roveyayinevi.com.tr\/index.php\/wp-json\/wp\/v2\/product_brand?post=747341"},{"taxonomy":"product_cat","embeddable":true,"href":"https:\/\/roveyayinevi.com.tr\/index.php\/wp-json\/wp\/v2\/product_cat?post=747341"},{"taxonomy":"product_tag","embeddable":true,"href":"https:\/\/roveyayinevi.com.tr\/index.php\/wp-json\/wp\/v2\/product_tag?post=747341"}],"curies":[{"name":"wp","href":"https:\/\/api.w.org\/{rel}","templated":true}]}}