{"id":747319,"date":"2025-08-28T03:03:46","date_gmt":"2025-08-28T00:03:46","guid":{"rendered":"https:\/\/roveyayinevi.com.tr\/index.php\/urun\/bal-kabagi-gezegeni\/"},"modified":"2026-04-16T02:59:58","modified_gmt":"2026-04-15T23:59:58","slug":"bal-kabagi-gezegeni","status":"publish","type":"product","link":"https:\/\/roveyayinevi.com.tr\/index.php\/urun\/bal-kabagi-gezegeni\/","title":{"rendered":"Bal Kaba\u011f\u0131 Gezegeni"},"content":{"rendered":"<p>Teo \u00e7iftlikte eski bir tohum kutusu buldu. Kutunun i\u00e7inden bal kaba\u011f\u0131 tohumlar\u0131n\u0131 ald\u0131. Annesi I\u015f\u0131l ve babas\u0131 Niko\u2019yla birlikte tohumlar\u0131 topra\u011fa b\u0131rakt\u0131. Tohumlar b\u00fcy\u00fcrken mevsimler de\u011fi\u015fti. Teo her mevsim, \u00e7iftlikte farkl\u0131 \u015feyler g\u00f6zlemledi. \u00c7iftlik art\u0131k Teo\u2019nun gezegeniydi. D\u00f6rt mevsim dolusu hik\u00e2ye ve bal kabaklar\u0131yla dolu bir gezegen. <\/p>\n","protected":false},"excerpt":{"rendered":"<p>Teo \u00e7iftlikte eski bir tohum kutusu buldu. Kutunun i\u00e7inden bal kaba\u011f\u0131 tohumlar\u0131n\u0131 ald\u0131. Annesi I\u015f\u0131l ve babas\u0131 Niko\u2019yla birlikte tohumlar\u0131 topra\u011fa b\u0131rakt\u0131. Tohumlar b\u00fcy\u00fcrken mevsimler de\u011fi\u015fti.<span class=\"excerpt-hellip\"> [\u2026]<\/span><\/p>\n","protected":false},"featured_media":0,"template":"","meta":{"_monsterinsights_skip_tracking":false,"_monsterinsights_sitenote_active":false,"_monsterinsights_sitenote_note":"","_monsterinsights_sitenote_category":0},"product_brand":[],"product_cat":[12689,12274],"product_tag":[],"class_list":{"0":"post-747319","1":"product","2":"type-product","3":"status-publish","5":"product_cat-cizgi-roman-cocuk-ve-genclik-kitaplari","6":"product_cat-cocuk-ve-genclik-kitaplari","7":"pa_cilt-ciltsiz","8":"pa_tur-kitap","9":"pa_yayinevi-potikare-yayincilik","10":"pa_yazar-isil-bayraktar-zuhal-ozer","12":"first","13":"instock","14":"sale","15":"shipping-taxable","16":"purchasable","17":"product-type-simple"},"_links":{"self":[{"href":"https:\/\/roveyayinevi.com.tr\/index.php\/wp-json\/wp\/v2\/product\/747319","targetHints":{"allow":["GET"]}}],"collection":[{"href":"https:\/\/roveyayinevi.com.tr\/index.php\/wp-json\/wp\/v2\/product"}],"about":[{"href":"https:\/\/roveyayinevi.com.tr\/index.php\/wp-json\/wp\/v2\/types\/product"}],"wp:attachment":[{"href":"https:\/\/roveyayinevi.com.tr\/index.php\/wp-json\/wp\/v2\/media?parent=747319"}],"wp:term":[{"taxonomy":"product_brand","embeddable":true,"href":"https:\/\/roveyayinevi.com.tr\/index.php\/wp-json\/wp\/v2\/product_brand?post=747319"},{"taxonomy":"product_cat","embeddable":true,"href":"https:\/\/roveyayinevi.com.tr\/index.php\/wp-json\/wp\/v2\/product_cat?post=747319"},{"taxonomy":"product_tag","embeddable":true,"href":"https:\/\/roveyayinevi.com.tr\/index.php\/wp-json\/wp\/v2\/product_tag?post=747319"}],"curies":[{"name":"wp","href":"https:\/\/api.w.org\/{rel}","templated":true}]}}