{"id":747278,"date":"2025-08-28T03:02:49","date_gmt":"2025-08-28T00:02:49","guid":{"rendered":"https:\/\/roveyayinevi.com.tr\/index.php\/urun\/cennet-bankerleri-islami-finansin-gizli-dunyasi\/"},"modified":"2026-04-16T02:59:55","modified_gmt":"2026-04-15T23:59:55","slug":"cennet-bankerleri-islami-finansin-gizli-dunyasi","status":"publish","type":"product","link":"https:\/\/roveyayinevi.com.tr\/index.php\/urun\/cennet-bankerleri-islami-finansin-gizli-dunyasi\/","title":{"rendered":"Cennet Bankerleri: \u0130slami Finans\u0131n Gizli D\u00fcnyas\u0131"},"content":{"rendered":"<p>Trilyon dolarl\u0131k bir hacme ula\u015fan k\u00fcresel finans sekt\u00f6r\u00fc ekonomiye y\u00f6n verirken \u0130slami h\u00fck\u00fcmet ve kurulu\u015flar da finansal ara\u00e7 ve uygulamalar\u0131n\u0131, \u0130slami hukukun yasalar\u0131na uygun olarak \u015fekillendirmektedir. Bununla birlikte, g\u00fcn\u00fcm\u00fcz Bat\u0131 finans d\u00fcnyas\u0131nda da alternatif aray\u0131\u015flar g\u00f6r\u00fclmekte ve konvansiyonel finans sekt\u00f6r\u00fcnde ya\u015fanan \u00e7e\u015fitli krizler, \u0130slami finans\u0131 giderek daha \u00f6n plana \u00e7\u0131karmaktad\u0131r.   Din\u00ee kaideleri esas alan \u0130slami finans, k\u00fcreselle\u015fen ve kapitalizm k\u00f6kenli, devasa bir end\u00fcstri kar\u015f\u0131s\u0131nda ne derece ba\u015far\u0131l\u0131 olabilir? Bat\u0131\u2019n\u0131n artan ilgisi kar\u015f\u0131s\u0131nda esas ald\u0131\u011f\u0131 ilkelerden \u00f6d\u00fcn vermek zorunda kal\u0131r m\u0131? Modern d\u00fcnyada, sosyal ve ekonomik adalet idealini ger\u00e7ekle\u015ftirmek hususunda ne kadar ba\u015far\u0131l\u0131 olabilir? \u0130slami finans d\u00fcnyas\u0131n\u0131n \u00f6nde gelen isimlerinden Harris \u0130rfan, Cennet Bankerleri\u2019nde bu gibi sorulara yan\u0131t aramakta, ayr\u0131ca \u0130slami finans\u0131n gelece\u011fi hakk\u0131nda ufuk a\u00e7\u0131c\u0131 perspektifler sunmaktad\u0131r.<\/p>\n","protected":false},"excerpt":{"rendered":"<p>Trilyon dolarl\u0131k bir hacme ula\u015fan k\u00fcresel finans sekt\u00f6r\u00fc ekonomiye y\u00f6n verirken \u0130slami h\u00fck\u00fcmet ve kurulu\u015flar da finansal ara\u00e7 ve uygulamalar\u0131n\u0131, \u0130slami hukukun yasalar\u0131na uygun olarak \u015fekillendirmektedir.<span class=\"excerpt-hellip\"> [\u2026]<\/span><\/p>\n","protected":false},"featured_media":0,"template":"","meta":{"_monsterinsights_skip_tracking":false,"_monsterinsights_sitenote_active":false,"_monsterinsights_sitenote_note":"","_monsterinsights_sitenote_category":0},"product_brand":[],"product_cat":[17249,13043],"product_tag":[],"class_list":{"0":"post-747278","1":"product","2":"type-product","3":"status-publish","5":"product_cat-borsa-finans","6":"product_cat-ekonomi","7":"pa_cilt-ciltsiz","8":"pa_tur-kitap","9":"pa_yayinevi-albaraka-yayinlari","10":"pa_yazar-harris-irfan","12":"first","13":"instock","14":"sale","15":"shipping-taxable","16":"purchasable","17":"product-type-simple"},"_links":{"self":[{"href":"https:\/\/roveyayinevi.com.tr\/index.php\/wp-json\/wp\/v2\/product\/747278","targetHints":{"allow":["GET"]}}],"collection":[{"href":"https:\/\/roveyayinevi.com.tr\/index.php\/wp-json\/wp\/v2\/product"}],"about":[{"href":"https:\/\/roveyayinevi.com.tr\/index.php\/wp-json\/wp\/v2\/types\/product"}],"wp:attachment":[{"href":"https:\/\/roveyayinevi.com.tr\/index.php\/wp-json\/wp\/v2\/media?parent=747278"}],"wp:term":[{"taxonomy":"product_brand","embeddable":true,"href":"https:\/\/roveyayinevi.com.tr\/index.php\/wp-json\/wp\/v2\/product_brand?post=747278"},{"taxonomy":"product_cat","embeddable":true,"href":"https:\/\/roveyayinevi.com.tr\/index.php\/wp-json\/wp\/v2\/product_cat?post=747278"},{"taxonomy":"product_tag","embeddable":true,"href":"https:\/\/roveyayinevi.com.tr\/index.php\/wp-json\/wp\/v2\/product_tag?post=747278"}],"curies":[{"name":"wp","href":"https:\/\/api.w.org\/{rel}","templated":true}]}}