{"id":747274,"date":"2025-08-28T03:02:45","date_gmt":"2025-08-28T00:02:45","guid":{"rendered":"https:\/\/roveyayinevi.com.tr\/index.php\/urun\/suheyl-unverin-defter-i-mesahirleri\/"},"modified":"2026-04-16T02:59:55","modified_gmt":"2026-04-15T23:59:55","slug":"suheyl-unverin-defter-i-mesahirleri","status":"publish","type":"product","link":"https:\/\/roveyayinevi.com.tr\/index.php\/urun\/suheyl-unverin-defter-i-mesahirleri\/","title":{"rendered":"S\u00fcheyl \u00dcnver\u2019in Defter-i Me\u015fahirleri"},"content":{"rendered":"<p>B\u00fcy\u00fck \u00e7apl\u0131 k\u00fclt\u00fcrel de\u011fi\u015fim ve d\u00f6n\u00fc\u015f\u00fcmlerin ya\u015fand\u0131\u011f\u0131 1920\u2019lerin \u0130stanbul\u2019unda, say\u0131lar\u0131 g\u00fcnden g\u00fcne azalan eski ku\u015faktan zevata dair hat\u0131ralar\u0131 kayda ge\u00e7irmek amac\u0131yla bir\u00e7ok ki\u015finin defter-i me\u015f\u00e2hir tuttu\u011fu bilinir&#8230; S\u00fcheyl \u00dcnver de e\u011fitiminin yan\u0131 s\u0131ra sanat\u00e7\u0131 ki\u015fili\u011finin ve \u015fahsiyetinin olu\u015ftu\u011fu ayn\u0131 y\u0131llarda bir\u00e7ok konuda defterler tutarken, defter-i me\u015f\u00e2hire de birka\u00e7 kez te\u015febb\u00fcs etmi\u015ftir. S\u00fcleymaniye K\u00fct\u00fcphanesi\u2019ndeki ar\u015fivinde be\u015f defter tespit ettik; ilk d\u00f6rt defter 1918-1922 y\u0131llar\u0131 aras\u0131nda, S\u00fcheyl Hoca\u2019n\u0131n 20\u2019li ya\u015flar\u0131n\u0131n ve kariyerinin ilk y\u0131llar\u0131nda tuttu\u011fu defterler. Be\u015finci ve son defterde ise 1948\u2019de 50 ya\u015f\u0131nda ve kariyerinin zirvesinde olan S\u00fcheyl \u00dcnver, bu kez \u00e7evresinde g\u00f6r\u00fc\u015ft\u00fc\u011f\u00fc, ahbapl\u0131k etti\u011fi 100 ki\u015finin sadece imzalar\u0131n\u0131 toplam\u0131\u015ft\u0131r.<\/p>\n","protected":false},"excerpt":{"rendered":"<p>B\u00fcy\u00fck \u00e7apl\u0131 k\u00fclt\u00fcrel de\u011fi\u015fim ve d\u00f6n\u00fc\u015f\u00fcmlerin ya\u015fand\u0131\u011f\u0131 1920\u2019lerin \u0130stanbul\u2019unda, say\u0131lar\u0131 g\u00fcnden g\u00fcne azalan eski ku\u015faktan zevata dair hat\u0131ralar\u0131 kayda ge\u00e7irmek amac\u0131yla bir\u00e7ok ki\u015finin defter-i me\u015f\u00e2hir tuttu\u011fu<span class=\"excerpt-hellip\"> [\u2026]<\/span><\/p>\n","protected":false},"featured_media":0,"template":"","meta":{"_monsterinsights_skip_tracking":false,"_monsterinsights_sitenote_active":false,"_monsterinsights_sitenote_note":"","_monsterinsights_sitenote_category":0},"product_brand":[],"product_cat":[44608,12408],"product_tag":[],"class_list":{"0":"post-747274","1":"product","2":"type-product","3":"status-publish","5":"product_cat-diger-sanat","6":"product_cat-sanat","7":"pa_cilt-ciltsiz","8":"pa_tur-kitap","9":"pa_yayinevi-albaraka-yayinlari","10":"pa_yazar-kolektif","12":"first","13":"instock","14":"sale","15":"shipping-taxable","16":"purchasable","17":"product-type-simple"},"_links":{"self":[{"href":"https:\/\/roveyayinevi.com.tr\/index.php\/wp-json\/wp\/v2\/product\/747274","targetHints":{"allow":["GET"]}}],"collection":[{"href":"https:\/\/roveyayinevi.com.tr\/index.php\/wp-json\/wp\/v2\/product"}],"about":[{"href":"https:\/\/roveyayinevi.com.tr\/index.php\/wp-json\/wp\/v2\/types\/product"}],"wp:attachment":[{"href":"https:\/\/roveyayinevi.com.tr\/index.php\/wp-json\/wp\/v2\/media?parent=747274"}],"wp:term":[{"taxonomy":"product_brand","embeddable":true,"href":"https:\/\/roveyayinevi.com.tr\/index.php\/wp-json\/wp\/v2\/product_brand?post=747274"},{"taxonomy":"product_cat","embeddable":true,"href":"https:\/\/roveyayinevi.com.tr\/index.php\/wp-json\/wp\/v2\/product_cat?post=747274"},{"taxonomy":"product_tag","embeddable":true,"href":"https:\/\/roveyayinevi.com.tr\/index.php\/wp-json\/wp\/v2\/product_tag?post=747274"}],"curies":[{"name":"wp","href":"https:\/\/api.w.org\/{rel}","templated":true}]}}