{"id":747262,"date":"2025-08-28T03:02:31","date_gmt":"2025-08-28T00:02:31","guid":{"rendered":"https:\/\/roveyayinevi.com.tr\/index.php\/urun\/bana-bir-hikaye-anlat\/"},"modified":"2026-04-16T02:59:54","modified_gmt":"2026-04-15T23:59:54","slug":"bana-bir-hikaye-anlat","status":"publish","type":"product","link":"https:\/\/roveyayinevi.com.tr\/index.php\/urun\/bana-bir-hikaye-anlat\/","title":{"rendered":"Bana Bir Hikaye Anlat"},"content":{"rendered":"<p>\u201cHik\u00e2ye anlat\u0131m\u0131 hi\u00e7 \u015f\u00fcphesiz dinleyicinin zihninde bilgi veya fikirlerin izini b\u0131rakman\u0131n en iyi yoludur. Bu kitap, hik\u00e2ye anlat\u0131m\u0131n\u0131n anahtar bir e\u011fitim arac\u0131 olarak kullan\u0131m\u0131n\u0131n te\u015fvikine yard\u0131mc\u0131 olacakt\u0131r.\u201d \u2014Dr. Jane Goodall, DBE, Jane Goodall Enstit\u00fcs\u00fc\u2019n\u00fcn kurucusu ve BM bar\u0131\u015f el\u00e7isi \u201cBu kitap sizi usul usul heyecanland\u0131racak ve \u00e7ocuklar\u0131n\u0131zla aran\u0131zda derinden bir ba\u011f kuracak. Sizlerde \u2018Ben bunu yapabilirim,\u2019 hissini uyand\u0131racak.\u201d \u2014Kim John Payne, Aile Dan\u0131\u015fman\u0131 ve Daha Sade Bir Hayat\u2019\u0131n \u00e7oksatan yazar\u0131 \u201cEn iyi hik\u00e2yeler bizi en derinden tan\u0131yan insanlar taraf\u0131ndan anlat\u0131l\u0131r. Bu konuda \u00f6zg\u00fcven eksikli\u011fi duyuyorsan\u0131z size yard\u0131mc\u0131 olacak pek \u00e7ok \u015fey bu kitapta mevcut.\u201d \u2014Steve Biddulph, Mutlu \u00c7ocuk Yeti\u015ftirmenin S\u0131rlar\u0131 kitab\u0131n\u0131n New York Times \u00e7oksatan yazar\u0131 \u201cBir kitap nas\u0131l bu kadar \u015fahane olabilir! \u0130nsanlar, d\u00fcnyay\u0131 \u00f6ncelikle hik\u00e2yeler arac\u0131l\u0131\u011f\u0131yla anlar, bu da sevdi\u011finiz miniklerin d\u00fcnyas\u0131n\u0131 birazc\u0131k hayal ve bol bol sevgiyle \u015fekillendirebilece\u011finiz anlam\u0131na geliyor.\u201d \u2014Bill McKibben, \u00c7evreci ve Do\u011fan\u0131n Sonu\u2019nun New York Times \u00e7oksatan yazar\u0131 \u201c\u0130li\u015fkilerde yoksulluk, g\u00fcnl\u00fck hayatta stres ve travman\u0131n oldu\u011fu bug\u00fcnlerde hik\u00e2ye anlat\u0131m\u0131 ba\u011f kurmay\u0131, \u00fcmidi, iyile\u015fmeyi ve direnci destekleyen her ebeveyn, \u00f6\u011fretmen veya dan\u0131\u015fman i\u00e7in eri\u015filebilir bir y\u00f6ntem olarak kabul ediliyor. Silke ile Joe bu \u00f6nemli hediyeyi kendilerine ait hik\u00e2yeler, atalar\u0131ndan kalma masallar ve \u00f6\u011fretilerle sunuyor.\u201d \u2014Fr. Richard Rohr, Lisansl\u0131 Klinik Sosyal Hizmetler Uzman\u0131 ve \u00c7ocuk Terapisti   SILKE ROSE WEST: Otuz y\u0131l\u0131 a\u015fk\u0131n s\u00fcredir anaokulu \u00f6\u011frencilerini e\u011fitmi\u015f, Waldorf metodunda tecr\u00fcbe sahibi bir Waldorf \u00f6\u011fretmenidir. Taos Waldorf Okulu\u2019nu 1995 y\u0131l\u0131nda kurmu\u015ftur ve g\u00fcn\u00fcm\u00fczde de Taos Earth Children isimli, ormanda yer alan ba\u011f\u0131ms\u0131z bir anaokulunu i\u015fletmektedir. Taos\u2019ta yapt\u0131\u011f\u0131 kukla g\u00f6sterileri, anlatt\u0131\u011f\u0131 hik\u00e2yeler ve \u00fclke \u00e7ap\u0131nda \u00e7e\u015fitli \u00f6\u011fretmenlerle ve okullarla g\u00f6r\u00fc\u015f al\u0131\u015fveri\u015finde bulunmas\u0131yla bilinir.   JOSEPH SAROSY: Bir ile \u00fc\u00e7\u00fcnc\u00fc s\u0131n\u0131flar\u0131 b\u00fcnyesinde bar\u0131nd\u0131ran ve a\u00e7\u0131k havada e\u011fitim veren bir okul olan The Juniper School\u2019un kurucusudur. Fatherly dergisinde serbest zamanl\u0131 yazarl\u0131k yapmaktad\u0131r ve 2019 y\u0131l\u0131nda ayn\u0131 y\u0131l NIEA \u00d6d\u00fclleri\u2019nin finalisti olan A Father\u2019s Life [Bir Baban\u0131n Ya\u015fam\u0131] kitab\u0131n\u0131 herhangi bir yay\u0131nevinin yard\u0131m\u0131 olmaks\u0131z\u0131n yay\u0131mlam\u0131\u015ft\u0131r. B\u00f6lgesindeki erkeklerle ve babalarla \u00e7al\u0131\u015fmaktad\u0131r ve dikkati \u00fclkedeki takdire \u015fayan babalara \u00e7ekmek i\u00e7in #greatdad kampanyas\u0131n\u0131 ba\u015flatm\u0131\u015ft\u0131r. The Storytelling Loop [Hi\u00e2ye Anlatma D\u00f6ng\u00fcs\u00fc] adl\u0131 blo\u011fu d\u00fcnya \u00e7ap\u0131nda 70 binden fazla insan taraf\u0131ndan okunmu\u015ftur. Ba\u011flant\u0131da kalmak i\u00e7in HowToTellStoriesToChildren.com sayfas\u0131n\u0131 ziyaret ediniz.<\/p>\n","protected":false},"excerpt":{"rendered":"<p>\u201cHik\u00e2ye anlat\u0131m\u0131 hi\u00e7 \u015f\u00fcphesiz dinleyicinin zihninde bilgi veya fikirlerin izini b\u0131rakman\u0131n en iyi yoludur. Bu kitap, hik\u00e2ye anlat\u0131m\u0131n\u0131n anahtar bir e\u011fitim arac\u0131 olarak kullan\u0131m\u0131n\u0131n te\u015fvikine yard\u0131mc\u0131<span class=\"excerpt-hellip\"> [\u2026]<\/span><\/p>\n","protected":false},"featured_media":0,"template":"","meta":{"_monsterinsights_skip_tracking":false,"_monsterinsights_sitenote_active":false,"_monsterinsights_sitenote_note":"","_monsterinsights_sitenote_category":0},"product_brand":[],"product_cat":[13072,12291],"product_tag":[],"class_list":{"0":"post-747262","1":"product","2":"type-product","3":"status-publish","5":"product_cat-arastirma-inceleme-referans","6":"product_cat-edebiyat","7":"pa_cilt-ciltsiz","8":"pa_tur-kitap","9":"pa_yayinevi-dusbaz-kitaplar","10":"pa_yazar-silke-rose-west-joseph-sarosy","12":"first","13":"instock","14":"sale","15":"shipping-taxable","16":"purchasable","17":"product-type-simple"},"_links":{"self":[{"href":"https:\/\/roveyayinevi.com.tr\/index.php\/wp-json\/wp\/v2\/product\/747262","targetHints":{"allow":["GET"]}}],"collection":[{"href":"https:\/\/roveyayinevi.com.tr\/index.php\/wp-json\/wp\/v2\/product"}],"about":[{"href":"https:\/\/roveyayinevi.com.tr\/index.php\/wp-json\/wp\/v2\/types\/product"}],"wp:attachment":[{"href":"https:\/\/roveyayinevi.com.tr\/index.php\/wp-json\/wp\/v2\/media?parent=747262"}],"wp:term":[{"taxonomy":"product_brand","embeddable":true,"href":"https:\/\/roveyayinevi.com.tr\/index.php\/wp-json\/wp\/v2\/product_brand?post=747262"},{"taxonomy":"product_cat","embeddable":true,"href":"https:\/\/roveyayinevi.com.tr\/index.php\/wp-json\/wp\/v2\/product_cat?post=747262"},{"taxonomy":"product_tag","embeddable":true,"href":"https:\/\/roveyayinevi.com.tr\/index.php\/wp-json\/wp\/v2\/product_tag?post=747262"}],"curies":[{"name":"wp","href":"https:\/\/api.w.org\/{rel}","templated":true}]}}