{"id":747254,"date":"2025-08-28T03:02:23","date_gmt":"2025-08-28T00:02:23","guid":{"rendered":"https:\/\/roveyayinevi.com.tr\/index.php\/urun\/bas-pedala-luna\/"},"modified":"2026-04-16T02:59:54","modified_gmt":"2026-04-15T23:59:54","slug":"bas-pedala-luna","status":"publish","type":"product","link":"https:\/\/roveyayinevi.com.tr\/index.php\/urun\/bas-pedala-luna\/","title":{"rendered":"Bas Pedala Luna"},"content":{"rendered":"<p>Bazen kaybolmak, kendini bulmakt\u0131r. Ne\u015feli \u00fcslubuyla ve farkl\u0131 k\u00fclt\u00fcrleri bulu\u015fturdu\u011fu \u00e7ocuk ve gen\u00e7lik kitaplar\u0131yla sevilen Hacer K\u0131lc\u0131o\u011flu, okurunu bu kez bir bisiklet grubunun pe\u015finden Kosova&#8217;ya g\u00f6t\u00fcr\u00fcyor. Ke\u015fif ruhu, yard\u0131mla\u015fma ve g\u00fcven duygular\u0131yla \u00f6r\u00fcl\u00fc roman, s\u00fcrprizlerle dolu bir maceray\u0131 k\u00fc\u00e7\u00fck kahraman\u0131n\u0131n g\u00f6z\u00fcnden anlat\u0131yor. Ak\u0131c\u0131 diyaloglar\u0131 ve \u00f6zg\u00fcn karakterleriyle dikkati \u00e7ekerken, ileti\u015fim ve \u00f6nyarg\u0131lar \u00fczerine d\u00fc\u015f\u00fcnd\u00fcr\u00fcyor. Her ya\u015ftan okura, farkl\u0131l\u0131klarla kucakla\u015fman\u0131n, ayn\u0131 D\u00fcnya&#8217;ya ait oldu\u011fumuzun sevincini duyumsat\u0131yor.Luna, arkada\u015flar\u0131 Yi\u011fit, \u0130pek ve Atakan&#8217;la U\u00e7an Ku\u015flar bisiklet grubunu kurmu\u015ftur. Babas\u0131ndan zar zor izin kopar\u0131p, annesiyle birlikte ta Kosova&#8217;da yap\u0131lan bir bisiklet turuna kat\u0131l\u0131r. Ana k\u0131z, ba\u015fka bir \u00fclkeyi, oran\u0131n \u015fark\u0131lar\u0131n\u0131, yemeklerini ke\u015ffetmenin heyecan\u0131yla pedal \u00e7evirirler. Tabii, gruptan ayr\u0131l\u0131p kaybolduklar\u0131 \u00e2na dek&#8230; Annesi yard\u0131m aramaya gidince yaln\u0131z kalan Luna&#8217;n\u0131n yan\u0131nda babas\u0131n\u0131n s\u00f6zleri, arkada\u015flar\u0131yla an\u0131lar\u0131 ve g\u00fcnl\u00fc\u011f\u00fc kal\u0131r sadece&#8230;   <\/p>\n","protected":false},"excerpt":{"rendered":"<p>Bazen kaybolmak, kendini bulmakt\u0131r. Ne\u015feli \u00fcslubuyla ve farkl\u0131 k\u00fclt\u00fcrleri bulu\u015fturdu\u011fu \u00e7ocuk ve gen\u00e7lik kitaplar\u0131yla sevilen Hacer K\u0131lc\u0131o\u011flu, okurunu bu kez bir bisiklet grubunun pe\u015finden Kosova&#8217;ya g\u00f6t\u00fcr\u00fcyor.<span class=\"excerpt-hellip\"> [\u2026]<\/span><\/p>\n","protected":false},"featured_media":0,"template":"","meta":{"_monsterinsights_skip_tracking":false,"_monsterinsights_sitenote_active":false,"_monsterinsights_sitenote_note":"","_monsterinsights_sitenote_category":0},"product_brand":[],"product_cat":[12274,12284],"product_tag":[],"class_list":{"0":"post-747254","1":"product","2":"type-product","3":"status-publish","5":"product_cat-cocuk-ve-genclik-kitaplari","6":"product_cat-hikayeler","7":"pa_cilt-ciltsiz","8":"pa_tur-kitap","9":"pa_yayinevi-gunisigi-kitapligi","10":"pa_yazar-hacer-kilcioglu","12":"first","13":"instock","14":"sale","15":"shipping-taxable","16":"purchasable","17":"product-type-simple"},"_links":{"self":[{"href":"https:\/\/roveyayinevi.com.tr\/index.php\/wp-json\/wp\/v2\/product\/747254","targetHints":{"allow":["GET"]}}],"collection":[{"href":"https:\/\/roveyayinevi.com.tr\/index.php\/wp-json\/wp\/v2\/product"}],"about":[{"href":"https:\/\/roveyayinevi.com.tr\/index.php\/wp-json\/wp\/v2\/types\/product"}],"wp:attachment":[{"href":"https:\/\/roveyayinevi.com.tr\/index.php\/wp-json\/wp\/v2\/media?parent=747254"}],"wp:term":[{"taxonomy":"product_brand","embeddable":true,"href":"https:\/\/roveyayinevi.com.tr\/index.php\/wp-json\/wp\/v2\/product_brand?post=747254"},{"taxonomy":"product_cat","embeddable":true,"href":"https:\/\/roveyayinevi.com.tr\/index.php\/wp-json\/wp\/v2\/product_cat?post=747254"},{"taxonomy":"product_tag","embeddable":true,"href":"https:\/\/roveyayinevi.com.tr\/index.php\/wp-json\/wp\/v2\/product_tag?post=747254"}],"curies":[{"name":"wp","href":"https:\/\/api.w.org\/{rel}","templated":true}]}}