{"id":747250,"date":"2025-08-28T03:02:18","date_gmt":"2025-08-28T00:02:18","guid":{"rendered":"https:\/\/roveyayinevi.com.tr\/index.php\/urun\/har-2\/"},"modified":"2026-04-16T02:59:53","modified_gmt":"2026-04-15T23:59:53","slug":"har-2","status":"publish","type":"product","link":"https:\/\/roveyayinevi.com.tr\/index.php\/urun\/har-2\/","title":{"rendered":"Har"},"content":{"rendered":"<p>Sorgulaman\u0131n, affetmenin, kabul etmenin insan\u0131 yaralayan yan\u0131na dokunuyor \u00f6nce Har. Sonra t\u00fcm bu \u00e7aban\u0131n insan \u00f6mr\u00fcnde ba\u015fka kap\u0131lar a\u00e7t\u0131\u011f\u0131n\u0131 ve bu sayede insan\u0131n kendini buldu\u011funu s\u00f6ylerken ge\u00e7mi\u015fin ve bug\u00fcn\u00fcn \u00f6z ele\u015ftirisini yaparak herkese \u00e7a\u011fr\u0131da bulunuyor. Sabr\u0131 ve gayreti \u00f6\u011f\u00fctl\u00fcyor Har \u00f6\u011freneceklerimiz daha bitmedi derken\u2026 \u201cEn ba\u015f\u0131na d\u00f6n\u00fcyor insan. \u0130lk sevdi\u011fi ana, ilk k\u0131r\u0131ld\u0131\u011f\u0131 ki\u015fiye, biri i\u00e7in ak\u0131tt\u0131\u011f\u0131 ilk g\u00f6zya\u015f\u0131na&#8230; Sonra \u00e7aresiz geri d\u00f6n\u00fcyor hi\u00e7 bitmeyen ama su gibi ak\u0131p giden zamana. Berrakl\u0131\u011f\u0131n\u0131 kaybetmi\u015f suda kendime bakar oldum. Sahi suyu kim kirletti? An\u0131lar\u0131m m\u0131 ak\u0131p d\u00f6k\u00fcld\u00fc g\u00f6zya\u015flar\u0131mla? Yoksa g\u00f6ky\u00fcz\u00fc m\u00fc karanl\u0131k? An\u0131lar\u0131m m\u0131 ak\u0131p d\u00f6k\u00fcld\u00fc g\u00f6zya\u015flar\u0131mla? Yoksa g\u00f6ky\u00fcz\u00fc m\u00fc karanl\u0131k? Neden \u00f6n\u00fcm\u00fc g\u00f6remiyorum? Ben&#8230;\u201d <\/p>\n","protected":false},"excerpt":{"rendered":"<p>Sorgulaman\u0131n, affetmenin, kabul etmenin insan\u0131 yaralayan yan\u0131na dokunuyor \u00f6nce Har. Sonra t\u00fcm bu \u00e7aban\u0131n insan \u00f6mr\u00fcnde ba\u015fka kap\u0131lar a\u00e7t\u0131\u011f\u0131n\u0131 ve bu sayede insan\u0131n kendini buldu\u011funu s\u00f6ylerken<span class=\"excerpt-hellip\"> [\u2026]<\/span><\/p>\n","protected":false},"featured_media":0,"template":"","meta":{"_monsterinsights_skip_tracking":false,"_monsterinsights_sitenote_active":false,"_monsterinsights_sitenote_note":"","_monsterinsights_sitenote_category":0},"product_brand":[],"product_cat":[12291,12711],"product_tag":[],"class_list":{"0":"post-747250","1":"product","2":"type-product","3":"status-publish","5":"product_cat-edebiyat","6":"product_cat-roman-oyku","7":"pa_cilt-ciltsiz","8":"pa_tur-kitap","9":"pa_yayinevi-kitap-muptelasi-yayinlari","10":"pa_yazar-kavin-inci-geckil","12":"first","13":"instock","14":"sale","15":"shipping-taxable","16":"purchasable","17":"product-type-simple"},"_links":{"self":[{"href":"https:\/\/roveyayinevi.com.tr\/index.php\/wp-json\/wp\/v2\/product\/747250","targetHints":{"allow":["GET"]}}],"collection":[{"href":"https:\/\/roveyayinevi.com.tr\/index.php\/wp-json\/wp\/v2\/product"}],"about":[{"href":"https:\/\/roveyayinevi.com.tr\/index.php\/wp-json\/wp\/v2\/types\/product"}],"wp:attachment":[{"href":"https:\/\/roveyayinevi.com.tr\/index.php\/wp-json\/wp\/v2\/media?parent=747250"}],"wp:term":[{"taxonomy":"product_brand","embeddable":true,"href":"https:\/\/roveyayinevi.com.tr\/index.php\/wp-json\/wp\/v2\/product_brand?post=747250"},{"taxonomy":"product_cat","embeddable":true,"href":"https:\/\/roveyayinevi.com.tr\/index.php\/wp-json\/wp\/v2\/product_cat?post=747250"},{"taxonomy":"product_tag","embeddable":true,"href":"https:\/\/roveyayinevi.com.tr\/index.php\/wp-json\/wp\/v2\/product_tag?post=747250"}],"curies":[{"name":"wp","href":"https:\/\/api.w.org\/{rel}","templated":true}]}}