{"id":747245,"date":"2025-08-28T03:02:12","date_gmt":"2025-08-28T00:02:12","guid":{"rendered":"https:\/\/roveyayinevi.com.tr\/index.php\/urun\/bir-kucak-cicek-bir-haydut-kus-ve-diger-hikayeler\/"},"modified":"2026-04-16T02:59:53","modified_gmt":"2026-04-15T23:59:53","slug":"bir-kucak-cicek-bir-haydut-kus-ve-diger-hikayeler","status":"publish","type":"product","link":"https:\/\/roveyayinevi.com.tr\/index.php\/urun\/bir-kucak-cicek-bir-haydut-kus-ve-diger-hikayeler\/","title":{"rendered":"Bir Kucak \u00c7i\u00e7ek &amp; Bir Haydut Ku\u015f ve Di\u011fer Hikayeler"},"content":{"rendered":"<p>\u201cArkas\u0131 \u00fcst\u00fc yatt\u0131m, ku\u015fu seyretmeye ba\u015flad\u0131m. Nas\u0131l da kanatlar\u0131n\u0131 oynatmadan havada d\u00f6n\u00fcyor da d\u00f6n\u00fcyor!.. Bizi, b\u00fct\u00fcn k\u0131rlar\u0131 seyrediyor. Ben bu ku\u015fun yerinde olsam, hi\u00e7 bu bo\u015f k\u0131rlarda dola\u015fmaz, b\u00fct\u00fcn memleketleri gezerdim. Her g\u00fcn ba\u015fka bir \u00fclke seyrederdim. Bu bo\u015f k\u0131rlarda g\u00f6recek ne var? Halil K\u00e2hyan\u0131n koyunlar\u0131 g\u00f6r\u00fcn\u00fcyor. S\u0131\u011f\u0131rlar \u015fehre d\u00f6n\u00fcyor. Daha uzaklarda ba\u015fka bir \u015fey yok! Ama belki y\u00fcksekten ba\u015fka \u015feyler de g\u00f6r\u00fcn\u00fcr.\u201d                                                                                                                       Bir Haydut Ku\u015f Memduh \u015eevket Esendal, T\u00fcrk siyasi tarihinin oldu\u011fu kadar T\u00fcrk edebiyat\u0131n\u0131n da \u00f6nemli isimlerinden birisidir. \u00c7e\u015fitli isimlerle ve mahlaslarda, bamba\u015fka co\u011frafyalarda ve \u015fartlarda yazd\u0131\u011f\u0131 hik\u00e2yeleri, Erken Cumhuriyet D\u00f6nemi hik\u00e2yecili\u011finin yap\u0131 ta\u015flar\u0131ndand\u0131r. Nahif, sade, i\u00e7tenlikli bir dil ve \u00fcslupla yaz\u0131lm\u0131\u015f bu hik\u00e2yeleri, Fark Yay\u0131nlar\u0131 olarak sizlerle payla\u015fmaktan b\u00fcy\u00fck bir mutluluk duyuyoruz. <\/p>\n","protected":false},"excerpt":{"rendered":"<p>\u201cArkas\u0131 \u00fcst\u00fc yatt\u0131m, ku\u015fu seyretmeye ba\u015flad\u0131m. Nas\u0131l da kanatlar\u0131n\u0131 oynatmadan havada d\u00f6n\u00fcyor da d\u00f6n\u00fcyor!.. Bizi, b\u00fct\u00fcn k\u0131rlar\u0131 seyrediyor. Ben bu ku\u015fun yerinde olsam, hi\u00e7 bu bo\u015f<span class=\"excerpt-hellip\"> [\u2026]<\/span><\/p>\n","protected":false},"featured_media":0,"template":"","meta":{"_monsterinsights_skip_tracking":false,"_monsterinsights_sitenote_active":false,"_monsterinsights_sitenote_note":"","_monsterinsights_sitenote_category":0},"product_brand":[],"product_cat":[12291,18202],"product_tag":[],"class_list":{"0":"post-747245","1":"product","2":"type-product","3":"status-publish","5":"product_cat-edebiyat","6":"product_cat-hikaye","7":"pa_cilt-ciltsiz","8":"pa_tur-kitap","9":"pa_yayinevi-fark-yayinlari","10":"pa_yazar-memduh-sevket-esendal","12":"first","13":"instock","14":"sale","15":"shipping-taxable","16":"purchasable","17":"product-type-simple"},"_links":{"self":[{"href":"https:\/\/roveyayinevi.com.tr\/index.php\/wp-json\/wp\/v2\/product\/747245","targetHints":{"allow":["GET"]}}],"collection":[{"href":"https:\/\/roveyayinevi.com.tr\/index.php\/wp-json\/wp\/v2\/product"}],"about":[{"href":"https:\/\/roveyayinevi.com.tr\/index.php\/wp-json\/wp\/v2\/types\/product"}],"wp:attachment":[{"href":"https:\/\/roveyayinevi.com.tr\/index.php\/wp-json\/wp\/v2\/media?parent=747245"}],"wp:term":[{"taxonomy":"product_brand","embeddable":true,"href":"https:\/\/roveyayinevi.com.tr\/index.php\/wp-json\/wp\/v2\/product_brand?post=747245"},{"taxonomy":"product_cat","embeddable":true,"href":"https:\/\/roveyayinevi.com.tr\/index.php\/wp-json\/wp\/v2\/product_cat?post=747245"},{"taxonomy":"product_tag","embeddable":true,"href":"https:\/\/roveyayinevi.com.tr\/index.php\/wp-json\/wp\/v2\/product_tag?post=747245"}],"curies":[{"name":"wp","href":"https:\/\/api.w.org\/{rel}","templated":true}]}}