{"id":747244,"date":"2025-08-28T03:02:10","date_gmt":"2025-08-28T00:02:10","guid":{"rendered":"https:\/\/roveyayinevi.com.tr\/index.php\/urun\/mendil-altinda-hayat-ne-tatli-ve-diger-hikayeler\/"},"modified":"2026-04-16T02:59:53","modified_gmt":"2026-04-15T23:59:53","slug":"mendil-altinda-hayat-ne-tatli-ve-diger-hikayeler","status":"publish","type":"product","link":"https:\/\/roveyayinevi.com.tr\/index.php\/urun\/mendil-altinda-hayat-ne-tatli-ve-diger-hikayeler\/","title":{"rendered":"Mendil Alt\u0131nda-Hayat Ne Tatl\u0131 ve Di\u011fer Hikayeler"},"content":{"rendered":"<p>Arka Kapak Yaz\u0131s\u0131: \u201cYa\u015fay\u0131\u015f\u0131ndan rastgele bir yapra\u011f\u0131n\u0131 yazarak, iyi bir adam, do\u011fru bir adam olan Ha\u015fmet G\u00fclkokan\u2019\u0131 siz okuyucular\u0131ma tan\u0131tmak istedim ki, g\u00fcn\u00fcn birinde ona bir d\u00fckk\u00e2nda, bir tan\u0131d\u0131\u011f\u0131n evinde yahut sokakta rastgelirseniz, yahut bir i\u015finiz d\u00fc\u015f\u00fcp de dairesinde kar\u015f\u0131s\u0131na \u00e7\u0131karsan\u0131z, bilesiniz, konu\u015fup g\u00f6r\u00fc\u015fesiniz. Bir hizmetinizde bulunabilmek, <\/p>\n","protected":false},"excerpt":{"rendered":"<p>Arka Kapak Yaz\u0131s\u0131: \u201cYa\u015fay\u0131\u015f\u0131ndan rastgele bir yapra\u011f\u0131n\u0131 yazarak, iyi bir adam, do\u011fru bir adam olan Ha\u015fmet G\u00fclkokan\u2019\u0131 siz okuyucular\u0131ma tan\u0131tmak istedim ki, g\u00fcn\u00fcn birinde ona bir<span class=\"excerpt-hellip\"> [\u2026]<\/span><\/p>\n","protected":false},"featured_media":0,"template":"","meta":{"_monsterinsights_skip_tracking":false,"_monsterinsights_sitenote_active":false,"_monsterinsights_sitenote_note":"","_monsterinsights_sitenote_category":0},"product_brand":[],"product_cat":[12291,12711],"product_tag":[],"class_list":{"0":"post-747244","1":"product","2":"type-product","3":"status-publish","5":"product_cat-edebiyat","6":"product_cat-roman-oyku","7":"pa_cilt-ciltsiz","8":"pa_tur-kitap","9":"pa_yayinevi-fark-yayinlari","10":"pa_yazar-memduh-sevket-esendal","12":"first","13":"instock","14":"sale","15":"shipping-taxable","16":"purchasable","17":"product-type-simple"},"_links":{"self":[{"href":"https:\/\/roveyayinevi.com.tr\/index.php\/wp-json\/wp\/v2\/product\/747244","targetHints":{"allow":["GET"]}}],"collection":[{"href":"https:\/\/roveyayinevi.com.tr\/index.php\/wp-json\/wp\/v2\/product"}],"about":[{"href":"https:\/\/roveyayinevi.com.tr\/index.php\/wp-json\/wp\/v2\/types\/product"}],"wp:attachment":[{"href":"https:\/\/roveyayinevi.com.tr\/index.php\/wp-json\/wp\/v2\/media?parent=747244"}],"wp:term":[{"taxonomy":"product_brand","embeddable":true,"href":"https:\/\/roveyayinevi.com.tr\/index.php\/wp-json\/wp\/v2\/product_brand?post=747244"},{"taxonomy":"product_cat","embeddable":true,"href":"https:\/\/roveyayinevi.com.tr\/index.php\/wp-json\/wp\/v2\/product_cat?post=747244"},{"taxonomy":"product_tag","embeddable":true,"href":"https:\/\/roveyayinevi.com.tr\/index.php\/wp-json\/wp\/v2\/product_tag?post=747244"}],"curies":[{"name":"wp","href":"https:\/\/api.w.org\/{rel}","templated":true}]}}