{"id":747240,"date":"2025-08-28T03:02:05","date_gmt":"2025-08-28T00:02:05","guid":{"rendered":"https:\/\/roveyayinevi.com.tr\/index.php\/urun\/ogretmenlerin-mesleki-gelisimleri-icin-stratejiler-kavramlar-ve-metodolojiler\/"},"modified":"2026-04-16T02:59:53","modified_gmt":"2026-04-15T23:59:53","slug":"ogretmenlerin-mesleki-gelisimleri-icin-stratejiler-kavramlar-ve-metodolojiler","status":"publish","type":"product","link":"https:\/\/roveyayinevi.com.tr\/index.php\/urun\/ogretmenlerin-mesleki-gelisimleri-icin-stratejiler-kavramlar-ve-metodolojiler\/","title":{"rendered":"\u00d6\u011fretmenlerin Mesleki Geli\u015fimleri \u0130\u00e7in Stratejiler, Kavramlar Ve Metodolojiler"},"content":{"rendered":"<p>Bu kitapta \u00f6\u011fretmen e\u011fitimi konusuna b\u00fct\u00fcnc\u00fcl bir bak\u0131\u015f a\u00e7\u0131s\u0131 kazand\u0131r\u0131larak \u00f6\u011fretmenlerin mesleki geli\u015fimleri ile ilgili stratejiler, kavramlar ve metodolojilerin bir araya toparlanmas\u0131 hedeflenmi\u015ftir. \u00d6\u011fretmenlerin mesle\u011fe haz\u0131rl\u0131k a\u015famas\u0131ndaki lisans e\u011fitimleri sona erdikten sonra da mesleki geli\u015fimlerini devam ettirme s\u00fcrecinde i\u015fe ko\u015fulabilecek temel yap\u0131lar\u0131n incelendi\u011fi bu kitap, \u00f6\u011fretmen e\u011fitiminin t\u00fcm ilgililerine yapacaklar\u0131 \u00e7al\u0131\u015fmalarda \u0131\u015f\u0131k tutma umut ve \u00e7abas\u0131 ile kaleme al\u0131nm\u0131\u015ft\u0131r. \u00d6\u011fretmen e\u011fitiminin s\u00fcreklili\u011fine olan ihtiyac\u0131n sonucu olarak planlanan kitapta \u00f6ncelikli olarak mevcut sistemin avantaj ve dezavantajlar\u0131 ortaya konularak farkl\u0131 y\u00f6ntemlerin i\u015fe ko\u015fulmas\u0131n\u0131n gereklili\u011fi ve etkili \u00f6\u011fretmen e\u011fitiminin ger\u00e7ekle\u015fmesi i\u00e7in sunulabilecek f\u0131rsatlar \u00f6ne \u00e7\u0131kar\u0131lm\u0131\u015ft\u0131r.<\/p>\n","protected":false},"excerpt":{"rendered":"<p>Bu kitapta \u00f6\u011fretmen e\u011fitimi konusuna b\u00fct\u00fcnc\u00fcl bir bak\u0131\u015f a\u00e7\u0131s\u0131 kazand\u0131r\u0131larak \u00f6\u011fretmenlerin mesleki geli\u015fimleri ile ilgili stratejiler, kavramlar ve metodolojilerin bir araya toparlanmas\u0131 hedeflenmi\u015ftir. \u00d6\u011fretmenlerin mesle\u011fe haz\u0131rl\u0131k<span class=\"excerpt-hellip\"> [\u2026]<\/span><\/p>\n","protected":false},"featured_media":0,"template":"","meta":{"_monsterinsights_skip_tracking":false,"_monsterinsights_sitenote_active":false,"_monsterinsights_sitenote_note":"","_monsterinsights_sitenote_category":0},"product_brand":[],"product_cat":[12573,12566],"product_tag":[],"class_list":{"0":"post-747240","1":"product","2":"type-product","3":"status-publish","5":"product_cat-akademik-kitaplar","6":"product_cat-egitim","7":"pa_cilt-ciltsiz","8":"pa_tur-kitap","9":"pa_yayinevi-egiten-kitap","10":"pa_yazar-aysegul-saglam-arslan-meral-besken-ergisi","12":"first","13":"instock","14":"sale","15":"shipping-taxable","16":"purchasable","17":"product-type-simple"},"_links":{"self":[{"href":"https:\/\/roveyayinevi.com.tr\/index.php\/wp-json\/wp\/v2\/product\/747240","targetHints":{"allow":["GET"]}}],"collection":[{"href":"https:\/\/roveyayinevi.com.tr\/index.php\/wp-json\/wp\/v2\/product"}],"about":[{"href":"https:\/\/roveyayinevi.com.tr\/index.php\/wp-json\/wp\/v2\/types\/product"}],"wp:attachment":[{"href":"https:\/\/roveyayinevi.com.tr\/index.php\/wp-json\/wp\/v2\/media?parent=747240"}],"wp:term":[{"taxonomy":"product_brand","embeddable":true,"href":"https:\/\/roveyayinevi.com.tr\/index.php\/wp-json\/wp\/v2\/product_brand?post=747240"},{"taxonomy":"product_cat","embeddable":true,"href":"https:\/\/roveyayinevi.com.tr\/index.php\/wp-json\/wp\/v2\/product_cat?post=747240"},{"taxonomy":"product_tag","embeddable":true,"href":"https:\/\/roveyayinevi.com.tr\/index.php\/wp-json\/wp\/v2\/product_tag?post=747240"}],"curies":[{"name":"wp","href":"https:\/\/api.w.org\/{rel}","templated":true}]}}