{"id":747238,"date":"2025-08-28T03:02:03","date_gmt":"2025-08-28T00:02:03","guid":{"rendered":"https:\/\/roveyayinevi.com.tr\/index.php\/urun\/fark-edilmeyen-cocuklar\/"},"modified":"2026-04-16T02:59:53","modified_gmt":"2026-04-15T23:59:53","slug":"fark-edilmeyen-cocuklar","status":"publish","type":"product","link":"https:\/\/roveyayinevi.com.tr\/index.php\/urun\/fark-edilmeyen-cocuklar\/","title":{"rendered":"Fark Edilmeyen \u00c7ocuklar"},"content":{"rendered":"<p>Kitab\u0131m\u0131z \u201cfark edilmeyen\u201d \u00e7ocuklara d\u00f6rt farkl\u0131 pencereden yakla\u015fmaktad\u0131r: Geli\u015fimsel farkl\u0131l\u0131klar, k\u00fclt\u00fcrel farkl\u0131l\u0131klar, psikolojik farkl\u0131l\u0131klar ve mek\u00e2nsal farkl\u0131l\u0131klar.  Mevcut y\u00f6nelimlerden farkl\u0131 olarak \u00f6zel gereksinimleri olan \u00e7ocuklar ilk b\u00f6l\u00fcm olarak geli\u015fimsel farkl\u0131l\u0131klar alt\u0131nda yer bulmu\u015ftur. B\u00f6ylece, sadece \u00f6zel e\u011fitim de\u011fil, okul \u00f6ncesi e\u011fitim, sosyal hizmet, sosyoloji, psikoloji ve rehberlik ve psikolojik dan\u0131\u015fmanl\u0131k gibi alanlardan ara\u015ft\u0131rmac\u0131lar\u0131n da dikkatini \u00f6zel gereksinimi olan \u00e7ocuklara \u00e7ekmek hedeflenmi\u015ftir.  K\u00fclt\u00fcrel farkl\u0131l\u0131klar penceresinden ise Romanlar ve \u00e7ocuklar\u0131n\u0131n, Suriyeli \u00e7ocuklar\u0131n ve iki dilli \u00e7ocuklar\u0131n g\u00f6r\u00fcn\u00fcrl\u00fc\u011f\u00fcn\u00fc art\u0131rmak ama\u00e7lanm\u0131\u015ft\u0131r. Anneleri cezaevinde olan \u00e7ocuklar, ergen annelerin \u00e7ocuklar\u0131 ve cinsel istismar ma\u011fduru \u00e7ocuklar bu deneyimlerinin a\u011f\u0131rl\u0131\u011f\u0131 \u00e7er\u00e7evesinde psikolojik farkl\u0131l\u0131klar temel al\u0131narak de\u011ferlendirilmi\u015ftir.  Son olarak, mek\u00e2nsal farkl\u0131l\u0131klar\u0131n sosyal deneyimler a\u00e7\u0131s\u0131ndan belirleyici oldu\u011fu sav\u0131ndan yola \u00e7\u0131k\u0131larak k\u0131rsal kesimde \u00e7ocuklar\u0131n ya\u015fam\u0131na ve e\u011fitimine yer verilmi\u015ftir.   Fark edilmeyen \u00e7ocuklar\u0131 farkl\u0131l\u0131klar penceresinden g\u00f6r\u00fcn\u00fcr k\u0131lan bu kitab\u0131n son b\u00f6l\u00fcm\u00fcnde, ara\u015ft\u0131rmac\u0131lara rehberlik edebilecek ve ara\u015ft\u0131rmalarda \u00e7ocuk kat\u0131l\u0131m\u0131n\u0131 vurgulayan \u00e7ocuk dostu teknikler ele al\u0131nm\u0131\u015ft\u0131r.<\/p>\n","protected":false},"excerpt":{"rendered":"<p>Kitab\u0131m\u0131z \u201cfark edilmeyen\u201d \u00e7ocuklara d\u00f6rt farkl\u0131 pencereden yakla\u015fmaktad\u0131r: Geli\u015fimsel farkl\u0131l\u0131klar, k\u00fclt\u00fcrel farkl\u0131l\u0131klar, psikolojik farkl\u0131l\u0131klar ve mek\u00e2nsal farkl\u0131l\u0131klar. Mevcut y\u00f6nelimlerden farkl\u0131 olarak \u00f6zel gereksinimleri olan \u00e7ocuklar ilk<span class=\"excerpt-hellip\"> [\u2026]<\/span><\/p>\n","protected":false},"featured_media":0,"template":"","meta":{"_monsterinsights_skip_tracking":false,"_monsterinsights_sitenote_active":false,"_monsterinsights_sitenote_note":"","_monsterinsights_sitenote_category":0},"product_brand":[],"product_cat":[12573,12566],"product_tag":[],"class_list":{"0":"post-747238","1":"product","2":"type-product","3":"status-publish","5":"product_cat-akademik-kitaplar","6":"product_cat-egitim","7":"pa_cilt-ciltsiz","8":"pa_tur-kitap","9":"pa_yayinevi-egiten-kitap","10":"pa_yazar-arzu-arikan","12":"first","13":"instock","14":"sale","15":"shipping-taxable","16":"purchasable","17":"product-type-simple"},"_links":{"self":[{"href":"https:\/\/roveyayinevi.com.tr\/index.php\/wp-json\/wp\/v2\/product\/747238","targetHints":{"allow":["GET"]}}],"collection":[{"href":"https:\/\/roveyayinevi.com.tr\/index.php\/wp-json\/wp\/v2\/product"}],"about":[{"href":"https:\/\/roveyayinevi.com.tr\/index.php\/wp-json\/wp\/v2\/types\/product"}],"wp:attachment":[{"href":"https:\/\/roveyayinevi.com.tr\/index.php\/wp-json\/wp\/v2\/media?parent=747238"}],"wp:term":[{"taxonomy":"product_brand","embeddable":true,"href":"https:\/\/roveyayinevi.com.tr\/index.php\/wp-json\/wp\/v2\/product_brand?post=747238"},{"taxonomy":"product_cat","embeddable":true,"href":"https:\/\/roveyayinevi.com.tr\/index.php\/wp-json\/wp\/v2\/product_cat?post=747238"},{"taxonomy":"product_tag","embeddable":true,"href":"https:\/\/roveyayinevi.com.tr\/index.php\/wp-json\/wp\/v2\/product_tag?post=747238"}],"curies":[{"name":"wp","href":"https:\/\/api.w.org\/{rel}","templated":true}]}}