{"id":747237,"date":"2025-08-28T03:02:02","date_gmt":"2025-08-28T00:02:02","guid":{"rendered":"https:\/\/roveyayinevi.com.tr\/index.php\/urun\/erken-cocuklukta-sanat-egitimi\/"},"modified":"2026-04-16T02:59:53","modified_gmt":"2026-04-15T23:59:53","slug":"erken-cocuklukta-sanat-egitimi","status":"publish","type":"product","link":"https:\/\/roveyayinevi.com.tr\/index.php\/urun\/erken-cocuklukta-sanat-egitimi\/","title":{"rendered":"Erken \u00c7ocuklukta Sanat E\u011fitimi"},"content":{"rendered":"<p>Sanat e\u011fitiminin kapsam\u0131nda duyusal deneyimler, sanatsal yaratma, sanatla bulu\u015fma ve estetik deneyimler yer almaktad\u0131r. Bu konular,  erken ya\u015flardan itibaren \u00e7ocuklar\u0131n ya\u015famlar\u0131na dahil edilmelidir.  Sanat\u0131n geli\u015fiminde ebeveyn ve \u00f6\u011fretmenlerin tutum ve davran\u0131\u015flar\u0131 etkili olabilmektedir. Ayr\u0131ca \u00e7ocuklar\u0131n sanatsal deneyimlerini \u00e7o\u011faltmak i\u00e7in zengin uyaranl\u0131 (\u00e7e\u015fitli \u00f6zelliklerde ara\u00e7-gere\u00e7ler, sanat malzemeleri, reprod\u00fcksiyonlar vb.) ortamlara da gereksinim duyulmaktad\u0131r. Bu nedenle ev, sokak, bah\u00e7e-parklar, okul i\u00e7i ve okul d\u0131\u015f\u0131 alanlar ve \u00e7e\u015fitli sanatsal malzemeler \u00e7ocuklar\u0131n, sanatsal geli\u015fimleri a\u00e7\u0131s\u0131ndan \u00e7ok \u00f6nemlidir. Ke\u015ffedici, e\u011flendirici, merak uyand\u0131r\u0131c\u0131 her mek\u00e2n \u00e7ocuk i\u00e7in bir sanat at\u00f6lyesidir. Erken \u00e7ocuklukta sanat e\u011fitimi ile \u00e7ocuklarda yarat\u0131c\u0131l\u0131k, estetik ve sanatsal deneyimler desteklenebilir ve \u00e7ocuklarda var olan sanatsal gizilg\u00fc\u00e7 a\u00e7\u0131\u011fa \u00e7\u0131kar\u0131labilir. Bu nedenle kitab\u0131n alana \u00f6nemli katk\u0131lar sunabilece\u011fi ve etkili bir rehber olabilece\u011fi d\u00fc\u015f\u00fcn\u00fclmektedir.<\/p>\n","protected":false},"excerpt":{"rendered":"<p>Sanat e\u011fitiminin kapsam\u0131nda duyusal deneyimler, sanatsal yaratma, sanatla bulu\u015fma ve estetik deneyimler yer almaktad\u0131r. Bu konular, erken ya\u015flardan itibaren \u00e7ocuklar\u0131n ya\u015famlar\u0131na dahil edilmelidir. Sanat\u0131n geli\u015fiminde ebeveyn<span class=\"excerpt-hellip\"> [\u2026]<\/span><\/p>\n","protected":false},"featured_media":0,"template":"","meta":{"_monsterinsights_skip_tracking":false,"_monsterinsights_sitenote_active":false,"_monsterinsights_sitenote_note":"","_monsterinsights_sitenote_category":0},"product_brand":[],"product_cat":[12573,12566],"product_tag":[],"class_list":{"0":"post-747237","1":"product","2":"type-product","3":"status-publish","5":"product_cat-akademik-kitaplar","6":"product_cat-egitim","7":"pa_cilt-ciltsiz","8":"pa_tur-kitap","9":"pa_yayinevi-egiten-kitap","10":"pa_yazar-gulseren-erhan","12":"first","13":"instock","14":"sale","15":"shipping-taxable","16":"purchasable","17":"product-type-simple"},"_links":{"self":[{"href":"https:\/\/roveyayinevi.com.tr\/index.php\/wp-json\/wp\/v2\/product\/747237","targetHints":{"allow":["GET"]}}],"collection":[{"href":"https:\/\/roveyayinevi.com.tr\/index.php\/wp-json\/wp\/v2\/product"}],"about":[{"href":"https:\/\/roveyayinevi.com.tr\/index.php\/wp-json\/wp\/v2\/types\/product"}],"wp:attachment":[{"href":"https:\/\/roveyayinevi.com.tr\/index.php\/wp-json\/wp\/v2\/media?parent=747237"}],"wp:term":[{"taxonomy":"product_brand","embeddable":true,"href":"https:\/\/roveyayinevi.com.tr\/index.php\/wp-json\/wp\/v2\/product_brand?post=747237"},{"taxonomy":"product_cat","embeddable":true,"href":"https:\/\/roveyayinevi.com.tr\/index.php\/wp-json\/wp\/v2\/product_cat?post=747237"},{"taxonomy":"product_tag","embeddable":true,"href":"https:\/\/roveyayinevi.com.tr\/index.php\/wp-json\/wp\/v2\/product_tag?post=747237"}],"curies":[{"name":"wp","href":"https:\/\/api.w.org\/{rel}","templated":true}]}}