{"id":747230,"date":"2025-08-28T03:01:53","date_gmt":"2025-08-28T00:01:53","guid":{"rendered":"https:\/\/roveyayinevi.com.tr\/index.php\/urun\/bilim-ve-sanatin-kesisimindeki-tasarim-steam-egitimi-icin-cikarimlar\/"},"modified":"2026-04-16T02:59:53","modified_gmt":"2026-04-15T23:59:53","slug":"bilim-ve-sanatin-kesisimindeki-tasarim-steam-egitimi-icin-cikarimlar","status":"publish","type":"product","link":"https:\/\/roveyayinevi.com.tr\/index.php\/urun\/bilim-ve-sanatin-kesisimindeki-tasarim-steam-egitimi-icin-cikarimlar\/","title":{"rendered":"Bilim ve Sanat\u0131n Kesi\u015fimindeki Tasar\u0131m:  Steam E\u011fitimi \u0130\u00e7in \u00c7\u0131kar\u0131mlar"},"content":{"rendered":"<p>STEM\u2019in b\u00fct\u00fcnc\u00fcll\u00fc\u011f\u00fcne bir de sanat vurgusunu ekleyen STEAM yapbozun eksik par\u00e7as\u0131n\u0131 ke\u015ffetmi\u015f gibi \u201ci\u015fte demek istedi\u011fimiz, ula\u015fmak istedi\u011fimiz bu olmal\u0131!\u201d fikrini olu\u015fturdu. Kitab\u0131n ak\u0131\u015f\u0131n\u0131 salt akademik bilgi aktar\u0131m\u0131ndan ziyade d\u00fc\u015f\u00fcnd\u00fcr\u00fcc\u00fc sorularla, n\u00fckteli s\u00f6zlerle bezeyerek okunabilirli\u011fini ve d\u00fc\u015f\u00fcnd\u00fcrebilirli\u011fini art\u0131rmaya \u00e7al\u0131\u015ft\u0131m. Hadi bilimin i\u00e7indeki sanat\u0131, sanat\u0131n i\u00e7indeki bilimi; bunlar\u0131n evrendeki ili\u015fkilerini g\u00f6rmek ve \u00e7al\u0131\u015fmalar\u0131m\u0131za yans\u0131tmak i\u00e7in bir yolculu\u011fa \u00e7\u0131kal\u0131m! \u0130lk bireysel kitab\u0131m\u0131n yaz\u0131m ve yay\u0131m\u0131n\u0131n heyecan\u0131n\u0131 ya\u015farken \u00f6zellikle meslekta\u015flar\u0131m olan \u00f6\u011fretmenlerimizin e\u011fitsel uygulamalarla \u00e7ocuklar\u0131m\u0131z\u0131n zihinlerinde olu\u015fturaca\u011f\u0131 d\u00fc\u015f\u00fcnce k\u0131v\u0131lc\u0131mlar\u0131yla nelerin ortaya \u00e7\u0131kabilece\u011fini d\u00fc\u015f\u00fcnmek beni daha da heyecanland\u0131r\u0131yor. \u00c7\u00fcnk\u00fc d\u00fc\u015f\u00fcnecek, ke\u015ffedecek, \u00fcretecek \u00e7ok \u015feyimiz var\u2026<\/p>\n","protected":false},"excerpt":{"rendered":"<p>STEM\u2019in b\u00fct\u00fcnc\u00fcll\u00fc\u011f\u00fcne bir de sanat vurgusunu ekleyen STEAM yapbozun eksik par\u00e7as\u0131n\u0131 ke\u015ffetmi\u015f gibi \u201ci\u015fte demek istedi\u011fimiz, ula\u015fmak istedi\u011fimiz bu olmal\u0131!\u201d fikrini olu\u015fturdu. Kitab\u0131n ak\u0131\u015f\u0131n\u0131 salt akademik<span class=\"excerpt-hellip\"> [\u2026]<\/span><\/p>\n","protected":false},"featured_media":0,"template":"","meta":{"_monsterinsights_skip_tracking":false,"_monsterinsights_sitenote_active":false,"_monsterinsights_sitenote_note":"","_monsterinsights_sitenote_category":0},"product_brand":[],"product_cat":[12573,12566],"product_tag":[],"class_list":{"0":"post-747230","1":"product","2":"type-product","3":"status-publish","5":"product_cat-akademik-kitaplar","6":"product_cat-egitim","7":"pa_cilt-ciltsiz","8":"pa_tur-kitap","9":"pa_yayinevi-egiten-kitap","10":"pa_yazar-kolektif","12":"first","13":"instock","14":"sale","15":"shipping-taxable","16":"purchasable","17":"product-type-simple"},"_links":{"self":[{"href":"https:\/\/roveyayinevi.com.tr\/index.php\/wp-json\/wp\/v2\/product\/747230","targetHints":{"allow":["GET"]}}],"collection":[{"href":"https:\/\/roveyayinevi.com.tr\/index.php\/wp-json\/wp\/v2\/product"}],"about":[{"href":"https:\/\/roveyayinevi.com.tr\/index.php\/wp-json\/wp\/v2\/types\/product"}],"wp:attachment":[{"href":"https:\/\/roveyayinevi.com.tr\/index.php\/wp-json\/wp\/v2\/media?parent=747230"}],"wp:term":[{"taxonomy":"product_brand","embeddable":true,"href":"https:\/\/roveyayinevi.com.tr\/index.php\/wp-json\/wp\/v2\/product_brand?post=747230"},{"taxonomy":"product_cat","embeddable":true,"href":"https:\/\/roveyayinevi.com.tr\/index.php\/wp-json\/wp\/v2\/product_cat?post=747230"},{"taxonomy":"product_tag","embeddable":true,"href":"https:\/\/roveyayinevi.com.tr\/index.php\/wp-json\/wp\/v2\/product_tag?post=747230"}],"curies":[{"name":"wp","href":"https:\/\/api.w.org\/{rel}","templated":true}]}}