{"id":747211,"date":"2025-08-28T03:01:25","date_gmt":"2025-08-28T00:01:25","guid":{"rendered":"https:\/\/roveyayinevi.com.tr\/index.php\/urun\/biz-hudutlardayken\/"},"modified":"2026-04-16T02:59:52","modified_gmt":"2026-04-15T23:59:52","slug":"biz-hudutlardayken","status":"publish","type":"product","link":"https:\/\/roveyayinevi.com.tr\/index.php\/urun\/biz-hudutlardayken\/","title":{"rendered":"Biz Hudutlardayken"},"content":{"rendered":"<p>Bir insan\u0131n evinin kap\u0131s\u0131 ve kilidi ne ise hudut da bir millet i\u00e7in ayn\u0131 \u00f6nem ve de\u011feri ta\u015f\u0131r\u2026 Zaman ilkeyi de\u011fi\u015ftiremez: \u201cHudut bir milletin namus ve \u015ferefinin korundu\u011fu yerdir.\u201d Biz Hudutlardayken kitab\u0131nda Osman Pamuko\u011flu\u2019nun \u00fcste\u011fmen r\u00fctbesindeyken 1974-1975 y\u0131llar\u0131 aras\u0131nda ya\u015fad\u0131klar\u0131 anlat\u0131lmaktad\u0131r. Ve olaylar\u0131n her biri tek ba\u015f\u0131na bir film veya romana konu olabilecek t\u00fcm \u00f6zelliklere sahiptir\u2026<\/p>\n","protected":false},"excerpt":{"rendered":"<p>Bir insan\u0131n evinin kap\u0131s\u0131 ve kilidi ne ise hudut da bir millet i\u00e7in ayn\u0131 \u00f6nem ve de\u011feri ta\u015f\u0131r\u2026 Zaman ilkeyi de\u011fi\u015ftiremez: \u201cHudut bir milletin namus ve<span class=\"excerpt-hellip\"> [\u2026]<\/span><\/p>\n","protected":false},"featured_media":0,"template":"","meta":{"_monsterinsights_skip_tracking":false,"_monsterinsights_sitenote_active":false,"_monsterinsights_sitenote_note":"","_monsterinsights_sitenote_category":0},"product_brand":[],"product_cat":[13701,12291],"product_tag":[],"class_list":{"0":"post-747211","1":"product","2":"type-product","3":"status-publish","5":"product_cat-ani-mektup-gunluk","6":"product_cat-edebiyat","7":"pa_cilt-ciltsiz","8":"pa_tur-kitap","9":"pa_yayinevi-inkilap-kitabevi","10":"pa_yazar-osman-pamukoglu","12":"first","13":"instock","14":"sale","15":"shipping-taxable","16":"purchasable","17":"product-type-simple"},"_links":{"self":[{"href":"https:\/\/roveyayinevi.com.tr\/index.php\/wp-json\/wp\/v2\/product\/747211","targetHints":{"allow":["GET"]}}],"collection":[{"href":"https:\/\/roveyayinevi.com.tr\/index.php\/wp-json\/wp\/v2\/product"}],"about":[{"href":"https:\/\/roveyayinevi.com.tr\/index.php\/wp-json\/wp\/v2\/types\/product"}],"wp:attachment":[{"href":"https:\/\/roveyayinevi.com.tr\/index.php\/wp-json\/wp\/v2\/media?parent=747211"}],"wp:term":[{"taxonomy":"product_brand","embeddable":true,"href":"https:\/\/roveyayinevi.com.tr\/index.php\/wp-json\/wp\/v2\/product_brand?post=747211"},{"taxonomy":"product_cat","embeddable":true,"href":"https:\/\/roveyayinevi.com.tr\/index.php\/wp-json\/wp\/v2\/product_cat?post=747211"},{"taxonomy":"product_tag","embeddable":true,"href":"https:\/\/roveyayinevi.com.tr\/index.php\/wp-json\/wp\/v2\/product_tag?post=747211"}],"curies":[{"name":"wp","href":"https:\/\/api.w.org\/{rel}","templated":true}]}}