{"id":747206,"date":"2025-08-28T03:01:20","date_gmt":"2025-08-28T00:01:20","guid":{"rendered":"https:\/\/roveyayinevi.com.tr\/index.php\/urun\/caliban-ve-cadi\/"},"modified":"2026-04-14T03:06:25","modified_gmt":"2026-04-14T00:06:25","slug":"caliban-ve-cadi","status":"publish","type":"product","link":"https:\/\/roveyayinevi.com.tr\/index.php\/urun\/caliban-ve-cadi\/","title":{"rendered":"Caliban ve Cad\u0131"},"content":{"rendered":"<p>Tarihe \u2018Cad\u0131 Av\u0131 \u00c7a\u011f\u0131\u2019 olarak ge\u00e7en karanl\u0131k d\u00f6nem, genellikle filmlere ve romanlara konu olmu\u015f, pop\u00fcler k\u00fclt\u00fcr\u00fcn bir par\u00e7as\u0131 h\u00e2line gelmi\u015f Salem cad\u0131l\u0131k davalar\u0131 arac\u0131l\u0131\u011f\u0131yla bilinir. Oysa okyanusun kar\u015f\u0131 yakas\u0131nda y\u00fcr\u00fct\u00fclen Salem davalar\u0131, ayn\u0131 d\u00f6nemde Avrupa&#8217;da ya\u015fanan k\u0131y\u0131ma k\u0131yasla hik\u00e2yenin sadece \u00e7ok k\u00fc\u00e7\u00fck bir par\u00e7as\u0131d\u0131r. Avrupa tarihinin yakla\u015f\u0131k 300 y\u0131ll\u0131k bir dilimine damgas\u0131n\u0131 vurmu\u015f cad\u0131 av\u0131 \u00e7\u0131lg\u0131nl\u0131\u011f\u0131, do\u011fal, iktisadi ve toplumsal ko\u015fullarda meydana gelen ani de\u011fi\u015fimlerin, kimlik bunal\u0131mlar\u0131n\u0131n ve \u00f6tekine y\u00f6nelik m\u00fczmin d\u00fc\u015fmanl\u0131\u011f\u0131n k\u00fc\u00e7\u00fck bir k\u0131v\u0131lc\u0131mla kitlesel bir histeriye d\u00f6n\u00fc\u015f\u00fcp Avrupa\u2019y\u0131 en \u00fccra yerlerine kadar k\u00fcle \u00e7evirdi\u011fi bir yang\u0131n\u0131n ad\u0131 h\u00e2line gelmi\u015ftir. Silvia Federici, modern klasiklerden biri h\u00e2line gelmi\u015f bu abidevi kitab\u0131nda, okura bamba\u015fka bir tablo sunuyor. Cad\u0131 avlar\u0131n\u0131n, ak\u0131ld\u0131\u015f\u0131 korkular\u0131n yol a\u00e7t\u0131\u011f\u0131 dizginsiz bir delili\u011fin u\u00e7 noktas\u0131 olmad\u0131\u011f\u0131n\u0131, o s\u0131ralar yeni olu\u015fan kapitalist d\u00fczenin ac\u0131mas\u0131z ve kat\u0131 mant\u0131\u011f\u0131n\u0131n tamamen \u2018ak\u0131lc\u0131\u2019 ve hesaplanabilir bir sonucu oldu\u011funu g\u00f6zler \u00f6n\u00fcne seriyor. Topraks\u0131z b\u0131rak\u0131lan k\u00f6yl\u00fclerin isyanlar\u0131ndan kad\u0131n bedeninin i\u015fg\u00fcc\u00fcn\u00fc \u00fcreten bir kulu\u00e7ka makinesi olarak g\u00f6r\u00fcl\u00fcp kad\u0131n\u0131n ev i\u015flerine mahk\u00fbm edilmesine uzanan s\u00fcre\u00e7te cad\u0131 avlar\u0131n\u0131n kad\u0131nlar\u0131 de\u011fersizle\u015ftirmek, \u015feytanla\u015ft\u0131rmak, onlar\u0131n toplumsal g\u00fc\u00e7lerini ellerinden almak i\u00e7in ba\u015flat\u0131lm\u0131\u015f planl\u0131 ve me\u015fum bir giri\u015fim oldu\u011funu hayk\u0131r\u0131yor. Cad\u0131lar\u0131n yok oldu\u011fu i\u015fkence odalar\u0131nda, kaz\u0131klarda, burjuvan\u0131n kad\u0131nl\u0131k ve eve ba\u011fl\u0131l\u0131k ideallerinin nas\u0131l filizlendi\u011fini anlat\u0131yor. Toplumsal \u00e7alkant\u0131lar\u0131n, a\u00e7l\u0131\u011f\u0131n, k\u0131tl\u0131\u011f\u0131n ve salg\u0131n hastal\u0131klar\u0131n tam ortas\u0131nda, toplumlar \u00e7\u00f6kerken kapitalizmin y\u00fckseli\u015finin, bedenin bir direni\u015f alan\u0131 h\u00e2line geli\u015finin, kad\u0131nlar\u0131n anlat\u0131lmayan hik\u00e2yesinin izini s\u00fcr\u00fcyor. <\/p>\n","protected":false},"excerpt":{"rendered":"<p>Tarihe \u2018Cad\u0131 Av\u0131 \u00c7a\u011f\u0131\u2019 olarak ge\u00e7en karanl\u0131k d\u00f6nem, genellikle filmlere ve romanlara konu olmu\u015f, pop\u00fcler k\u00fclt\u00fcr\u00fcn bir par\u00e7as\u0131 h\u00e2line gelmi\u015f Salem cad\u0131l\u0131k davalar\u0131 arac\u0131l\u0131\u011f\u0131yla bilinir. Oysa<span class=\"excerpt-hellip\"> [\u2026]<\/span><\/p>\n","protected":false},"featured_media":0,"template":"","meta":{"_monsterinsights_skip_tracking":false,"_monsterinsights_sitenote_active":false,"_monsterinsights_sitenote_note":"","_monsterinsights_sitenote_category":0},"product_brand":[],"product_cat":[12370,12304],"product_tag":[],"class_list":{"0":"post-747206","1":"product","2":"type-product","3":"status-publish","5":"product_cat-arastirma-inceleme","6":"product_cat-tarih","7":"pa_cilt-ciltsiz","8":"pa_tur-kitap","9":"pa_yayinevi-fol-kitap","10":"pa_yazar-silvia-federici","12":"first","13":"instock","14":"sale","15":"shipping-taxable","16":"purchasable","17":"product-type-simple"},"_links":{"self":[{"href":"https:\/\/roveyayinevi.com.tr\/index.php\/wp-json\/wp\/v2\/product\/747206","targetHints":{"allow":["GET"]}}],"collection":[{"href":"https:\/\/roveyayinevi.com.tr\/index.php\/wp-json\/wp\/v2\/product"}],"about":[{"href":"https:\/\/roveyayinevi.com.tr\/index.php\/wp-json\/wp\/v2\/types\/product"}],"wp:attachment":[{"href":"https:\/\/roveyayinevi.com.tr\/index.php\/wp-json\/wp\/v2\/media?parent=747206"}],"wp:term":[{"taxonomy":"product_brand","embeddable":true,"href":"https:\/\/roveyayinevi.com.tr\/index.php\/wp-json\/wp\/v2\/product_brand?post=747206"},{"taxonomy":"product_cat","embeddable":true,"href":"https:\/\/roveyayinevi.com.tr\/index.php\/wp-json\/wp\/v2\/product_cat?post=747206"},{"taxonomy":"product_tag","embeddable":true,"href":"https:\/\/roveyayinevi.com.tr\/index.php\/wp-json\/wp\/v2\/product_tag?post=747206"}],"curies":[{"name":"wp","href":"https:\/\/api.w.org\/{rel}","templated":true}]}}