{"id":747195,"date":"2025-08-28T03:01:04","date_gmt":"2025-08-28T00:01:04","guid":{"rendered":"https:\/\/roveyayinevi.com.tr\/index.php\/urun\/sarmasiklar\/"},"modified":"2026-04-16T02:59:51","modified_gmt":"2026-04-15T23:59:51","slug":"sarmasiklar","status":"publish","type":"product","link":"https:\/\/roveyayinevi.com.tr\/index.php\/urun\/sarmasiklar\/","title":{"rendered":"Sarma\u015f\u0131klar"},"content":{"rendered":"<p>\u00d6yle zor ki A\u011fl\u0131yorken g\u00fcl\u00fcmseyebilmek, m\u0131sralar i\u00e7inde Ac\u0131y\u0131 bir hayalin i\u00e7ine gizlemek K\u00f6z k\u00f6z olmu\u015f bir y\u00fcrekten sevgi \u00e7\u0131\u011fl\u0131klar\u0131 atmak K\u0131r\u0131k d\u00f6k\u00fck bir y\u00fcrekte taze sevgiler beslemek \u0130\u00e7ine kan ak\u0131t\u0131rken, g\u00f6n\u00fcl yaras\u0131 sarmak, \u00f6yle kolay m\u0131? S\u00f6ylesem dilim kirlenir Y\u00fcre\u011fimden u\u00e7ar gider sevdalar Nefret bula\u015f\u0131r dilime D\u00f6kt\u00fc\u011f\u00fcm an lekelenir sevgiler Hakikat ac\u0131d\u0131r oysa ac\u0131t\u0131r K\u0131r\u0131l\u0131r y\u00fcrekler, kanat\u0131r s\u00f6zlerim Oysa gizem\u2026 Ne tatl\u0131 gelir insana Y\u00fcre\u011fini ok\u015far, umut sa\u00e7ar, mutlu k\u0131lar herkesi. <\/p>\n","protected":false},"excerpt":{"rendered":"<p>\u00d6yle zor ki A\u011fl\u0131yorken g\u00fcl\u00fcmseyebilmek, m\u0131sralar i\u00e7inde Ac\u0131y\u0131 bir hayalin i\u00e7ine gizlemek K\u00f6z k\u00f6z olmu\u015f bir y\u00fcrekten sevgi \u00e7\u0131\u011fl\u0131klar\u0131 atmak K\u0131r\u0131k d\u00f6k\u00fck bir y\u00fcrekte taze sevgiler<span class=\"excerpt-hellip\"> [\u2026]<\/span><\/p>\n","protected":false},"featured_media":0,"template":"","meta":{"_monsterinsights_skip_tracking":false,"_monsterinsights_sitenote_active":false,"_monsterinsights_sitenote_note":"","_monsterinsights_sitenote_category":0},"product_brand":[],"product_cat":[12291,14272],"product_tag":[],"class_list":{"0":"post-747195","1":"product","2":"type-product","3":"status-publish","5":"product_cat-edebiyat","6":"product_cat-tiyatro","7":"pa_cilt-ciltsiz","8":"pa_tur-kitap","9":"pa_yayinevi-kitap-muptelasi-yayinlari","10":"pa_yazar-mehmet-demir","12":"first","13":"instock","14":"sale","15":"shipping-taxable","16":"purchasable","17":"product-type-simple"},"_links":{"self":[{"href":"https:\/\/roveyayinevi.com.tr\/index.php\/wp-json\/wp\/v2\/product\/747195","targetHints":{"allow":["GET"]}}],"collection":[{"href":"https:\/\/roveyayinevi.com.tr\/index.php\/wp-json\/wp\/v2\/product"}],"about":[{"href":"https:\/\/roveyayinevi.com.tr\/index.php\/wp-json\/wp\/v2\/types\/product"}],"wp:attachment":[{"href":"https:\/\/roveyayinevi.com.tr\/index.php\/wp-json\/wp\/v2\/media?parent=747195"}],"wp:term":[{"taxonomy":"product_brand","embeddable":true,"href":"https:\/\/roveyayinevi.com.tr\/index.php\/wp-json\/wp\/v2\/product_brand?post=747195"},{"taxonomy":"product_cat","embeddable":true,"href":"https:\/\/roveyayinevi.com.tr\/index.php\/wp-json\/wp\/v2\/product_cat?post=747195"},{"taxonomy":"product_tag","embeddable":true,"href":"https:\/\/roveyayinevi.com.tr\/index.php\/wp-json\/wp\/v2\/product_tag?post=747195"}],"curies":[{"name":"wp","href":"https:\/\/api.w.org\/{rel}","templated":true}]}}