{"id":747187,"date":"2025-08-28T03:00:52","date_gmt":"2025-08-28T00:00:52","guid":{"rendered":"https:\/\/roveyayinevi.com.tr\/index.php\/urun\/dinozorlarla-karincalarin-oykusu\/"},"modified":"2026-04-16T02:59:51","modified_gmt":"2026-04-15T23:59:51","slug":"dinozorlarla-karincalarin-oykusu","status":"publish","type":"product","link":"https:\/\/roveyayinevi.com.tr\/index.php\/urun\/dinozorlarla-karincalarin-oykusu\/","title":{"rendered":"Dinozorlarla Kar\u0131ncalar\u0131n \u00d6yk\u00fcs\u00fc"},"content":{"rendered":"<p>Cixin Liu\u2019dan hiciv dolu bir fabl, politik bir alegori ve ekolojik bir uyar\u0131.Evrenin her yerinde zek\u00e2 nadir bulunan, k\u0131r\u0131lgan bir meta; kozmik tarihin uzun gecesinde ge\u00e7ici bir par\u0131lt\u0131d\u0131r. Fakat t\u00fcm olas\u0131l\u0131klara meydan okuyan bir durum ya\u015fan\u0131r: D\u00fcnya ayn\u0131 anda sadece bir de\u011fil, iki zeki t\u00fcr\u00fc bar\u0131nd\u0131rmaktad\u0131r. Birbirine bu kadar z\u0131t ama yine de birbirini tamamlayan bu iki t\u00fcr, uygarl\u0131\u011f\u0131n ate\u015fini yakan bir ittifak kuracakt\u0131r.Kretase D\u00f6nemi\u2019nin sonlar\u0131nda, s\u0131radan bir g\u00fcnde, Gondvana s\u00fcperk\u0131tas\u0131ndaki g\u00fcne\u015fli bir a\u00e7\u0131kl\u0131kta \u00f6\u011fle yeme\u011fini yiyen bir Tyrannosaurus sayesinde d\u00fcnyan\u0131n ilk ve en b\u00fcy\u00fck uygarl\u0131\u011f\u0131n\u0131n tohumlar\u0131 at\u0131l\u0131r. Ve kar\u0131ncalarla dinozorlar aras\u0131ndaki ittifak di\u015f\u00e7ilikle ba\u015flar. B\u00f6ylesine m\u00fctevaz\u0131 bir ba\u015flang\u0131\u00e7 yaz\u0131ya, matemati\u011fe, f\u00fczyona, antimaddeye ve hatta uzay teknolojisine kadar uzanan ger\u00e7ek bir Harikalar \u00c7a\u011f\u0131\u2019n\u0131n kap\u0131s\u0131n\u0131 a\u00e7ar!Ancak end\u00fcstrinin bir bedeli vard\u0131r \u2013 \u00f6nce D\u00fcnya\u2019n\u0131n biyosferi, sonra da ona ba\u011f\u0131ml\u0131 herkes taraf\u0131ndan \u00f6denen bir bedel.\u201cLiu\u2019nun e\u011flence anlay\u0131\u015f\u0131 bula\u015f\u0131c\u0131.\u201d \u2013Locus\u201cLiu\u2019nun bilimkurguya katk\u0131s\u0131 rakipsiz.\u201d \u2013Vice<\/p>\n","protected":false},"excerpt":{"rendered":"<p>Cixin Liu\u2019dan hiciv dolu bir fabl, politik bir alegori ve ekolojik bir uyar\u0131.Evrenin her yerinde zek\u00e2 nadir bulunan, k\u0131r\u0131lgan bir meta; kozmik tarihin uzun gecesinde ge\u00e7ici<span class=\"excerpt-hellip\"> [\u2026]<\/span><\/p>\n","protected":false},"featured_media":0,"template":"","meta":{"_monsterinsights_skip_tracking":false,"_monsterinsights_sitenote_active":false,"_monsterinsights_sitenote_note":"","_monsterinsights_sitenote_category":0},"product_brand":[],"product_cat":[12540,12291],"product_tag":[],"class_list":{"0":"post-747187","1":"product","2":"type-product","3":"status-publish","5":"product_cat-bilim-kurgu","6":"product_cat-edebiyat","7":"pa_cilt-ciltsiz","8":"pa_tur-kitap","9":"pa_yayinevi-ithaki-yayinlari","10":"pa_yazar-cixin-liu","12":"first","13":"instock","14":"sale","15":"shipping-taxable","16":"purchasable","17":"product-type-simple"},"_links":{"self":[{"href":"https:\/\/roveyayinevi.com.tr\/index.php\/wp-json\/wp\/v2\/product\/747187","targetHints":{"allow":["GET"]}}],"collection":[{"href":"https:\/\/roveyayinevi.com.tr\/index.php\/wp-json\/wp\/v2\/product"}],"about":[{"href":"https:\/\/roveyayinevi.com.tr\/index.php\/wp-json\/wp\/v2\/types\/product"}],"wp:attachment":[{"href":"https:\/\/roveyayinevi.com.tr\/index.php\/wp-json\/wp\/v2\/media?parent=747187"}],"wp:term":[{"taxonomy":"product_brand","embeddable":true,"href":"https:\/\/roveyayinevi.com.tr\/index.php\/wp-json\/wp\/v2\/product_brand?post=747187"},{"taxonomy":"product_cat","embeddable":true,"href":"https:\/\/roveyayinevi.com.tr\/index.php\/wp-json\/wp\/v2\/product_cat?post=747187"},{"taxonomy":"product_tag","embeddable":true,"href":"https:\/\/roveyayinevi.com.tr\/index.php\/wp-json\/wp\/v2\/product_tag?post=747187"}],"curies":[{"name":"wp","href":"https:\/\/api.w.org\/{rel}","templated":true}]}}