{"id":747178,"date":"2025-08-28T03:00:39","date_gmt":"2025-08-28T00:00:39","guid":{"rendered":"https:\/\/roveyayinevi.com.tr\/index.php\/urun\/kirimli\/"},"modified":"2026-04-16T02:59:50","modified_gmt":"2026-04-15T23:59:50","slug":"kirimli","status":"publish","type":"product","link":"https:\/\/roveyayinevi.com.tr\/index.php\/urun\/kirimli\/","title":{"rendered":"K\u0131r\u0131ml\u0131"},"content":{"rendered":"<p>Alu\u015fta&#8217; dan esken yeller y\u00fcz\u00fcme vurdu. Balal\u0131ktan osken evge k\u00f6z ya\u015f\u0131m d\u00fc\u015ft\u00fc. Men bu yerde ya\u015falmad\u0131m ya\u015fl\u0131\u011f\u0131ma toyalmad\u0131m. Vatan\u0131ma hasret kald\u0131m ey g\u00fczel K\u0131r\u0131m.<\/p>\n","protected":false},"excerpt":{"rendered":"<p>Alu\u015fta&#8217; dan esken yeller y\u00fcz\u00fcme vurdu. Balal\u0131ktan osken evge k\u00f6z ya\u015f\u0131m d\u00fc\u015ft\u00fc. Men bu yerde ya\u015falmad\u0131m ya\u015fl\u0131\u011f\u0131ma toyalmad\u0131m. Vatan\u0131ma hasret kald\u0131m ey g\u00fczel K\u0131r\u0131m.<\/p>\n","protected":false},"featured_media":0,"template":"","meta":{"_monsterinsights_skip_tracking":false,"_monsterinsights_sitenote_active":false,"_monsterinsights_sitenote_note":"","_monsterinsights_sitenote_category":0},"product_brand":[],"product_cat":[12291,12711],"product_tag":[],"class_list":{"0":"post-747178","1":"product","2":"type-product","3":"status-publish","5":"product_cat-edebiyat","6":"product_cat-roman-oyku","7":"pa_cilt-ciltsiz","8":"pa_tur-kitap","9":"pa_yayinevi-platanus-publishing","10":"pa_yazar-murat-isilak","12":"first","13":"instock","14":"sale","15":"shipping-taxable","16":"purchasable","17":"product-type-simple"},"_links":{"self":[{"href":"https:\/\/roveyayinevi.com.tr\/index.php\/wp-json\/wp\/v2\/product\/747178","targetHints":{"allow":["GET"]}}],"collection":[{"href":"https:\/\/roveyayinevi.com.tr\/index.php\/wp-json\/wp\/v2\/product"}],"about":[{"href":"https:\/\/roveyayinevi.com.tr\/index.php\/wp-json\/wp\/v2\/types\/product"}],"wp:attachment":[{"href":"https:\/\/roveyayinevi.com.tr\/index.php\/wp-json\/wp\/v2\/media?parent=747178"}],"wp:term":[{"taxonomy":"product_brand","embeddable":true,"href":"https:\/\/roveyayinevi.com.tr\/index.php\/wp-json\/wp\/v2\/product_brand?post=747178"},{"taxonomy":"product_cat","embeddable":true,"href":"https:\/\/roveyayinevi.com.tr\/index.php\/wp-json\/wp\/v2\/product_cat?post=747178"},{"taxonomy":"product_tag","embeddable":true,"href":"https:\/\/roveyayinevi.com.tr\/index.php\/wp-json\/wp\/v2\/product_tag?post=747178"}],"curies":[{"name":"wp","href":"https:\/\/api.w.org\/{rel}","templated":true}]}}