{"id":747161,"date":"2025-08-28T03:00:17","date_gmt":"2025-08-28T00:00:17","guid":{"rendered":"https:\/\/roveyayinevi.com.tr\/index.php\/urun\/edige-batir-destani\/"},"modified":"2026-04-16T02:59:49","modified_gmt":"2026-04-15T23:59:49","slug":"edige-batir-destani","status":"publish","type":"product","link":"https:\/\/roveyayinevi.com.tr\/index.php\/urun\/edige-batir-destani\/","title":{"rendered":"Edige Bat\u0131r Destan\u0131"},"content":{"rendered":"<p>\u201cBabas\u0131na baba demeyen, \u00dclkeye bahad\u0131r olur mu? Anas\u0131na ana demeyen, \u00dclkeye bilge olur mu? Baba kadrini bilmeyen, \u00dclkenin de\u011ferini bilir mi? Ana kadrini bilmeyen, Bahad\u0131ra baba olur mu?&#8230;\u201d   Edige Bat\u0131r Destan\u0131, kahraman\u0131n\u0131n tarihte ya\u015fam\u0131\u015f ger\u00e7ek bir \u015fahsiyet olmas\u0131yla bir\u00e7ok destandan ayr\u0131lan bir destand\u0131r. Edige, 14. asr\u0131n ikinci yar\u0131s\u0131nda Toktam\u0131\u015f ile birlikte ayn\u0131 y\u0131llarda tarih sahnesine \u00e7\u0131km\u0131\u015f, Urus Han\u2019a kar\u015f\u0131 Toktam\u0131\u015f\u2019\u0131n yan\u0131nda \u00e7arp\u0131\u015fm\u0131\u015f, Toktam\u0131\u015f\u2019\u0131n verdi\u011fi s\u00f6zleri tutmamas\u0131 \u00fczerine aralar\u0131 a\u00e7\u0131l\u0131nca Timur Han\u2019a gidip onun yan\u0131nda Toktam\u0131\u015f\u2019a kar\u015f\u0131 sava\u015fm\u0131\u015f bir kahramand\u0131r. Sava\u015f\u0131n sonucunda Timur\u2019un galip gelmesi ve Toktam\u0131\u015f\u2019\u0131n yenilmesiyle Timur\u2019un en g\u00fcvendi\u011fi adamlardan biri ve devletin Ba\u015f Bey\u2019i olarak Alt\u0131n Orda\u2019y\u0131 yirmi be\u015f y\u0131la yak\u0131n bir zaman y\u00f6netmi\u015ftir. Edige\u2019nin se\u00e7ti\u011fi ya da destekledi\u011fi prenslerin han oldu\u011fu Alt\u0131n Orda, bu devirde yeniden bir y\u00fckselme devresine girmi\u015f, ancak taht entrikalar\u0131 ve babas\u0131n\u0131n intikam\u0131 pe\u015finde ko\u015fan Kadirbirdi\u2019nin amans\u0131z d\u00fc\u015fmanl\u0131\u011f\u0131 sonucunda Edige ve o\u011flu Murad\u0131m \u00f6ld\u00fcr\u00fclm\u00fc\u015f, Alt\u0131n Orda da yeniden i\u00e7 kavgalar\u0131n getirdi\u011fi kar\u0131\u015f\u0131kl\u0131\u011fa g\u00f6m\u00fclm\u00fc\u015ft\u00fcr. Destan bu tarihi olaylar do\u011frultusunda geli\u015fmi\u015ftir. Edige\u2019nin ya\u015fad\u0131\u011f\u0131 bu tarihi olaylar, tabii olarak bir tarihi vesika gibi de\u011fil, y\u00fcksek halk yarat\u0131c\u0131l\u0131\u011f\u0131n\u0131n hayal unsurlar\u0131yla s\u00fcslenerek sunulmu\u015ftur. Edige\u2019nin ad\u0131na var edilen elinizdeki bu destan\u0131n, K\u0131p\u00e7ak T\u00fcrk halklar\u0131 aras\u0131ndaki en yayg\u0131n destanlardan birisi olmas\u0131 onun b\u00f6lge halklar\u0131 aras\u0131nda ne kadar \u00e7ok sevildi\u011finin ve hat\u0131ras\u0131n\u0131n ya\u015fat\u0131ld\u0131\u011f\u0131n\u0131n delilidir. <\/p>\n","protected":false},"excerpt":{"rendered":"<p>\u201cBabas\u0131na baba demeyen, \u00dclkeye bahad\u0131r olur mu? Anas\u0131na ana demeyen, \u00dclkeye bilge olur mu? Baba kadrini bilmeyen, \u00dclkenin de\u011ferini bilir mi? Ana kadrini bilmeyen, Bahad\u0131ra baba<span class=\"excerpt-hellip\"> [\u2026]<\/span><\/p>\n","protected":false},"featured_media":0,"template":"","meta":{"_monsterinsights_skip_tracking":false,"_monsterinsights_sitenote_active":false,"_monsterinsights_sitenote_note":"","_monsterinsights_sitenote_category":0},"product_brand":[],"product_cat":[13072,12291],"product_tag":[],"class_list":{"0":"post-747161","1":"product","2":"type-product","3":"status-publish","5":"product_cat-arastirma-inceleme-referans","6":"product_cat-edebiyat","7":"pa_cilt-ciltsiz","8":"pa_tur-kitap","9":"pa_yayinevi-vakifbank-kultur-yayinlari","10":"pa_yazar-goksel-ozturk","12":"first","13":"instock","14":"sale","15":"shipping-taxable","16":"purchasable","17":"product-type-simple"},"_links":{"self":[{"href":"https:\/\/roveyayinevi.com.tr\/index.php\/wp-json\/wp\/v2\/product\/747161","targetHints":{"allow":["GET"]}}],"collection":[{"href":"https:\/\/roveyayinevi.com.tr\/index.php\/wp-json\/wp\/v2\/product"}],"about":[{"href":"https:\/\/roveyayinevi.com.tr\/index.php\/wp-json\/wp\/v2\/types\/product"}],"wp:attachment":[{"href":"https:\/\/roveyayinevi.com.tr\/index.php\/wp-json\/wp\/v2\/media?parent=747161"}],"wp:term":[{"taxonomy":"product_brand","embeddable":true,"href":"https:\/\/roveyayinevi.com.tr\/index.php\/wp-json\/wp\/v2\/product_brand?post=747161"},{"taxonomy":"product_cat","embeddable":true,"href":"https:\/\/roveyayinevi.com.tr\/index.php\/wp-json\/wp\/v2\/product_cat?post=747161"},{"taxonomy":"product_tag","embeddable":true,"href":"https:\/\/roveyayinevi.com.tr\/index.php\/wp-json\/wp\/v2\/product_tag?post=747161"}],"curies":[{"name":"wp","href":"https:\/\/api.w.org\/{rel}","templated":true}]}}