{"id":747155,"date":"2025-08-28T03:00:11","date_gmt":"2025-08-28T00:00:11","guid":{"rendered":"https:\/\/roveyayinevi.com.tr\/index.php\/urun\/otizm-icin-pozitif-ebeveynlik\/"},"modified":"2026-04-16T02:59:49","modified_gmt":"2026-04-15T23:59:49","slug":"otizm-icin-pozitif-ebeveynlik","status":"publish","type":"product","link":"https:\/\/roveyayinevi.com.tr\/index.php\/urun\/otizm-icin-pozitif-ebeveynlik\/","title":{"rendered":"Otizm \u0130\u00e7in Pozitif Ebeveynlik"},"content":{"rendered":"<p>Otistik Bir \u00c7ocuk Yeti\u015ftirmenin Mucizelerini Kucaklamak  Leigh Merryday Porch, otizmli \u00e7ocuklar\u0131n ebeveynlerinin, \u00e7ocuklar\u0131 i\u00e7in umudu yeniden nas\u0131l tan\u0131mlayabileceklerine dair fikirlerini ve tecr\u00fcbelerini payla\u015f\u0131yor.  Otizm spektrum bozukluklar\u0131 konusunda bir e\u011fitimci ve uzman olmas\u0131n\u0131n yan\u0131 s\u0131ra otistik bir \u00e7ocu\u011fun annesi olan Porch, \u00f6zel ihtiya\u00e7lar\u0131 olan \u00e7ocuklar\u0131n ve ebeveynlerin kar\u015f\u0131la\u015ft\u0131\u011f\u0131 her t\u00fcrl\u00fc zorlu\u011fun \u00fcstesinden gelmek i\u00e7in hissettikleri bask\u0131y\u0131 \u00e7ok iyi biliyor. Porch&#8217;a g\u00f6re \u00e7ocuklar\u0131m\u0131z i\u00e7in neyin m\u00fcmk\u00fcn oldu\u011funa dair kendi hik\u00e2yelerimizi yazmal\u0131 ve onlar\u0131 olduklar\u0131 gibi sevmeliyiz.Leigh Merryday Porch, uykusuz ve endi\u015fe dolu gecelerle ba\u015fa \u00e7\u0131kmay\u0131 \u00f6\u011frenmekten, arkada\u015flar\u0131n\u0131z ve ailenizden ihtiyac\u0131n\u0131z olan deste\u011fi istemeye kadar t\u00fcm okuyuculara \u00e7ocuklar\u0131m\u0131z\u0131n geli\u015fmesine yard\u0131mc\u0131 olacak bir yol haritas\u0131 sunuyor. Otizm i\u00e7in Pozitif Ebeveynlik, otizm te\u015fhisiyle ilk kez kar\u015f\u0131la\u015fan ailelere ve otistik \u00e7ocuklarla \u00e7al\u0131\u015fan profesyonellere  d\u00fcr\u00fcst ve ak\u0131lc\u0131 bir rehber.<\/p>\n","protected":false},"excerpt":{"rendered":"<p>Otistik Bir \u00c7ocuk Yeti\u015ftirmenin Mucizelerini Kucaklamak Leigh Merryday Porch, otizmli \u00e7ocuklar\u0131n ebeveynlerinin, \u00e7ocuklar\u0131 i\u00e7in umudu yeniden nas\u0131l tan\u0131mlayabileceklerine dair fikirlerini ve tecr\u00fcbelerini payla\u015f\u0131yor. Otizm spektrum bozukluklar\u0131<span class=\"excerpt-hellip\"> [\u2026]<\/span><\/p>\n","protected":false},"featured_media":0,"template":"","meta":{"_monsterinsights_skip_tracking":false,"_monsterinsights_sitenote_active":false,"_monsterinsights_sitenote_note":"","_monsterinsights_sitenote_category":0},"product_brand":[],"product_cat":[12831,12324],"product_tag":[],"class_list":{"0":"post-747155","1":"product","2":"type-product","3":"status-publish","5":"product_cat-aile-ve-cocuk","6":"product_cat-sosyoloji","7":"pa_cilt-ciltsiz","8":"pa_tur-kitap","9":"pa_yayinevi-serenad-yayinevi","10":"pa_yazar-leigh-merryday-porch","12":"first","13":"instock","14":"sale","15":"shipping-taxable","16":"purchasable","17":"product-type-simple"},"_links":{"self":[{"href":"https:\/\/roveyayinevi.com.tr\/index.php\/wp-json\/wp\/v2\/product\/747155","targetHints":{"allow":["GET"]}}],"collection":[{"href":"https:\/\/roveyayinevi.com.tr\/index.php\/wp-json\/wp\/v2\/product"}],"about":[{"href":"https:\/\/roveyayinevi.com.tr\/index.php\/wp-json\/wp\/v2\/types\/product"}],"wp:attachment":[{"href":"https:\/\/roveyayinevi.com.tr\/index.php\/wp-json\/wp\/v2\/media?parent=747155"}],"wp:term":[{"taxonomy":"product_brand","embeddable":true,"href":"https:\/\/roveyayinevi.com.tr\/index.php\/wp-json\/wp\/v2\/product_brand?post=747155"},{"taxonomy":"product_cat","embeddable":true,"href":"https:\/\/roveyayinevi.com.tr\/index.php\/wp-json\/wp\/v2\/product_cat?post=747155"},{"taxonomy":"product_tag","embeddable":true,"href":"https:\/\/roveyayinevi.com.tr\/index.php\/wp-json\/wp\/v2\/product_tag?post=747155"}],"curies":[{"name":"wp","href":"https:\/\/api.w.org\/{rel}","templated":true}]}}