{"id":747153,"date":"2025-08-28T03:00:09","date_gmt":"2025-08-28T00:00:09","guid":{"rendered":"https:\/\/roveyayinevi.com.tr\/index.php\/urun\/coraplarini-cikarmayan-kiz\/"},"modified":"2026-04-16T02:59:49","modified_gmt":"2026-04-15T23:59:49","slug":"coraplarini-cikarmayan-kiz","status":"publish","type":"product","link":"https:\/\/roveyayinevi.com.tr\/index.php\/urun\/coraplarini-cikarmayan-kiz\/","title":{"rendered":"\u00c7oraplar\u0131n\u0131 \u00c7\u0131karmayan K\u0131z"},"content":{"rendered":"<p>Yatarken \u00e7oraplar\u0131n\u0131 \u00e7\u0131karmayan \u00e7ocuklar el kald\u0131rs\u0131n! Raziye \u00c7elik, herkesin hayat\u0131nda rastlanabilen \u201cyatarken \u00e7orap \u00e7\u0131karmama\u201d h\u00e2line bamba\u015fka bir pencereden bak\u0131yor. \u00c7ocuk dilinde \u201cyaln\u0131zl\u0131k\u201d kavram\u0131n\u0131 sorgulat\u0131rken, \u00e7\u00f6z\u00fcm odakl\u0131 bir bak\u0131\u015f a\u00e7\u0131s\u0131yla okuru s\u0131ms\u0131cak bir dostlu\u011fun tam da ortas\u0131na b\u0131rak\u0131veriyor. \u00c7ocuklar\u0131n ger\u00e7ek hislerini anlaman\u0131n, ele\u015ftirmek ya da su\u00e7lamaktan \u00f6nce nedenlere odaklanman\u0131n, ne kadar muhte\u015fem \u00e7\u00f6z\u00fcmler \u00fcretebilece\u011fine dair s\u0131cac\u0131k bir hik\u00e2ye\u2026<\/p>\n","protected":false},"excerpt":{"rendered":"<p>Yatarken \u00e7oraplar\u0131n\u0131 \u00e7\u0131karmayan \u00e7ocuklar el kald\u0131rs\u0131n! Raziye \u00c7elik, herkesin hayat\u0131nda rastlanabilen \u201cyatarken \u00e7orap \u00e7\u0131karmama\u201d h\u00e2line bamba\u015fka bir pencereden bak\u0131yor. \u00c7ocuk dilinde \u201cyaln\u0131zl\u0131k\u201d kavram\u0131n\u0131 sorgulat\u0131rken, \u00e7\u00f6z\u00fcm odakl\u0131<span class=\"excerpt-hellip\"> [\u2026]<\/span><\/p>\n","protected":false},"featured_media":0,"template":"","meta":{"_monsterinsights_skip_tracking":false,"_monsterinsights_sitenote_active":false,"_monsterinsights_sitenote_note":"","_monsterinsights_sitenote_category":0},"product_brand":[],"product_cat":[12274,12284],"product_tag":[],"class_list":{"0":"post-747153","1":"product","2":"type-product","3":"status-publish","5":"product_cat-cocuk-ve-genclik-kitaplari","6":"product_cat-hikayeler","7":"pa_cilt-ciltsiz","8":"pa_tur-kitap","9":"pa_yayinevi-luna-cocuk-yayinlari","10":"pa_yazar-raziye-celik","12":"first","13":"instock","14":"sale","15":"shipping-taxable","16":"purchasable","17":"product-type-simple"},"_links":{"self":[{"href":"https:\/\/roveyayinevi.com.tr\/index.php\/wp-json\/wp\/v2\/product\/747153","targetHints":{"allow":["GET"]}}],"collection":[{"href":"https:\/\/roveyayinevi.com.tr\/index.php\/wp-json\/wp\/v2\/product"}],"about":[{"href":"https:\/\/roveyayinevi.com.tr\/index.php\/wp-json\/wp\/v2\/types\/product"}],"wp:attachment":[{"href":"https:\/\/roveyayinevi.com.tr\/index.php\/wp-json\/wp\/v2\/media?parent=747153"}],"wp:term":[{"taxonomy":"product_brand","embeddable":true,"href":"https:\/\/roveyayinevi.com.tr\/index.php\/wp-json\/wp\/v2\/product_brand?post=747153"},{"taxonomy":"product_cat","embeddable":true,"href":"https:\/\/roveyayinevi.com.tr\/index.php\/wp-json\/wp\/v2\/product_cat?post=747153"},{"taxonomy":"product_tag","embeddable":true,"href":"https:\/\/roveyayinevi.com.tr\/index.php\/wp-json\/wp\/v2\/product_tag?post=747153"}],"curies":[{"name":"wp","href":"https:\/\/api.w.org\/{rel}","templated":true}]}}