{"id":747149,"date":"2025-08-28T03:00:04","date_gmt":"2025-08-28T00:00:04","guid":{"rendered":"https:\/\/roveyayinevi.com.tr\/index.php\/urun\/marka-yaratmak\/"},"modified":"2026-04-16T02:59:49","modified_gmt":"2026-04-15T23:59:49","slug":"marka-yaratmak","status":"publish","type":"product","link":"https:\/\/roveyayinevi.com.tr\/index.php\/urun\/marka-yaratmak\/","title":{"rendered":"Marka Yaratmak"},"content":{"rendered":"<p>Piyasadaki en iyi \u00fcr\u00fcne sahip olsan\u0131z bile, onun hakk\u0131nda konu\u015fmak i\u00e7in do\u011fru kelimeleri se\u00e7mezseniz kimse \u00fcr\u00fcn\u00fcn\u00fcz\u00fc sat\u0131n almaz. Dahas\u0131, sizden \u00e7ok daha k\u00f6t\u00fc \u00fcr\u00fcnleri olan rakibinize, sadece daha net bir mesaj\u0131 oldu\u011fu i\u00e7in kaybedersiniz. \u0130nsanlar markalar\u0131 de\u011fil, aktard\u0131klar\u0131 hik\u00e2yeleri, sembolize ettikleri mitleri sat\u0131n al\u0131rlar. G\u00fc\u00e7l\u00fc bir hik\u00e2yeniz olmazsa, ba\u015far\u0131s\u0131z olmaya mahk\u00fbmsunuzdur. Marka hik\u00e2yenizi anlatmak, \u00fcr\u00fcnlere hayat vermek ve kitlenizin dikkatini \u00e7ekerek onlar\u0131 m\u00fc\u015fteriye d\u00f6n\u00fc\u015ft\u00fcrmek i\u00e7in b\u00fcy\u00fck \u00f6nem ta\u015f\u0131r. Pazarlamada g\u00fc\u00e7l\u00fc bir ileti\u015fim tekni\u011fi olan hik\u00e2ye anlat\u0131c\u0131l\u0131\u011f\u0131n\u0131n \u00f6nemi budur. 500.000\u2019den fazla i\u015f lideriyle kan\u0131tlanm\u0131\u015f bir y\u00f6ntem olan basit StoryBrand \u00c7er\u00e7evesi size do\u011fru pazarlama y\u00f6ntemini t\u00fcm ayr\u0131nt\u0131lar\u0131yla \u00f6\u011fretir. A\u00e7\u0131k ve belirgin bir mesaj olmadan, m\u00fc\u015fteriler onlar i\u00e7in neler yapabilece\u011finizi anlayamaz ve etkile\u015fimde bulunmak istemezler. Bu da potansiyel sat\u0131\u015flar\u0131, m\u00fc\u015fteri etkile\u015fimi f\u0131rsatlar\u0131n\u0131 ve \u00e7ok daha fazlas\u0131n\u0131 kaybetmenize neden olur.  Marka Yaratmak, giri\u015fimcilere, pazarlamac\u0131lara ve i\u015fletme sahiplerine, m\u00fc\u015fterilerle ba\u011flant\u0131 kurmalar\u0131 ve i\u015flerini b\u00fcy\u00fctmeleri i\u00e7in g\u00fc\u00e7l\u00fc hik\u00e2yelerin yedi evrensel \u00f6\u011fesini kullanmay\u0131 \u00f6\u011fretiyor.<\/p>\n","protected":false},"excerpt":{"rendered":"<p>Piyasadaki en iyi \u00fcr\u00fcne sahip olsan\u0131z bile, onun hakk\u0131nda konu\u015fmak i\u00e7in do\u011fru kelimeleri se\u00e7mezseniz kimse \u00fcr\u00fcn\u00fcn\u00fcz\u00fc sat\u0131n almaz. Dahas\u0131, sizden \u00e7ok daha k\u00f6t\u00fc \u00fcr\u00fcnleri olan rakibinize,<span class=\"excerpt-hellip\"> [\u2026]<\/span><\/p>\n","protected":false},"featured_media":0,"template":"","meta":{"_monsterinsights_skip_tracking":false,"_monsterinsights_sitenote_active":false,"_monsterinsights_sitenote_note":"","_monsterinsights_sitenote_category":0},"product_brand":[],"product_cat":[13043,17492],"product_tag":[],"class_list":{"0":"post-747149","1":"product","2":"type-product","3":"status-publish","5":"product_cat-ekonomi","6":"product_cat-pazarlama-satis-reklam","7":"pa_cilt-ciltsiz","8":"pa_tur-kitap","9":"pa_yayinevi-epsilon-yayinlari","10":"pa_yazar-donald-miller","12":"first","13":"instock","14":"sale","15":"shipping-taxable","16":"purchasable","17":"product-type-simple"},"_links":{"self":[{"href":"https:\/\/roveyayinevi.com.tr\/index.php\/wp-json\/wp\/v2\/product\/747149","targetHints":{"allow":["GET"]}}],"collection":[{"href":"https:\/\/roveyayinevi.com.tr\/index.php\/wp-json\/wp\/v2\/product"}],"about":[{"href":"https:\/\/roveyayinevi.com.tr\/index.php\/wp-json\/wp\/v2\/types\/product"}],"wp:attachment":[{"href":"https:\/\/roveyayinevi.com.tr\/index.php\/wp-json\/wp\/v2\/media?parent=747149"}],"wp:term":[{"taxonomy":"product_brand","embeddable":true,"href":"https:\/\/roveyayinevi.com.tr\/index.php\/wp-json\/wp\/v2\/product_brand?post=747149"},{"taxonomy":"product_cat","embeddable":true,"href":"https:\/\/roveyayinevi.com.tr\/index.php\/wp-json\/wp\/v2\/product_cat?post=747149"},{"taxonomy":"product_tag","embeddable":true,"href":"https:\/\/roveyayinevi.com.tr\/index.php\/wp-json\/wp\/v2\/product_tag?post=747149"}],"curies":[{"name":"wp","href":"https:\/\/api.w.org\/{rel}","templated":true}]}}