{"id":747136,"date":"2025-08-28T02:59:45","date_gmt":"2025-08-27T23:59:45","guid":{"rendered":"https:\/\/roveyayinevi.com.tr\/index.php\/urun\/ben-gandhi-dunyayi-degistiren-siradan-insanlar\/"},"modified":"2026-04-16T02:59:48","modified_gmt":"2026-04-15T23:59:48","slug":"ben-gandhi-dunyayi-degistiren-siradan-insanlar","status":"publish","type":"product","link":"https:\/\/roveyayinevi.com.tr\/index.php\/urun\/ben-gandhi-dunyayi-degistiren-siradan-insanlar\/","title":{"rendered":"Ben Gandhi &#8211; D\u00fcnyay\u0131 De\u011fi\u015ftiren S\u0131radan \u0130nsanlar"},"content":{"rendered":"<p>Nezaket ve merhametle d\u00fcnyay\u0131 silkeleyip sarsaca\u011f\u0131m. Gandhi \u00e7ocuklu\u011fundan itibaren insanlar\u0131n nas\u0131l haks\u0131zl\u0131\u011fa u\u011frad\u0131\u011f\u0131na tan\u0131kl\u0131k etti. Haks\u0131zl\u0131klara boyun e\u011fmeyi reddederek sakin ve bar\u0131\u015f\u00e7\u0131l protesto y\u00f6ntemleri geli\u015ftirdi. G\u00fcney Afrika\u2019da ve Hindistan\u2019da bu y\u00f6ntemleri uygulayarak \u015fiddete ba\u015fvurmadan \u00fclkesinin \u0130ngiliz y\u00f6netiminden \u00e7\u0131k\u0131p ba\u011f\u0131ms\u0131zl\u0131\u011f\u0131na kavu\u015fmas\u0131n\u0131 sa\u011flad\u0131. Serinkanl\u0131 ve istikrarl\u0131 duru\u015fuyla Gandhi milyonlarca insan\u0131n hayat\u0131n\u0131 de\u011fi\u015ftirdi, t\u00fcm d\u00fcnyada insan haklar\u0131 m\u00fccadelelerini etkiledi. En \u00e7elimsizimizin bile neler ba\u015farabilece\u011finin kan\u0131t\u0131 oldu.    \u201cD\u00fcnyay\u0131 De\u011fi\u015ftiren S\u0131radan \u0130nsanlar\u201d dizisinde hayallerinin pe\u015finden cesaretle giden kahramanlar\u0131 yak\u0131ndan tan\u0131yacak; b\u00fcy\u00fck ba\u015far\u0131lara nas\u0131l imza att\u0131klar\u0131n\u0131 \u00f6\u011frenece\u011fiz.   <\/p>\n","protected":false},"excerpt":{"rendered":"<p>Nezaket ve merhametle d\u00fcnyay\u0131 silkeleyip sarsaca\u011f\u0131m. Gandhi \u00e7ocuklu\u011fundan itibaren insanlar\u0131n nas\u0131l haks\u0131zl\u0131\u011fa u\u011frad\u0131\u011f\u0131na tan\u0131kl\u0131k etti. Haks\u0131zl\u0131klara boyun e\u011fmeyi reddederek sakin ve bar\u0131\u015f\u00e7\u0131l protesto y\u00f6ntemleri geli\u015ftirdi. G\u00fcney<span class=\"excerpt-hellip\"> [\u2026]<\/span><\/p>\n","protected":false},"featured_media":0,"template":"","meta":{"_monsterinsights_skip_tracking":false,"_monsterinsights_sitenote_active":false,"_monsterinsights_sitenote_note":"","_monsterinsights_sitenote_category":0},"product_brand":[],"product_cat":[12274,15842],"product_tag":[],"class_list":{"0":"post-747136","1":"product","2":"type-product","3":"status-publish","5":"product_cat-cocuk-ve-genclik-kitaplari","6":"product_cat-egitici-kitaplar","7":"pa_cilt-ciltsiz","8":"pa_tur-kitap","9":"pa_yayinevi-indigo-cocuk","10":"pa_yazar-brad-meltzer","12":"first","13":"instock","14":"sale","15":"shipping-taxable","16":"purchasable","17":"product-type-simple"},"_links":{"self":[{"href":"https:\/\/roveyayinevi.com.tr\/index.php\/wp-json\/wp\/v2\/product\/747136","targetHints":{"allow":["GET"]}}],"collection":[{"href":"https:\/\/roveyayinevi.com.tr\/index.php\/wp-json\/wp\/v2\/product"}],"about":[{"href":"https:\/\/roveyayinevi.com.tr\/index.php\/wp-json\/wp\/v2\/types\/product"}],"wp:attachment":[{"href":"https:\/\/roveyayinevi.com.tr\/index.php\/wp-json\/wp\/v2\/media?parent=747136"}],"wp:term":[{"taxonomy":"product_brand","embeddable":true,"href":"https:\/\/roveyayinevi.com.tr\/index.php\/wp-json\/wp\/v2\/product_brand?post=747136"},{"taxonomy":"product_cat","embeddable":true,"href":"https:\/\/roveyayinevi.com.tr\/index.php\/wp-json\/wp\/v2\/product_cat?post=747136"},{"taxonomy":"product_tag","embeddable":true,"href":"https:\/\/roveyayinevi.com.tr\/index.php\/wp-json\/wp\/v2\/product_tag?post=747136"}],"curies":[{"name":"wp","href":"https:\/\/api.w.org\/{rel}","templated":true}]}}