{"id":747127,"date":"2025-08-28T02:59:34","date_gmt":"2025-08-27T23:59:34","guid":{"rendered":"https:\/\/roveyayinevi.com.tr\/index.php\/urun\/cocuk-ruh-sagligi-2\/"},"modified":"2026-04-16T02:59:47","modified_gmt":"2026-04-15T23:59:47","slug":"cocuk-ruh-sagligi-2","status":"publish","type":"product","link":"https:\/\/roveyayinevi.com.tr\/index.php\/urun\/cocuk-ruh-sagligi-2\/","title":{"rendered":"\u00c7ocuk Ruh Sa\u011fl\u0131\u011f\u0131"},"content":{"rendered":"<p>\u201cAtalay Y\u00f6r\u00fcko\u011flu \u00e7ocuk ve ergen psikiyatrisinin \u00fclkemizdeki geli\u015fiminde \u00f6nc\u00fc rol\u00fc olan birka\u00e7 meslekta\u015f\u0131m\u0131zdan biridir. \u00c7ocuklar\u0131n duygu, d\u00fc\u015f\u00fcnce ve davran\u0131\u015flar\u0131n\u0131n tipik geli\u015fimini kapsayan bilgiler ile ruh sa\u011fl\u0131\u011f\u0131ndaki bozulma ve dalgalanmalar\u0131 konu alan elinizdeki kitap, klinikteki mesleki uygulama s\u0131n\u0131rlar\u0131n\u0131n \u00f6tesine ge\u00e7en bir etki yaratt\u0131. Yazd\u0131klar\u0131yla ve s\u00f6yledikleriyle hepimize \u2018\u00e7ocu\u011fun bir ruhu vard\u0131r\u2019 dedirten bir hekim olarak toplumsal belle\u011fe yerle\u015fti. Kitab\u0131 okurken siz de Atalay Y\u00f6r\u00fcko\u011flu\u2019nun ya\u015fama ne\u015feyle bak\u0131\u015f\u0131n\u0131n, \u00e7ocuklar\u0131n ruh sa\u011fl\u0131\u011f\u0131n\u0131 iyile\u015ftirmeye olan inanc\u0131n\u0131n ve y\u0131llar i\u00e7inde anlam\u0131n\u0131 yitirmemi\u015f bilgeli\u011finin etkisine gireceksiniz. \u015ea\u015f\u0131rmay\u0131n.\u201d Yank\u0131 Yazgan   Bu kitab\u0131 anne, baba ve \u00f6\u011fretmenlerin \u00e7ocuklar\u0131 daha iyi tan\u0131malar\u0131na yard\u0131mc\u0131 olmak amac\u0131yla yazd\u0131m. \u00c7ocu\u011fun ki\u015filik olu\u015fumunu belirleyen olumlu ve olumsuz t\u00fcm etkenleri tart\u0131\u015ft\u0131m. Anne ve baban\u0131n sak\u0131ncal\u0131 tutum ve y\u00f6ntemlerini belirtip, \u00e7ocuk e\u011fitiminde s\u0131k d\u00fc\u015f\u00fclen yan\u0131lg\u0131lar\u0131 g\u00f6stermeye \u00e7al\u0131\u015ft\u0131m. \u00c7ocuklukta s\u0131k rastlanan ruhsal sorunlara de\u011finip \u00f6nleyici ve d\u00fczeltici yakla\u015f\u0131mlar \u00f6nerdim.   Kaleme al\u0131nd\u0131\u011f\u0131 d\u00f6nemde b\u00fcy\u00fck ilgi g\u00f6ren ve T\u00fcrk Dil Kurumu 1979 Bilim \u00d6d\u00fcl\u00fc\u2019n\u00fc kazanan \u00c7ocuk Ruh Sa\u011fl\u0131\u011f\u0131, Prof. Dr. Yank\u0131 Yazgan\u2019\u0131n sunu\u015f yaz\u0131s\u0131 ve sons\u00f6z\u00fcyle bir kez daha zamana meydan okuyor. \u00c7ocu\u011fun ruhsal geli\u015fimini do\u011fdu\u011fu andan ergenlik d\u00f6neminin sonuna kadar ele alan bu \u00e7al\u0131\u015fma, 21. y\u00fczy\u0131lda da ebeveynlerin ba\u015fucu kitab\u0131 olmaya devam ediyor. <\/p>\n","protected":false},"excerpt":{"rendered":"<p>\u201cAtalay Y\u00f6r\u00fcko\u011flu \u00e7ocuk ve ergen psikiyatrisinin \u00fclkemizdeki geli\u015fiminde \u00f6nc\u00fc rol\u00fc olan birka\u00e7 meslekta\u015f\u0131m\u0131zdan biridir. \u00c7ocuklar\u0131n duygu, d\u00fc\u015f\u00fcnce ve davran\u0131\u015flar\u0131n\u0131n tipik geli\u015fimini kapsayan bilgiler ile ruh sa\u011fl\u0131\u011f\u0131ndaki<span class=\"excerpt-hellip\"> [\u2026]<\/span><\/p>\n","protected":false},"featured_media":0,"template":"","meta":{"_monsterinsights_skip_tracking":false,"_monsterinsights_sitenote_active":false,"_monsterinsights_sitenote_note":"","_monsterinsights_sitenote_category":0},"product_brand":[],"product_cat":[12357],"product_tag":[],"class_list":{"0":"post-747127","1":"product","2":"type-product","3":"status-publish","5":"product_cat-psikoloji","6":"pa_cilt-ciltsiz","7":"pa_tur-kitap","8":"pa_yayinevi-inkilap-kitabevi","9":"pa_yazar-atalay-yorukoglu","10":"pa_yazar-prof-dr","12":"first","13":"instock","14":"sale","15":"shipping-taxable","16":"purchasable","17":"product-type-simple"},"_links":{"self":[{"href":"https:\/\/roveyayinevi.com.tr\/index.php\/wp-json\/wp\/v2\/product\/747127","targetHints":{"allow":["GET"]}}],"collection":[{"href":"https:\/\/roveyayinevi.com.tr\/index.php\/wp-json\/wp\/v2\/product"}],"about":[{"href":"https:\/\/roveyayinevi.com.tr\/index.php\/wp-json\/wp\/v2\/types\/product"}],"wp:attachment":[{"href":"https:\/\/roveyayinevi.com.tr\/index.php\/wp-json\/wp\/v2\/media?parent=747127"}],"wp:term":[{"taxonomy":"product_brand","embeddable":true,"href":"https:\/\/roveyayinevi.com.tr\/index.php\/wp-json\/wp\/v2\/product_brand?post=747127"},{"taxonomy":"product_cat","embeddable":true,"href":"https:\/\/roveyayinevi.com.tr\/index.php\/wp-json\/wp\/v2\/product_cat?post=747127"},{"taxonomy":"product_tag","embeddable":true,"href":"https:\/\/roveyayinevi.com.tr\/index.php\/wp-json\/wp\/v2\/product_tag?post=747127"}],"curies":[{"name":"wp","href":"https:\/\/api.w.org\/{rel}","templated":true}]}}