{"id":747120,"date":"2025-08-28T02:59:25","date_gmt":"2025-08-27T23:59:25","guid":{"rendered":"https:\/\/roveyayinevi.com.tr\/index.php\/urun\/burnumun-renkleri\/"},"modified":"2026-04-08T03:06:35","modified_gmt":"2026-04-08T00:06:35","slug":"burnumun-renkleri","status":"publish","type":"product","link":"https:\/\/roveyayinevi.com.tr\/index.php\/urun\/burnumun-renkleri\/","title":{"rendered":"Burnumun Renkleri"},"content":{"rendered":"<p>Daha \u00f6nce bir burunla tan\u0131\u015ft\u0131n\u0131z m\u0131?Koku k\u00f6rl\u00fc\u011f\u00fc nedir biliyor musunuz?\u0130sminizin karakterinizle uyumlu oldu\u011funu d\u00fc\u015f\u00fcn\u00fcyor musunuz?Bir s\u0131rr\u0131n\u0131z var m\u0131?O zaman ba\u015flayal\u0131m.Ben, Deniz Toprak Miskoklar. D\u00fcnyan\u0131n say\u0131l\u0131 burunlar\u0131ndan birinin koku k\u00f6rl\u00fc\u011f\u00fcyle do\u011fan o\u011fluyum. Bu s\u0131rr\u0131 saklamaya, bir de hayatta kalmaya \u00e7al\u0131\u015f\u0131yorum. O nedenle renklerle oynuyorum. Nas\u0131l m\u0131?Gerisi kapa\u011f\u0131n arkas\u0131nda\u2026Esra Yazd\u0131\u00e7 Demir&#8217;in 2021 G\u00fclten Day\u0131o\u011flu \u00c7ocuk Roman\u0131 \u00d6d\u00fcl\u00fc ald\u0131\u011f\u0131 bu hik\u00e2yede arkada\u015fl\u0131\u011f\u0131n ama en \u00e7ok da birbirine kol kanat germenin \u00f6nemini anlayacak, renklerin hayat kurtard\u0131\u011f\u0131n\u0131 g\u00f6recek, nezaketin de\u011ferini fark edecek, affetmenin \u00f6nemini kavrayacak ve sevdiklerinize sar\u0131lmak isteyeceksiniz.<\/p>\n","protected":false},"excerpt":{"rendered":"<p>Daha \u00f6nce bir burunla tan\u0131\u015ft\u0131n\u0131z m\u0131?Koku k\u00f6rl\u00fc\u011f\u00fc nedir biliyor musunuz?\u0130sminizin karakterinizle uyumlu oldu\u011funu d\u00fc\u015f\u00fcn\u00fcyor musunuz?Bir s\u0131rr\u0131n\u0131z var m\u0131?O zaman ba\u015flayal\u0131m.Ben, Deniz Toprak Miskoklar. D\u00fcnyan\u0131n say\u0131l\u0131 burunlar\u0131ndan<span class=\"excerpt-hellip\"> [\u2026]<\/span><\/p>\n","protected":false},"featured_media":0,"template":"","meta":{"_monsterinsights_skip_tracking":false,"_monsterinsights_sitenote_active":false,"_monsterinsights_sitenote_note":"","_monsterinsights_sitenote_category":0},"product_brand":[],"product_cat":[12274,12284],"product_tag":[],"class_list":{"0":"post-747120","1":"product","2":"type-product","3":"status-publish","5":"product_cat-cocuk-ve-genclik-kitaplari","6":"product_cat-hikayeler","7":"pa_cilt-ciltsiz","8":"pa_tur-kitap","9":"pa_yayinevi-altin-kitaplar-ozel-urun","10":"pa_yazar-esra-yazdic-demir","12":"first","13":"instock","14":"sale","15":"shipping-taxable","16":"purchasable","17":"product-type-simple"},"_links":{"self":[{"href":"https:\/\/roveyayinevi.com.tr\/index.php\/wp-json\/wp\/v2\/product\/747120","targetHints":{"allow":["GET"]}}],"collection":[{"href":"https:\/\/roveyayinevi.com.tr\/index.php\/wp-json\/wp\/v2\/product"}],"about":[{"href":"https:\/\/roveyayinevi.com.tr\/index.php\/wp-json\/wp\/v2\/types\/product"}],"wp:attachment":[{"href":"https:\/\/roveyayinevi.com.tr\/index.php\/wp-json\/wp\/v2\/media?parent=747120"}],"wp:term":[{"taxonomy":"product_brand","embeddable":true,"href":"https:\/\/roveyayinevi.com.tr\/index.php\/wp-json\/wp\/v2\/product_brand?post=747120"},{"taxonomy":"product_cat","embeddable":true,"href":"https:\/\/roveyayinevi.com.tr\/index.php\/wp-json\/wp\/v2\/product_cat?post=747120"},{"taxonomy":"product_tag","embeddable":true,"href":"https:\/\/roveyayinevi.com.tr\/index.php\/wp-json\/wp\/v2\/product_tag?post=747120"}],"curies":[{"name":"wp","href":"https:\/\/api.w.org\/{rel}","templated":true}]}}