{"id":747114,"date":"2025-08-28T02:59:18","date_gmt":"2025-08-27T23:59:18","guid":{"rendered":"https:\/\/roveyayinevi.com.tr\/index.php\/urun\/oguzlara-dair-osmanlilarin-aslina-dair-pecenekler\/"},"modified":"2026-04-16T02:59:46","modified_gmt":"2026-04-15T23:59:46","slug":"oguzlara-dair-osmanlilarin-aslina-dair-pecenekler","status":"publish","type":"product","link":"https:\/\/roveyayinevi.com.tr\/index.php\/urun\/oguzlara-dair-osmanlilarin-aslina-dair-pecenekler\/","title":{"rendered":"O\u011fuzlara Dair &amp; Osmanl\u0131lar\u0131n Asl\u0131na Dair &amp; Pe\u00e7enekler"},"content":{"rendered":"<p>Bu kitap\u0131 1926 y\u0131l\u0131nda Budape\u015fte&#8217;de yazm\u0131\u015ft\u0131m. O zamandan beri elime gecen malzemeyi de buna ilave ettim; fakat noksanlar\u0131m\u0131n pek \u00e7ok olmas\u0131 ne\u015fretmek cesaretimi k\u0131rmakta idi. Son zamanlarda elime manzum bir O\u011fuzname n\u00fcshas\u0131n\u0131n ge\u00e7mesi dolay\u0131s\u0131yla bununla birlikte bu yaz\u0131m\u0131 da ne\u015fretmeye karar verdim. Gerek G\u00f6k T\u00fcrk kitapelerinde ve gerek \u0130ran ve Arap kaynaklar\u0131ndaki O\u011fuzlar hakk\u0131nda verilen izahat\u0131n ara\u015ft\u0131r\u0131lmas\u0131n\u0131 ba\u015fka bir eserime b\u0131rakarak \u015fimdilik elimdeki k\u0131smen i\u015fliyebildi\u011fim malzemeyi ne\u015fr ile iktifa ediyorum. <\/p>\n","protected":false},"excerpt":{"rendered":"<p>Bu kitap\u0131 1926 y\u0131l\u0131nda Budape\u015fte&#8217;de yazm\u0131\u015ft\u0131m. O zamandan beri elime gecen malzemeyi de buna ilave ettim; fakat noksanlar\u0131m\u0131n pek \u00e7ok olmas\u0131 ne\u015fretmek cesaretimi k\u0131rmakta idi. Son<span class=\"excerpt-hellip\"> [\u2026]<\/span><\/p>\n","protected":false},"featured_media":0,"template":"","meta":{"_monsterinsights_skip_tracking":false,"_monsterinsights_sitenote_active":false,"_monsterinsights_sitenote_note":"","_monsterinsights_sitenote_category":0},"product_brand":[],"product_cat":[12312,12304],"product_tag":[],"class_list":{"0":"post-747114","1":"product","2":"type-product","3":"status-publish","5":"product_cat-diger","6":"product_cat-tarih","7":"pa_cilt-ciltsiz","8":"pa_tur-kitap","9":"pa_yayinevi-altinordu-yayinlari","10":"pa_yazar-huseyin-namik-orkun","12":"first","13":"instock","14":"sale","15":"shipping-taxable","16":"purchasable","17":"product-type-simple"},"_links":{"self":[{"href":"https:\/\/roveyayinevi.com.tr\/index.php\/wp-json\/wp\/v2\/product\/747114","targetHints":{"allow":["GET"]}}],"collection":[{"href":"https:\/\/roveyayinevi.com.tr\/index.php\/wp-json\/wp\/v2\/product"}],"about":[{"href":"https:\/\/roveyayinevi.com.tr\/index.php\/wp-json\/wp\/v2\/types\/product"}],"wp:attachment":[{"href":"https:\/\/roveyayinevi.com.tr\/index.php\/wp-json\/wp\/v2\/media?parent=747114"}],"wp:term":[{"taxonomy":"product_brand","embeddable":true,"href":"https:\/\/roveyayinevi.com.tr\/index.php\/wp-json\/wp\/v2\/product_brand?post=747114"},{"taxonomy":"product_cat","embeddable":true,"href":"https:\/\/roveyayinevi.com.tr\/index.php\/wp-json\/wp\/v2\/product_cat?post=747114"},{"taxonomy":"product_tag","embeddable":true,"href":"https:\/\/roveyayinevi.com.tr\/index.php\/wp-json\/wp\/v2\/product_tag?post=747114"}],"curies":[{"name":"wp","href":"https:\/\/api.w.org\/{rel}","templated":true}]}}

Oğuzlara Dair &amp; Osmanlıların Aslına Dair &amp; Peçenekler

<p>Bu kitapı 1926 yılında Budapeşte&#8217;de yazmıştım. O zamandan beri elime gecen malzemeyi de buna ilave ettim; fakat noksanlarımın pek çok olması neşretmek cesaretimi kırmakta idi. Son zamanlarda elime manzum bir Oğuzname nüshasının geçmesi dolayısıyla bununla birlikte bu yazımı da neşretmeye karar verdim. Gerek Gök Türk kitapelerinde ve gerek İran ve Arap kaynaklarındaki Oğuzlar hakkında verilen izahatın araştırılmasını başka bir eserime bırakarak şimdilik elimdeki kısmen işliyebildiğim malzemeyi neşr ile iktifa ediyorum. </p>

<p>Bu kitapı 1926 yılında Budapeşte&#8217;de yazmıştım. O zamandan beri elime gecen malzemeyi de buna ilave ettim; fakat noksanlarımın pek çok olması neşretmek cesaretimi kırmakta idi. Son<span class="excerpt-hellip"> […]</span></p>
