{"id":747107,"date":"2025-08-28T02:59:09","date_gmt":"2025-08-27T23:59:09","guid":{"rendered":"https:\/\/roveyayinevi.com.tr\/index.php\/urun\/buyuk-mavi-balikcil-ve-gok-balina\/"},"modified":"2026-04-11T03:07:29","modified_gmt":"2026-04-11T00:07:29","slug":"buyuk-mavi-balikcil-ve-gok-balina","status":"publish","type":"product","link":"https:\/\/roveyayinevi.com.tr\/index.php\/urun\/buyuk-mavi-balikcil-ve-gok-balina\/","title":{"rendered":"B\u00fcy\u00fck Mavi Bal\u0131k\u00e7\u0131l ve G\u00f6k Balina"},"content":{"rendered":"<p>B\u00fcy\u00fck Mavi Bal\u0131k\u00e7\u0131l, okyanusa a\u00e7\u0131ld\u0131\u011f\u0131 cesaret dolu yolculu\u011fu s\u0131ras\u0131nda G\u00f6k Balina ile tan\u0131\u015f\u0131r. Bu k\u0131sa yolculu\u011funda ondan bir\u00e7ok \u015fey \u00f6\u011frenir. \u00d6\u011frendikleri ya\u015fam\u0131 boyunca kalbinde ta\u015f\u0131yaca\u011f\u0131 bir hazinedir. \u201cSen neden mutlusun, mutlu olmak ne demek?\u201d \u201cH\u0131mm,\u201d dedi Balina. \u201cMutluluk bir se\u00e7imdir. Bence mutluluk; ya\u015fam\u0131mdaki g\u00fczellikleri, s\u0131cakl\u0131\u011f\u0131, sevgiyi g\u00f6rebilmek, onlar\u0131 fark etmeyi se\u00e7mek demektir. \u00d6rne\u011fin ben sevdi\u011fim bal\u0131klar\u0131 yedi\u011fimde mutlu oluyorum, ya\u011fmur damlalar\u0131 s\u0131rt\u0131ma \u00e7arpt\u0131\u011f\u0131nda mutlu oluyorum. R\u00fczgar beni ok\u015fad\u0131\u011f\u0131nda, suyun \u00fcst\u00fcne \u00e7\u0131k\u0131p da nefes ald\u0131\u011f\u0131mda, tenimi \u0131s\u0131tan g\u00fcne\u015fle kar\u015f\u0131la\u015ft\u0131\u011f\u0131mda\u2026 Var oldu\u011fum ve ya\u015fam\u0131 deneyimledi\u011fim i\u00e7in mutluyum. Mutlu olmay\u0131 se\u00e7iyorum!\u201d diye yan\u0131tlad\u0131.<\/p>\n","protected":false},"excerpt":{"rendered":"<p>B\u00fcy\u00fck Mavi Bal\u0131k\u00e7\u0131l, okyanusa a\u00e7\u0131ld\u0131\u011f\u0131 cesaret dolu yolculu\u011fu s\u0131ras\u0131nda G\u00f6k Balina ile tan\u0131\u015f\u0131r. Bu k\u0131sa yolculu\u011funda ondan bir\u00e7ok \u015fey \u00f6\u011frenir. \u00d6\u011frendikleri ya\u015fam\u0131 boyunca kalbinde ta\u015f\u0131yaca\u011f\u0131 bir<span class=\"excerpt-hellip\"> [\u2026]<\/span><\/p>\n","protected":false},"featured_media":0,"template":"","meta":{"_monsterinsights_skip_tracking":false,"_monsterinsights_sitenote_active":false,"_monsterinsights_sitenote_note":"","_monsterinsights_sitenote_category":0},"product_brand":[],"product_cat":[12274,12284],"product_tag":[],"class_list":{"0":"post-747107","1":"product","2":"type-product","3":"status-publish","5":"product_cat-cocuk-ve-genclik-kitaplari","6":"product_cat-hikayeler","7":"pa_cilt-ciltsiz","8":"pa_tur-kitap","9":"pa_yayinevi-ayo-yayinlari","10":"pa_yazar-gorkem-ozen-comez","12":"first","13":"instock","14":"sale","15":"shipping-taxable","16":"purchasable","17":"product-type-simple"},"_links":{"self":[{"href":"https:\/\/roveyayinevi.com.tr\/index.php\/wp-json\/wp\/v2\/product\/747107","targetHints":{"allow":["GET"]}}],"collection":[{"href":"https:\/\/roveyayinevi.com.tr\/index.php\/wp-json\/wp\/v2\/product"}],"about":[{"href":"https:\/\/roveyayinevi.com.tr\/index.php\/wp-json\/wp\/v2\/types\/product"}],"wp:attachment":[{"href":"https:\/\/roveyayinevi.com.tr\/index.php\/wp-json\/wp\/v2\/media?parent=747107"}],"wp:term":[{"taxonomy":"product_brand","embeddable":true,"href":"https:\/\/roveyayinevi.com.tr\/index.php\/wp-json\/wp\/v2\/product_brand?post=747107"},{"taxonomy":"product_cat","embeddable":true,"href":"https:\/\/roveyayinevi.com.tr\/index.php\/wp-json\/wp\/v2\/product_cat?post=747107"},{"taxonomy":"product_tag","embeddable":true,"href":"https:\/\/roveyayinevi.com.tr\/index.php\/wp-json\/wp\/v2\/product_tag?post=747107"}],"curies":[{"name":"wp","href":"https:\/\/api.w.org\/{rel}","templated":true}]}}