{"id":747103,"date":"2025-08-28T02:59:03","date_gmt":"2025-08-27T23:59:03","guid":{"rendered":"https:\/\/roveyayinevi.com.tr\/index.php\/urun\/hukuk-ve-estetik\/"},"modified":"2026-04-16T02:59:46","modified_gmt":"2026-04-15T23:59:46","slug":"hukuk-ve-estetik","status":"publish","type":"product","link":"https:\/\/roveyayinevi.com.tr\/index.php\/urun\/hukuk-ve-estetik\/","title":{"rendered":"Hukuk ve Estetik"},"content":{"rendered":"<p>Hukuk ve Estetik, ismini ald\u0131\u011f\u0131 iki kavram\u0131n edebiyat eserleri, \u00f6zellikle de \u015fiirler \u00fczerinden kesi\u015fim noktalar\u0131na odaklan\u0131yor. Hukukun bir estetik be\u011feni nesnesi olarak ele al\u0131nabilece\u011finden hareketle, hukuk disiplini i\u00e7inde kar\u015f\u0131la\u015fmaya al\u0131\u015f\u0131k olunan adalet, uyum, denge, form gibi kavramlar\u0131, al\u0131\u015f\u0131k olunmayan \u015fekilde etik de\u011fil ama bu kez estetik de\u011ferlendirmeye konu ediyor. Bunun i\u00e7in de Ele\u015ftirel Hukuk \u00c7al\u0131\u015fmalar\u0131\u2019n\u0131n a\u00e7t\u0131\u011f\u0131 yoldan ge\u00e7iyor. Weinrib, White, Frost, Shelley, Lacan, Nietzsche, Goodrich, hatta Bob Dylan gibi isimlerin ortaya koydu\u011fu eser, kavram ve  bak\u0131\u015f a\u00e7\u0131s\u0131 setiyle okuyucuya yeni bir ufuk getiriyor. <\/p>\n","protected":false},"excerpt":{"rendered":"<p>Hukuk ve Estetik, ismini ald\u0131\u011f\u0131 iki kavram\u0131n edebiyat eserleri, \u00f6zellikle de \u015fiirler \u00fczerinden kesi\u015fim noktalar\u0131na odaklan\u0131yor. Hukukun bir estetik be\u011feni nesnesi olarak ele al\u0131nabilece\u011finden hareketle, hukuk<span class=\"excerpt-hellip\"> [\u2026]<\/span><\/p>\n","protected":false},"featured_media":0,"template":"","meta":{"_monsterinsights_skip_tracking":false,"_monsterinsights_sitenote_active":false,"_monsterinsights_sitenote_note":"","_monsterinsights_sitenote_category":0},"product_brand":[],"product_cat":[15350],"product_tag":[],"class_list":{"0":"post-747103","1":"product","2":"type-product","3":"status-publish","5":"product_cat-hukuk","6":"pa_cilt-ciltsiz","7":"pa_tur-kitap","8":"pa_yayinevi-efil-yayinevi","9":"pa_yazar-adam-gearey","11":"first","12":"instock","13":"sale","14":"shipping-taxable","15":"purchasable","16":"product-type-simple"},"_links":{"self":[{"href":"https:\/\/roveyayinevi.com.tr\/index.php\/wp-json\/wp\/v2\/product\/747103","targetHints":{"allow":["GET"]}}],"collection":[{"href":"https:\/\/roveyayinevi.com.tr\/index.php\/wp-json\/wp\/v2\/product"}],"about":[{"href":"https:\/\/roveyayinevi.com.tr\/index.php\/wp-json\/wp\/v2\/types\/product"}],"wp:attachment":[{"href":"https:\/\/roveyayinevi.com.tr\/index.php\/wp-json\/wp\/v2\/media?parent=747103"}],"wp:term":[{"taxonomy":"product_brand","embeddable":true,"href":"https:\/\/roveyayinevi.com.tr\/index.php\/wp-json\/wp\/v2\/product_brand?post=747103"},{"taxonomy":"product_cat","embeddable":true,"href":"https:\/\/roveyayinevi.com.tr\/index.php\/wp-json\/wp\/v2\/product_cat?post=747103"},{"taxonomy":"product_tag","embeddable":true,"href":"https:\/\/roveyayinevi.com.tr\/index.php\/wp-json\/wp\/v2\/product_tag?post=747103"}],"curies":[{"name":"wp","href":"https:\/\/api.w.org\/{rel}","templated":true}]}}