{"id":747096,"date":"2025-08-28T02:58:54","date_gmt":"2025-08-27T23:58:54","guid":{"rendered":"https:\/\/roveyayinevi.com.tr\/index.php\/urun\/elit-duzey-kadin-ve-erkek-voleybolcular-ile-basketbolcularin-iletisim-becerilerinin-incelenmesi\/"},"modified":"2026-04-16T02:59:45","modified_gmt":"2026-04-15T23:59:45","slug":"elit-duzey-kadin-ve-erkek-voleybolcular-ile-basketbolcularin-iletisim-becerilerinin-incelenmesi","status":"publish","type":"product","link":"https:\/\/roveyayinevi.com.tr\/index.php\/urun\/elit-duzey-kadin-ve-erkek-voleybolcular-ile-basketbolcularin-iletisim-becerilerinin-incelenmesi\/","title":{"rendered":"Elit D\u00fczey Kad\u0131n ve Erkek Voleybolcular ile Basketbolcular\u0131n \u0130leti\u015fim Becerilerinin \u0130ncelenmesi"},"content":{"rendered":"<p>\u0130\u00e7indekiler:     1. G\u0130R\u0130\u015e 1.1. Ara\u015ft\u0131rman\u0131n Problemi 1.2. S\u0131n\u0131rl\u0131l\u0131klar 1.3. Say\u0131lt\u0131lar 1.4. Hipotezler 1.5. Ara\u015ft\u0131rman\u0131n \u00d6nemi 1.6. Ara\u015ft\u0131rman\u0131n Amac\u0131   2. GENEL B\u0130LG\u0130LER 2.1. \u0130leti\u015fim Kavram\u0131 ve Tan\u0131m\u0131 2.2. \u0130leti\u015fim T\u00fcrleri 2.2.1. S\u00f6zl\u00fc \u0130leti\u015fim 2.2.2. S\u00f6zs\u00fcz \u0130leti\u015fim 2.2.3. Yaz\u0131l\u0131 \u0130leti\u015fim 2.2.4. Elektronik \u0130leti\u015fim 2.3. \u0130leti\u015fim \u00c7e\u015fitleri 2.3.1. Ki\u015finin Kendisiyle \u0130leti\u015fimi 2.3.2. Ki\u015filer Aras\u0131 \u0130leti\u015fim 2.3.3. Grup \u0130leti\u015fimi 2.3.4. \u00d6rg\u00fctsel \u0130leti\u015fim 2.4. \u0130leti\u015fim S\u00fcreci 2.4.1. G\u00f6nderici (Kaynak) 2.4.2. Mesaj 2.4.3. Kanal 2.4.4. Al\u0131c\u0131 2.4.5. Kodlama (\u00c7\u00f6z\u00fcmleme) 2.4.6. G\u00fcr\u00fclt\u00fc 2.4.7. Geri Bildirim (D\u00f6n\u00fct) 2.5. \u0130leti\u015fim Becerisi 2.6. Sporda \u0130leti\u015fim 2.6.1. Sporda \u0130leti\u015fimin Boyutlar\u0131   3. GERE\u00c7 VE Y\u00d6NTEM 3.1. \u00c7al\u0131\u015fmada Kullan\u0131lan Veri Toplama Ara\u00e7lar\u0131 3.2. \u0130leti\u015fim Becerilerini De\u011ferlendirme \u00d6l\u00e7e\u011fi (\u0130BD\u00d6) 3.3. Ki\u015fisel Bilgi Formu 3.4. \u00c7al\u0131\u015fman\u0131n Y\u00f6ntemi 3.5. \u00c7al\u0131\u015fman\u0131n Evreni ve \u00d6rneklemi 3.6. Verilerin Toplanma S\u00fcreci 3.7. Verilerin \u0130statistiksel Olarak Analiz Edilmesi   4. BULGULAR 4.1. \u00c7al\u0131\u015fmaya Kat\u0131lan \u00d6\u011frencilerin Tan\u0131mlay\u0131c\u0131 Bilgileri   5. TARTI\u015eMA   6. SONU\u00c7 VE \u00d6NER\u0130LER   KAYNAKLAR <\/p>\n","protected":false},"excerpt":{"rendered":"<p>\u0130\u00e7indekiler: 1. G\u0130R\u0130\u015e 1.1. Ara\u015ft\u0131rman\u0131n Problemi 1.2. S\u0131n\u0131rl\u0131l\u0131klar 1.3. Say\u0131lt\u0131lar 1.4. Hipotezler 1.5. Ara\u015ft\u0131rman\u0131n \u00d6nemi 1.6. Ara\u015ft\u0131rman\u0131n Amac\u0131 2. GENEL B\u0130LG\u0130LER 2.1. \u0130leti\u015fim Kavram\u0131 ve Tan\u0131m\u0131<span class=\"excerpt-hellip\"> [\u2026]<\/span><\/p>\n","protected":false},"featured_media":0,"template":"","meta":{"_monsterinsights_skip_tracking":false,"_monsterinsights_sitenote_active":false,"_monsterinsights_sitenote_note":"","_monsterinsights_sitenote_category":0},"product_brand":[],"product_cat":[12573,12566],"product_tag":[],"class_list":{"0":"post-747096","1":"product","2":"type-product","3":"status-publish","5":"product_cat-akademik-kitaplar","6":"product_cat-egitim","7":"pa_cilt-ciltsiz","8":"pa_tur-kitap","9":"pa_yayinevi-gazi-kitabevi","10":"pa_yazar-omer-tekeli","12":"first","13":"instock","14":"sale","15":"shipping-taxable","16":"purchasable","17":"product-type-simple"},"_links":{"self":[{"href":"https:\/\/roveyayinevi.com.tr\/index.php\/wp-json\/wp\/v2\/product\/747096","targetHints":{"allow":["GET"]}}],"collection":[{"href":"https:\/\/roveyayinevi.com.tr\/index.php\/wp-json\/wp\/v2\/product"}],"about":[{"href":"https:\/\/roveyayinevi.com.tr\/index.php\/wp-json\/wp\/v2\/types\/product"}],"wp:attachment":[{"href":"https:\/\/roveyayinevi.com.tr\/index.php\/wp-json\/wp\/v2\/media?parent=747096"}],"wp:term":[{"taxonomy":"product_brand","embeddable":true,"href":"https:\/\/roveyayinevi.com.tr\/index.php\/wp-json\/wp\/v2\/product_brand?post=747096"},{"taxonomy":"product_cat","embeddable":true,"href":"https:\/\/roveyayinevi.com.tr\/index.php\/wp-json\/wp\/v2\/product_cat?post=747096"},{"taxonomy":"product_tag","embeddable":true,"href":"https:\/\/roveyayinevi.com.tr\/index.php\/wp-json\/wp\/v2\/product_tag?post=747096"}],"curies":[{"name":"wp","href":"https:\/\/api.w.org\/{rel}","templated":true}]}}