{"id":747090,"date":"2025-08-28T02:58:49","date_gmt":"2025-08-27T23:58:49","guid":{"rendered":"https:\/\/roveyayinevi.com.tr\/index.php\/urun\/sporsal-perspektif\/"},"modified":"2026-04-16T02:59:45","modified_gmt":"2026-04-15T23:59:45","slug":"sporsal-perspektif","status":"publish","type":"product","link":"https:\/\/roveyayinevi.com.tr\/index.php\/urun\/sporsal-perspektif\/","title":{"rendered":"Sporsal Perspektif"},"content":{"rendered":"<p>\u0130\u00e7indekiler:   1. E-Spor ve De\u011fi\u015fen D\u00fcnya  2. Sporun Engellilere Faydalar\u0131  3. Tenis ve \u00c7ocuk Geli\u015fimi  4. Rekreasyon Etkinliklerinde Pazarlaman\u0131n Yeri ve \u00d6nemi  5. Spor Bilimleri Fak\u00fcltesi \u00d6\u011frencilerinde Riskli Davran\u0131\u015flar \u0130le Aile \u0130klimi Aras\u0131ndaki \u0130li\u015fkinin    \u0130ncelenmesi 6. Rekreatif Kent(li)le\u015fme 7. Farkl\u0131 K\u00fclt\u00fcrlerde Spor 8. Okul \u00d6ncesi \u00c7ocuklar\u0131n\u0131n Spor ile \u0130lgili G\u00f6r\u00fc\u015flerinin \u0130ncelenmesi 9. \u00c7ocuk ve Spor \u0130li\u015fkisi 10. Gebelik ve Yoga 11. Beden E\u011fitimi ve Sporda Psikolojik \u0130htiya\u00e7lar 12. Prenslik D\u00f6nemi Bulgar Jimnastik Cemiyetlerinin Makedonya Komiteleri \u0130le \u0130rtibat\u0131 13. Dezavantajl\u0131 \u00d6\u011frenciler Olarak Roman \u00c7ocuk ve Gen\u00e7lerde Sporun Katk\u0131lar\u0131<\/p>\n","protected":false},"excerpt":{"rendered":"<p>\u0130\u00e7indekiler: 1. E-Spor ve De\u011fi\u015fen D\u00fcnya 2. Sporun Engellilere Faydalar\u0131 3. Tenis ve \u00c7ocuk Geli\u015fimi 4. Rekreasyon Etkinliklerinde Pazarlaman\u0131n Yeri ve \u00d6nemi 5. Spor Bilimleri Fak\u00fcltesi<span class=\"excerpt-hellip\"> [\u2026]<\/span><\/p>\n","protected":false},"featured_media":0,"template":"","meta":{"_monsterinsights_skip_tracking":false,"_monsterinsights_sitenote_active":false,"_monsterinsights_sitenote_note":"","_monsterinsights_sitenote_category":0},"product_brand":[],"product_cat":[15563,15564],"product_tag":[],"class_list":{"0":"post-747090","1":"product","2":"type-product","3":"status-publish","5":"product_cat-hobi","6":"product_cat-spor","7":"pa_cilt-ciltsiz","8":"pa_tur-kitap","9":"pa_yayinevi-gazi-kitabevi","10":"pa_yazar-kolektif","12":"first","13":"instock","14":"sale","15":"shipping-taxable","16":"purchasable","17":"product-type-simple"},"_links":{"self":[{"href":"https:\/\/roveyayinevi.com.tr\/index.php\/wp-json\/wp\/v2\/product\/747090","targetHints":{"allow":["GET"]}}],"collection":[{"href":"https:\/\/roveyayinevi.com.tr\/index.php\/wp-json\/wp\/v2\/product"}],"about":[{"href":"https:\/\/roveyayinevi.com.tr\/index.php\/wp-json\/wp\/v2\/types\/product"}],"wp:attachment":[{"href":"https:\/\/roveyayinevi.com.tr\/index.php\/wp-json\/wp\/v2\/media?parent=747090"}],"wp:term":[{"taxonomy":"product_brand","embeddable":true,"href":"https:\/\/roveyayinevi.com.tr\/index.php\/wp-json\/wp\/v2\/product_brand?post=747090"},{"taxonomy":"product_cat","embeddable":true,"href":"https:\/\/roveyayinevi.com.tr\/index.php\/wp-json\/wp\/v2\/product_cat?post=747090"},{"taxonomy":"product_tag","embeddable":true,"href":"https:\/\/roveyayinevi.com.tr\/index.php\/wp-json\/wp\/v2\/product_tag?post=747090"}],"curies":[{"name":"wp","href":"https:\/\/api.w.org\/{rel}","templated":true}]}}