{"id":747063,"date":"2025-08-28T02:58:16","date_gmt":"2025-08-27T23:58:16","guid":{"rendered":"https:\/\/roveyayinevi.com.tr\/index.php\/urun\/dokuz-dunya-ve-gucleri\/"},"modified":"2026-04-16T02:59:44","modified_gmt":"2026-04-15T23:59:44","slug":"dokuz-dunya-ve-gucleri","status":"publish","type":"product","link":"https:\/\/roveyayinevi.com.tr\/index.php\/urun\/dokuz-dunya-ve-gucleri\/","title":{"rendered":"Dokuz D\u00fcnya ve G\u00fc\u00e7leri"},"content":{"rendered":"<p>\u201c\u015eu anda bizi istedikleri gibi kullan\u0131yorlar m\u0131yd\u0131 yoksa bizi bize b\u0131rak\u0131p davran\u0131\u015flar\u0131m\u0131z\u0131 m\u0131 izliyorlard\u0131? \u0130nsanlar\u0131 \u0131rk \u0131rk tan\u0131yorlarsa bu geli\u015fleri ilk olamazd\u0131. Acaba daha \u00f6nce ka\u00e7 defa daha gelmi\u015flerdi. \u00dczerimizde muhtemelen deney yap\u0131yorlard\u0131. Neyi deniyorlard\u0131 acaba? \u0130la\u00e7 gibi bir \u015fey mi yoksa daha u\u00e7uk bir \u015feyler mi? Belki de hi\u00e7bir zaman cevaplanamayacak sorulard\u0131 bunlar.\u201d Aras ve arkada\u015flar\u0131 uzayl\u0131lar taraf\u0131ndan ka\u00e7\u0131r\u0131l\u0131yor eve d\u00f6n\u00fc\u015f onlar i\u00e7in bir son mu olacak yoksa bir ba\u015flang\u0131\u00e7 m\u0131? R\u00fcyalar onlar\u0131 hangi maceralara s\u00fcr\u00fckleyecek? Mehmet Burak G\u00fcrtunca\u2019dan D\u00fcnya d\u0131\u015f\u0131 varl\u0131klara kar\u015f\u0131 bir ka\u00e7\u0131\u015f\u0131n hik\u00e2yesi\u2026<\/p>\n","protected":false},"excerpt":{"rendered":"<p>\u201c\u015eu anda bizi istedikleri gibi kullan\u0131yorlar m\u0131yd\u0131 yoksa bizi bize b\u0131rak\u0131p davran\u0131\u015flar\u0131m\u0131z\u0131 m\u0131 izliyorlard\u0131? \u0130nsanlar\u0131 \u0131rk \u0131rk tan\u0131yorlarsa bu geli\u015fleri ilk olamazd\u0131. Acaba daha \u00f6nce ka\u00e7<span class=\"excerpt-hellip\"> [\u2026]<\/span><\/p>\n","protected":false},"featured_media":0,"template":"","meta":{"_monsterinsights_skip_tracking":false,"_monsterinsights_sitenote_active":false,"_monsterinsights_sitenote_note":"","_monsterinsights_sitenote_category":0},"product_brand":[],"product_cat":[12540,12291],"product_tag":[],"class_list":{"0":"post-747063","1":"product","2":"type-product","3":"status-publish","5":"product_cat-bilim-kurgu","6":"product_cat-edebiyat","7":"pa_cilt-ciltsiz","8":"pa_tur-kitap","9":"pa_yayinevi-elpis-yayinlari","10":"pa_yazar-mehmet-burak-gurtunca","12":"first","13":"instock","14":"sale","15":"shipping-taxable","16":"purchasable","17":"product-type-simple"},"_links":{"self":[{"href":"https:\/\/roveyayinevi.com.tr\/index.php\/wp-json\/wp\/v2\/product\/747063","targetHints":{"allow":["GET"]}}],"collection":[{"href":"https:\/\/roveyayinevi.com.tr\/index.php\/wp-json\/wp\/v2\/product"}],"about":[{"href":"https:\/\/roveyayinevi.com.tr\/index.php\/wp-json\/wp\/v2\/types\/product"}],"wp:attachment":[{"href":"https:\/\/roveyayinevi.com.tr\/index.php\/wp-json\/wp\/v2\/media?parent=747063"}],"wp:term":[{"taxonomy":"product_brand","embeddable":true,"href":"https:\/\/roveyayinevi.com.tr\/index.php\/wp-json\/wp\/v2\/product_brand?post=747063"},{"taxonomy":"product_cat","embeddable":true,"href":"https:\/\/roveyayinevi.com.tr\/index.php\/wp-json\/wp\/v2\/product_cat?post=747063"},{"taxonomy":"product_tag","embeddable":true,"href":"https:\/\/roveyayinevi.com.tr\/index.php\/wp-json\/wp\/v2\/product_tag?post=747063"}],"curies":[{"name":"wp","href":"https:\/\/api.w.org\/{rel}","templated":true}]}}