{"id":747049,"date":"2025-08-28T02:57:56","date_gmt":"2025-08-27T23:57:56","guid":{"rendered":"https:\/\/roveyayinevi.com.tr\/index.php\/urun\/b2-seyir-jurnali\/"},"modified":"2026-04-16T02:59:44","modified_gmt":"2026-04-15T23:59:44","slug":"b2-seyir-jurnali","status":"publish","type":"product","link":"https:\/\/roveyayinevi.com.tr\/index.php\/urun\/b2-seyir-jurnali\/","title":{"rendered":"B2 Seyir Jurnali"},"content":{"rendered":"<p>B2 Ko\u011fu\u015fu, 3,5 y\u0131l, 22 defter&#8230; Kumpas, ihanet ve al\u00e7akl\u0131\u011f\u0131n derin tarihi. Ama Diren\u00e7, kararl\u0131l\u0131k ve umut&#8230;   B2 Seyir Jurnali K\u0131l\u0131c\u0131 al\u0131nan\u0131n kalemle m\u00fccadelesidir. \u00d6yle bir m\u00fccadele ki Demir parmakl\u0131klardan g\u00f6ky\u00fcz\u00fcne bakarken, inad\u0131na mavi ufukta gemiler g\u00f6rebilmektir.   Ali T\u00fcrk\u015fen\u2019in B2 Seyir Jurnali, sadece bir g\u00fcnl\u00fck de\u011fil, yak\u0131n siyasal tarihimizin de bir g\u00fcncesidir. Bu nedenle 22 defter, sadece bir Bahriyelinin g\u00fcnl\u00fckleri de\u011fil, T\u00fcrk Silahl\u0131 Kuvvetleri ba\u015fta olmak \u00fczere T\u00fcrkiye\u2019nin en \u00f6nemli kurumlar\u0131n\u0131n d\u00f6n\u00fc\u015f\u00fcm\u00fcn\u00fcn de \u00f6znelerinin kaleminden belgesidir. <\/p>\n","protected":false},"excerpt":{"rendered":"<p>B2 Ko\u011fu\u015fu, 3,5 y\u0131l, 22 defter&#8230; Kumpas, ihanet ve al\u00e7akl\u0131\u011f\u0131n derin tarihi. Ama Diren\u00e7, kararl\u0131l\u0131k ve umut&#8230; B2 Seyir Jurnali K\u0131l\u0131c\u0131 al\u0131nan\u0131n kalemle m\u00fccadelesidir. \u00d6yle bir<span class=\"excerpt-hellip\"> [\u2026]<\/span><\/p>\n","protected":false},"featured_media":0,"template":"","meta":{"_monsterinsights_skip_tracking":false,"_monsterinsights_sitenote_active":false,"_monsterinsights_sitenote_note":"","_monsterinsights_sitenote_category":0},"product_brand":[],"product_cat":[12370,12304],"product_tag":[],"class_list":{"0":"post-747049","1":"product","2":"type-product","3":"status-publish","5":"product_cat-arastirma-inceleme","6":"product_cat-tarih","7":"pa_cilt-ciltsiz","8":"pa_tur-kitap","9":"pa_yayinevi-kirmizi-kedi-yayinevi","10":"pa_yazar-ali-turksen","12":"first","13":"instock","14":"sale","15":"shipping-taxable","16":"purchasable","17":"product-type-simple"},"_links":{"self":[{"href":"https:\/\/roveyayinevi.com.tr\/index.php\/wp-json\/wp\/v2\/product\/747049","targetHints":{"allow":["GET"]}}],"collection":[{"href":"https:\/\/roveyayinevi.com.tr\/index.php\/wp-json\/wp\/v2\/product"}],"about":[{"href":"https:\/\/roveyayinevi.com.tr\/index.php\/wp-json\/wp\/v2\/types\/product"}],"wp:attachment":[{"href":"https:\/\/roveyayinevi.com.tr\/index.php\/wp-json\/wp\/v2\/media?parent=747049"}],"wp:term":[{"taxonomy":"product_brand","embeddable":true,"href":"https:\/\/roveyayinevi.com.tr\/index.php\/wp-json\/wp\/v2\/product_brand?post=747049"},{"taxonomy":"product_cat","embeddable":true,"href":"https:\/\/roveyayinevi.com.tr\/index.php\/wp-json\/wp\/v2\/product_cat?post=747049"},{"taxonomy":"product_tag","embeddable":true,"href":"https:\/\/roveyayinevi.com.tr\/index.php\/wp-json\/wp\/v2\/product_tag?post=747049"}],"curies":[{"name":"wp","href":"https:\/\/api.w.org\/{rel}","templated":true}]}}