{"id":747040,"date":"2025-08-28T02:57:44","date_gmt":"2025-08-27T23:57:44","guid":{"rendered":"https:\/\/roveyayinevi.com.tr\/index.php\/urun\/gokkusagi-denizanasi-renklerini-nasil-kaybetti\/"},"modified":"2026-04-16T02:59:43","modified_gmt":"2026-04-15T23:59:43","slug":"gokkusagi-denizanasi-renklerini-nasil-kaybetti","status":"publish","type":"product","link":"https:\/\/roveyayinevi.com.tr\/index.php\/urun\/gokkusagi-denizanasi-renklerini-nasil-kaybetti\/","title":{"rendered":"G\u00f6kku\u015fa\u011f\u0131 Denizanas\u0131 Renklerini Nas\u0131l Kaybetti?"},"content":{"rendered":"<p>Turuncu, k\u0131rm\u0131z\u0131, ye\u015fil, lila, mavi, sar\u0131 ve mor bir denizanas\u0131\u2026 Bir g\u00fcn, bir dalga gelip de t\u00fcm renklerini silerse ne olur? Renkli denizanas\u0131 elbette renklerinin pe\u015fine d\u00fc\u015fer! Ve \u00e7ocuklara, hem renkleri \u00f6\u011freten hem de y\u00fczlerini g\u00fcl\u00fcmseten bir hik\u00e2ye \u00e7\u0131kar!   Peki\u2026 Yazar Do\u011fa \u00d6zen\u2019in hen\u00fcz alt\u0131 ya\u015f\u0131nda oldu\u011funu s\u00f6ylesek! Bir \u00e7ocuk, sizi \u00e7ocuk d\u00fcnyas\u0131na davet ediyor! Hem de reng\u00e2renk bir d\u00fcnyaya! <\/p>\n","protected":false},"excerpt":{"rendered":"<p>Turuncu, k\u0131rm\u0131z\u0131, ye\u015fil, lila, mavi, sar\u0131 ve mor bir denizanas\u0131\u2026 Bir g\u00fcn, bir dalga gelip de t\u00fcm renklerini silerse ne olur? Renkli denizanas\u0131 elbette renklerinin pe\u015fine<span class=\"excerpt-hellip\"> [\u2026]<\/span><\/p>\n","protected":false},"featured_media":0,"template":"","meta":{"_monsterinsights_skip_tracking":false,"_monsterinsights_sitenote_active":false,"_monsterinsights_sitenote_note":"","_monsterinsights_sitenote_category":0},"product_brand":[],"product_cat":[12274,12284],"product_tag":[],"class_list":{"0":"post-747040","1":"product","2":"type-product","3":"status-publish","5":"product_cat-cocuk-ve-genclik-kitaplari","6":"product_cat-hikayeler","7":"pa_cilt-ciltsiz","8":"pa_tur-kitap","9":"pa_yayinevi-luna-cocuk-yayinlari","10":"pa_yazar-doga-ozen","12":"first","13":"instock","14":"sale","15":"shipping-taxable","16":"purchasable","17":"product-type-simple"},"_links":{"self":[{"href":"https:\/\/roveyayinevi.com.tr\/index.php\/wp-json\/wp\/v2\/product\/747040","targetHints":{"allow":["GET"]}}],"collection":[{"href":"https:\/\/roveyayinevi.com.tr\/index.php\/wp-json\/wp\/v2\/product"}],"about":[{"href":"https:\/\/roveyayinevi.com.tr\/index.php\/wp-json\/wp\/v2\/types\/product"}],"wp:attachment":[{"href":"https:\/\/roveyayinevi.com.tr\/index.php\/wp-json\/wp\/v2\/media?parent=747040"}],"wp:term":[{"taxonomy":"product_brand","embeddable":true,"href":"https:\/\/roveyayinevi.com.tr\/index.php\/wp-json\/wp\/v2\/product_brand?post=747040"},{"taxonomy":"product_cat","embeddable":true,"href":"https:\/\/roveyayinevi.com.tr\/index.php\/wp-json\/wp\/v2\/product_cat?post=747040"},{"taxonomy":"product_tag","embeddable":true,"href":"https:\/\/roveyayinevi.com.tr\/index.php\/wp-json\/wp\/v2\/product_tag?post=747040"}],"curies":[{"name":"wp","href":"https:\/\/api.w.org\/{rel}","templated":true}]}}