{"id":747023,"date":"2025-08-28T02:56:45","date_gmt":"2025-08-27T23:56:45","guid":{"rendered":"https:\/\/roveyayinevi.com.tr\/index.php\/urun\/nasil-flort-edilmez\/"},"modified":"2026-04-16T02:59:42","modified_gmt":"2026-04-15T23:59:42","slug":"nasil-flort-edilmez","status":"publish","type":"product","link":"https:\/\/roveyayinevi.com.tr\/index.php\/urun\/nasil-flort-edilmez\/","title":{"rendered":"Nas\u0131l Fl\u00f6rt Edilmez"},"content":{"rendered":"<p>Bara git: \u2713 Yeni bir \u015fey dene: \u2713 Biriyle tak\u0131l: \u2026   \u00dcniversitede y\u0131llar\u0131n\u0131 harcad\u0131\u011f\u0131 departman\u0131n kaderi tehlikede olan Naya Turner, uzun s\u00fcredir ilk kez kendisi i\u00e7in bir \u015feyler yapmak \u00fczere bara gitmi\u015fti. Bir gece olsun akl\u0131n\u0131 i\u015finden uzakla\u015ft\u0131rabilir ve arkada\u015flar\u0131n\u0131n haz\u0131rlad\u0131\u011f\u0131 yap\u0131lacaklar listesine odaklanabilirdi.   \u015eehre i\u015f i\u00e7in gelmi\u015f \u00e7ekici yabanc\u0131ysa listesindeki maddelerin \u00fczerini \u00e7izmek i\u00e7in m\u00fckemmel f\u0131rsatt\u0131. Jake seksiydi, onu g\u00fcld\u00fcr\u00fcyordu ve kaybetti\u011fi \u00f6zg\u00fcvenini kazanmas\u0131 i\u00e7in Naya\u2019ya meydan okuyordu.   Ama bu beklenmedik fl\u00f6rt Naya\u2019n\u0131n u\u011fruna \u00e7abalad\u0131\u011f\u0131 her \u015feyi mahvedebilirdi. \u015eimdi \u00f6n\u00fcnde iki se\u00e7enek bulunan Naya, ya tekrar kabu\u011funa \u00e7ekilecek ya da ona tekrar ya\u015fad\u0131\u011f\u0131n\u0131 hissettiren a\u015fka tutunacakt\u0131.   \u201cWilliams bu tatl\u0131 \u00e7\u0131k\u0131\u015f roman\u0131nda romantik komedinin e\u011flencesini daha a\u011f\u0131r konularla harmanl\u0131yor.\u201d \u2014Washington Post   \u201cNas\u0131l Fl\u00f6rt Edilmez kesinlikle MUHTE\u015eEM!! Ger\u00e7ek hayatta kar\u015f\u0131m\u0131za \u00e7\u0131kabilecek ciddi meseleler, fl\u00f6rt\u00f6z at\u0131\u015fmalar, ate\u015fli bir tutku ve kalp eriten bir romantizmle zenginle\u015ftirilmi\u015f\u2026 Beni ilk sayfadan ele ge\u00e7irdi ve son sayfaya kadar da kendine esir etti. Sonra bu g\u00fczelli\u011fi tekrar tatmak i\u00e7in hemen yeniden okumaya ba\u015flad\u0131m.\u201d \u2014Priscilla Oliveras \u201cWilliams laf dala\u015f\u0131n\u0131 ve \u015fehveti bir araya getirirken ayn\u0131 zamanda okurlara kendi hakk\u0131n\u0131 savunman\u0131n \u00f6nemli \u2013ve de korkun\u00e7\u2013 oldu\u011funu \u00f6\u011frenen ama kap\u0131lar\u0131n\u0131 a\u015fka a\u00e7abilen bir karakter sunuyor. Nas\u0131l Fl\u00f6rt Edilmez\u2019i okunacaklar listenizin en ba\u015f\u0131na yaz\u0131n!\u201d \u2014Jen DeLuca   \u201cNas\u0131l Fl\u00f6rt Edilmez \u00e7ok g\u00fc\u00e7l\u00fc bir romans. Komik, \u00e7ekici ve ate\u015fli olmas\u0131n\u0131n yan\u0131 s\u0131ra kalbime dokunan duygusal bir derinli\u011fi de var.\u201d \u2014Sarah Smith   \u201cWilliams\u2019\u0131n \u00e7\u0131k\u0131\u015f roman\u0131, kendi sesini yeniden bulan ve tutkular\u0131na sahip \u00e7\u0131kan bir kad\u0131n kahraman\u0131n b\u00fcy\u00fcleyici, romantik a\u015fk hik\u00e2yesini anlat\u0131yor.\u201d \u2014Andie J. Christopher   \u201cNas\u0131l Fl\u00f6rt Edilmez her a\u00e7\u0131dan beklentileri kar\u015f\u0131l\u0131yor. Komik, seksi, i\u00e7 a\u00e7\u0131c\u0131 ve duygusal. Sevilesi karakterleri, yenilik\u00e7i olay \u00f6rg\u00fcs\u00fc ve merak uyand\u0131ran anlat\u0131m\u0131 o kadar g\u00fczeldi ki elimden b\u0131rakmak istemedim! Kesinlikle y\u0131l\u0131n favorileri aras\u0131nda!\u201d \u2014Samantha Young   \u201cDenise Williams\u2019\u0131n yaz\u0131m\u0131ndaki s\u0131cakl\u0131k t\u0131pk\u0131 zek\u00e2s\u0131 gibi a\u015fik\u00e2r. Zorlu konular\u0131 ve duygular\u0131 incelikle ele al\u0131yor. En iyisi de, Jake tam benim sevdi\u011fim t\u00fcrde bir karakter \u2013 seksi, ak\u0131ll\u0131, tatl\u0131 ve s\u0131r\u0131ls\u0131klam \u00e2\u015f\u0131k&#8230;\u201d \u2014Olivia Dade <\/p>\n","protected":false},"excerpt":{"rendered":"<p>Bara git: \u2713 Yeni bir \u015fey dene: \u2713 Biriyle tak\u0131l: \u2026 \u00dcniversitede y\u0131llar\u0131n\u0131 harcad\u0131\u011f\u0131 departman\u0131n kaderi tehlikede olan Naya Turner, uzun s\u00fcredir ilk kez kendisi i\u00e7in<span class=\"excerpt-hellip\"> [\u2026]<\/span><\/p>\n","protected":false},"featured_media":0,"template":"","meta":{"_monsterinsights_skip_tracking":false,"_monsterinsights_sitenote_active":false,"_monsterinsights_sitenote_note":"","_monsterinsights_sitenote_category":0},"product_brand":[],"product_cat":[12291,12711],"product_tag":[],"class_list":{"0":"post-747023","1":"product","2":"type-product","3":"status-publish","5":"product_cat-edebiyat","6":"product_cat-roman-oyku","7":"pa_cilt-ciltsiz","8":"pa_tur-kitap","9":"pa_yayinevi-yabanci-yayinevi","10":"pa_yazar-denise-williams","12":"first","13":"instock","14":"sale","15":"shipping-taxable","16":"purchasable","17":"product-type-simple"},"_links":{"self":[{"href":"https:\/\/roveyayinevi.com.tr\/index.php\/wp-json\/wp\/v2\/product\/747023","targetHints":{"allow":["GET"]}}],"collection":[{"href":"https:\/\/roveyayinevi.com.tr\/index.php\/wp-json\/wp\/v2\/product"}],"about":[{"href":"https:\/\/roveyayinevi.com.tr\/index.php\/wp-json\/wp\/v2\/types\/product"}],"wp:attachment":[{"href":"https:\/\/roveyayinevi.com.tr\/index.php\/wp-json\/wp\/v2\/media?parent=747023"}],"wp:term":[{"taxonomy":"product_brand","embeddable":true,"href":"https:\/\/roveyayinevi.com.tr\/index.php\/wp-json\/wp\/v2\/product_brand?post=747023"},{"taxonomy":"product_cat","embeddable":true,"href":"https:\/\/roveyayinevi.com.tr\/index.php\/wp-json\/wp\/v2\/product_cat?post=747023"},{"taxonomy":"product_tag","embeddable":true,"href":"https:\/\/roveyayinevi.com.tr\/index.php\/wp-json\/wp\/v2\/product_tag?post=747023"}],"curies":[{"name":"wp","href":"https:\/\/api.w.org\/{rel}","templated":true}]}}