{"id":747014,"date":"2025-08-28T02:56:32","date_gmt":"2025-08-27T23:56:32","guid":{"rendered":"https:\/\/roveyayinevi.com.tr\/index.php\/urun\/aysegul-ile-ingilizce-ogreniyorum\/"},"modified":"2026-04-16T02:59:42","modified_gmt":"2026-04-15T23:59:42","slug":"aysegul-ile-ingilizce-ogreniyorum","status":"publish","type":"product","link":"https:\/\/roveyayinevi.com.tr\/index.php\/urun\/aysegul-ile-ingilizce-ogreniyorum\/","title":{"rendered":"Ay\u015feg\u00fcl \u0130le \u0130ngilizce \u00d6\u011freniyorum"},"content":{"rendered":"<p>Ay\u015feg\u00fcl ile \u0130ngilizce \u00d6\u011freniyorum, \u0130ngilizce \u00f6\u011frenmeye yeni ba\u015flayan \u00f6\u011frencilere y\u00f6nelik, e\u011flenceli bir kitap.\u201cEvde\u201d, \u201cOkulda\u201d gibi b\u00f6l\u00fcmler, bu konulara y\u00f6nelik kelime bilgisi, basit c\u00fcmleler ve T\u00fcrk\u00e7e kar\u015f\u0131l\u0131klar\u0131yla \u00e7ocuklar \u0130ngilizceyi daha keyifle \u00f6\u011frenecekler.A\u015fina olduklar\u0131 Ay\u015feg\u00fcl serisi kahramanlar\u0131yla birlikte yabanc\u0131 dil \u00f6\u011frenmek \u00e7ocuklar i\u00e7in art\u0131k \u00e7ok kolay olacak.<\/p>\n","protected":false},"excerpt":{"rendered":"<p>Ay\u015feg\u00fcl ile \u0130ngilizce \u00d6\u011freniyorum, \u0130ngilizce \u00f6\u011frenmeye yeni ba\u015flayan \u00f6\u011frencilere y\u00f6nelik, e\u011flenceli bir kitap.\u201cEvde\u201d, \u201cOkulda\u201d gibi b\u00f6l\u00fcmler, bu konulara y\u00f6nelik kelime bilgisi, basit c\u00fcmleler ve T\u00fcrk\u00e7e kar\u015f\u0131l\u0131klar\u0131yla<span class=\"excerpt-hellip\"> [\u2026]<\/span><\/p>\n","protected":false},"featured_media":0,"template":"","meta":{"_monsterinsights_skip_tracking":false,"_monsterinsights_sitenote_active":false,"_monsterinsights_sitenote_note":"","_monsterinsights_sitenote_category":0},"product_brand":[],"product_cat":[12274,15842],"product_tag":[],"class_list":{"0":"post-747014","1":"product","2":"type-product","3":"status-publish","5":"product_cat-cocuk-ve-genclik-kitaplari","6":"product_cat-egitici-kitaplar","7":"pa_cilt-ciltsiz","8":"pa_tur-kitap","9":"pa_yayinevi-yapi-kredi-yayinlari","10":"pa_yazar-sylvie-decaux","12":"first","13":"instock","14":"sale","15":"shipping-taxable","16":"purchasable","17":"product-type-simple"},"_links":{"self":[{"href":"https:\/\/roveyayinevi.com.tr\/index.php\/wp-json\/wp\/v2\/product\/747014","targetHints":{"allow":["GET"]}}],"collection":[{"href":"https:\/\/roveyayinevi.com.tr\/index.php\/wp-json\/wp\/v2\/product"}],"about":[{"href":"https:\/\/roveyayinevi.com.tr\/index.php\/wp-json\/wp\/v2\/types\/product"}],"wp:attachment":[{"href":"https:\/\/roveyayinevi.com.tr\/index.php\/wp-json\/wp\/v2\/media?parent=747014"}],"wp:term":[{"taxonomy":"product_brand","embeddable":true,"href":"https:\/\/roveyayinevi.com.tr\/index.php\/wp-json\/wp\/v2\/product_brand?post=747014"},{"taxonomy":"product_cat","embeddable":true,"href":"https:\/\/roveyayinevi.com.tr\/index.php\/wp-json\/wp\/v2\/product_cat?post=747014"},{"taxonomy":"product_tag","embeddable":true,"href":"https:\/\/roveyayinevi.com.tr\/index.php\/wp-json\/wp\/v2\/product_tag?post=747014"}],"curies":[{"name":"wp","href":"https:\/\/api.w.org\/{rel}","templated":true}]}}