{"id":747007,"date":"2025-08-28T02:56:22","date_gmt":"2025-08-27T23:56:22","guid":{"rendered":"https:\/\/roveyayinevi.com.tr\/index.php\/urun\/gunesteki-adamlar\/"},"modified":"2026-04-16T02:59:42","modified_gmt":"2026-04-15T23:59:42","slug":"gunesteki-adamlar","status":"publish","type":"product","link":"https:\/\/roveyayinevi.com.tr\/index.php\/urun\/gunesteki-adamlar\/","title":{"rendered":"G\u00fcne\u015fteki Adamlar"},"content":{"rendered":"<p>Yollar\u0131 Basra\u2019daki bir ka\u00e7ak\u00e7\u0131n\u0131n yaz\u0131hanesinde kesi\u015fen \u00fc\u00e7 Filistinlinin hik\u00e2yesi G\u00fcne\u015fteki Adamlar. G\u00f6\u011fs\u00fcn\u00fc dayad\u0131\u011f\u0131nda sanki yerin kalbini duyacak kadar topra\u011fa ba\u011fl\u0131 ihtiyar bir k\u00f6yl\u00fc, haks\u0131zl\u0131\u011fa kar\u015f\u0131 m\u00fccadelesi zindan\u0131n yolunu g\u00f6sterdi\u011finde ka\u00e7maktan ba\u015fka \u00e7aresi kalmayan gen\u00e7 eylemci ve okulu b\u0131rak\u0131p ger\u00e7ek d\u00fcnyada \u201cpi\u015fmek\u201d zorunda kalan toy bir \u00f6\u011frenci. Kuveyt\u2019e var\u0131p, K\u00f6rfez\u2019in bu zengin \u00fclkesinde \u00e7al\u0131\u015f\u0131p para kazanmaya ba\u015flad\u0131klar\u0131nda yaln\u0131zca kendilerinin de\u011fil arkalar\u0131nda b\u0131rakt\u0131klar\u0131 Filistin\u2019in, ailelerinin, sevdiklerinin de talihini de\u011fi\u015ftirmeyi umuyorlar. Yola koyulduklar\u0131nda, geride kalan ac\u0131 hat\u0131ralar\u0131n yan\u0131 s\u0131ra \u00e7\u00f6l\u00fcn dayan\u0131lmaz s\u0131ca\u011f\u0131yla da ba\u015f etmek zorundalar. Yolculuk sona erdi\u011finde Filistin\u2019den, onun ac\u0131l\u0131 tarihinden hi\u00e7 uzakla\u015famad\u0131klar\u0131n\u0131 g\u00f6r\u00fcyoruz. G\u00fcne\u015fteki Adamlar, 1963\u2019te yay\u0131mland\u0131ktan sonra da yaz\u0131lmaya devam eden bir metin. Onu ayn\u0131 zamanda \u00e7\u00f6lde kavrulan, okyanusta bo\u011fulan, kamyon kasas\u0131nda yahut bir u\u00e7a\u011f\u0131n bagaj\u0131nda buz tutan g\u00f6\u00e7menlerin hik\u00e2yesi olarak da okuyu\u015fumuz bundan. <\/p>\n","protected":false},"excerpt":{"rendered":"<p>Yollar\u0131 Basra\u2019daki bir ka\u00e7ak\u00e7\u0131n\u0131n yaz\u0131hanesinde kesi\u015fen \u00fc\u00e7 Filistinlinin hik\u00e2yesi G\u00fcne\u015fteki Adamlar. G\u00f6\u011fs\u00fcn\u00fc dayad\u0131\u011f\u0131nda sanki yerin kalbini duyacak kadar topra\u011fa ba\u011fl\u0131 ihtiyar bir k\u00f6yl\u00fc, haks\u0131zl\u0131\u011fa kar\u015f\u0131 m\u00fccadelesi<span class=\"excerpt-hellip\"> [\u2026]<\/span><\/p>\n","protected":false},"featured_media":0,"template":"","meta":{"_monsterinsights_skip_tracking":false,"_monsterinsights_sitenote_active":false,"_monsterinsights_sitenote_note":"","_monsterinsights_sitenote_category":0},"product_brand":[],"product_cat":[12291,12711],"product_tag":[],"class_list":{"0":"post-747007","1":"product","2":"type-product","3":"status-publish","5":"product_cat-edebiyat","6":"product_cat-roman-oyku","7":"pa_cilt-ciltsiz","8":"pa_tur-kitap","9":"pa_yayinevi-metis-yayinlari","10":"pa_yazar-gassan-kanafani","12":"first","13":"instock","14":"sale","15":"shipping-taxable","16":"purchasable","17":"product-type-simple"},"_links":{"self":[{"href":"https:\/\/roveyayinevi.com.tr\/index.php\/wp-json\/wp\/v2\/product\/747007","targetHints":{"allow":["GET"]}}],"collection":[{"href":"https:\/\/roveyayinevi.com.tr\/index.php\/wp-json\/wp\/v2\/product"}],"about":[{"href":"https:\/\/roveyayinevi.com.tr\/index.php\/wp-json\/wp\/v2\/types\/product"}],"wp:attachment":[{"href":"https:\/\/roveyayinevi.com.tr\/index.php\/wp-json\/wp\/v2\/media?parent=747007"}],"wp:term":[{"taxonomy":"product_brand","embeddable":true,"href":"https:\/\/roveyayinevi.com.tr\/index.php\/wp-json\/wp\/v2\/product_brand?post=747007"},{"taxonomy":"product_cat","embeddable":true,"href":"https:\/\/roveyayinevi.com.tr\/index.php\/wp-json\/wp\/v2\/product_cat?post=747007"},{"taxonomy":"product_tag","embeddable":true,"href":"https:\/\/roveyayinevi.com.tr\/index.php\/wp-json\/wp\/v2\/product_tag?post=747007"}],"curies":[{"name":"wp","href":"https:\/\/api.w.org\/{rel}","templated":true}]}}