{"id":746997,"date":"2025-08-28T02:56:07","date_gmt":"2025-08-27T23:56:07","guid":{"rendered":"https:\/\/roveyayinevi.com.tr\/index.php\/urun\/parti-cemaat-tarikat\/"},"modified":"2026-04-16T02:59:41","modified_gmt":"2026-04-15T23:59:41","slug":"parti-cemaat-tarikat","status":"publish","type":"product","link":"https:\/\/roveyayinevi.com.tr\/index.php\/urun\/parti-cemaat-tarikat\/","title":{"rendered":"Parti, Cemaat, Tarikat"},"content":{"rendered":"<p>T\u00fcrkiye\u2019de 21. y\u00fczy\u0131l ba\u015f\u0131nda iktidar imk\u00e2n\u0131 bulan \u0130slamc\u0131 siyaset, Cumhuriyet 100 ya\u015f\u0131na girerken \u00fclkenin ekonomi-politik ve toplumsal-k\u00fclt\u00fcrel ak\u0131\u015f\u0131n\u0131 belirlemeye devam ediyor. Demokratik, \u00f6zg\u00fcrl\u00fck\u00e7\u00fc ve adalet\u00e7i vaatlerle ba\u015flayan bu iktidar yolculu\u011fu, hanidir toplumsal ayr\u0131\u015fma, kutupla\u015fma ve \u00e7at\u0131\u015fmalar e\u015fli\u011finde otoriter, totaliter ve bask\u0131c\u0131 bir y\u00f6r\u00fcngeye oturmu\u015f durumda.   Parti, Cemaat, Tarikat, siyasal \u0130slam\u0131n sek\u00fcler T\u00fcrkiye\u2019de 20 y\u0131l\u0131 a\u015fk\u0131n zamand\u0131r s\u00fcregelen iktidar\u0131n\u0131n seyrini sosyal antropolojik yakla\u015f\u0131mla s\u00fczge\u00e7ten ge\u00e7irme giri\u015fimi. Tayfun Atay, bu s\u00fcreci \u201cdinbazl\u0131k\u201d kavram\u0131 temelinde ele\u015ftirel bir bak\u0131\u015fla \u00e7\u00f6z\u00fcml\u00fcyor.   \u201cDinbaz, dinle oynayan demek. T\u00fcrkiye\u2019de dindar-muhafazak\u00e2r kitlelerin sesi, s\u00f6zc\u00fcs\u00fc, temsilcisi olarak siyaset sahnesinde oldu\u011funu iddia eden Parti, asl\u0131nda dindar, yani dine sahip olan\/sahip \u00e7\u0131kan nitelemesini hi\u00e7 mi hi\u00e7 hak etmiyor. Kendi d\u00fcnyevi \u00e7\u0131kar, arzu ve ihtiraslar\u0131 do\u011frultusunda ve bir sermaye-rantiye-\u015fantiye M\u00fcsl\u00fcmanl\u0131\u011f\u0131 var etme yolunda dini ara\u00e7salla\u015ft\u0131rd\u0131\u011f\u0131, dinle oynad\u0131\u011f\u0131 i\u00e7in dinbaz nitelemesini hak ediyor. Cemaat ve tarikat \u00e7evreleri de bu Parti\u2019nin \u00f6nlerine a\u00e7t\u0131\u011f\u0131 ola\u011fan\u00fcst\u00fc imk\u00e2nlarla k\u00fclt\u00fcrel me\u015fruiyetten \u00f6te ekonomik me\u015fguliyet elde ettiler, zenginle\u015ftik\u00e7e zenginle\u015fip holdingle\u015ftiler. M\u00fcr\u015fitler m\u00fcte\u015febbis, m\u00fcritler m\u00fc\u015fteri oldu.\u201d <\/p>\n","protected":false},"excerpt":{"rendered":"<p>T\u00fcrkiye\u2019de 21. y\u00fczy\u0131l ba\u015f\u0131nda iktidar imk\u00e2n\u0131 bulan \u0130slamc\u0131 siyaset, Cumhuriyet 100 ya\u015f\u0131na girerken \u00fclkenin ekonomi-politik ve toplumsal-k\u00fclt\u00fcrel ak\u0131\u015f\u0131n\u0131 belirlemeye devam ediyor. Demokratik, \u00f6zg\u00fcrl\u00fck\u00e7\u00fc ve adalet\u00e7i vaatlerle<span class=\"excerpt-hellip\"> [\u2026]<\/span><\/p>\n","protected":false},"featured_media":0,"template":"","meta":{"_monsterinsights_skip_tracking":false,"_monsterinsights_sitenote_active":false,"_monsterinsights_sitenote_note":"","_monsterinsights_sitenote_category":0},"product_brand":[],"product_cat":[13072,12291],"product_tag":[],"class_list":{"0":"post-746997","1":"product","2":"type-product","3":"status-publish","5":"product_cat-arastirma-inceleme-referans","6":"product_cat-edebiyat","7":"pa_cilt-ciltsiz","8":"pa_tur-kitap","9":"pa_yayinevi-tellekt","10":"pa_yazar-tayfun-atay","12":"first","13":"instock","14":"sale","15":"shipping-taxable","16":"purchasable","17":"product-type-simple"},"_links":{"self":[{"href":"https:\/\/roveyayinevi.com.tr\/index.php\/wp-json\/wp\/v2\/product\/746997","targetHints":{"allow":["GET"]}}],"collection":[{"href":"https:\/\/roveyayinevi.com.tr\/index.php\/wp-json\/wp\/v2\/product"}],"about":[{"href":"https:\/\/roveyayinevi.com.tr\/index.php\/wp-json\/wp\/v2\/types\/product"}],"wp:attachment":[{"href":"https:\/\/roveyayinevi.com.tr\/index.php\/wp-json\/wp\/v2\/media?parent=746997"}],"wp:term":[{"taxonomy":"product_brand","embeddable":true,"href":"https:\/\/roveyayinevi.com.tr\/index.php\/wp-json\/wp\/v2\/product_brand?post=746997"},{"taxonomy":"product_cat","embeddable":true,"href":"https:\/\/roveyayinevi.com.tr\/index.php\/wp-json\/wp\/v2\/product_cat?post=746997"},{"taxonomy":"product_tag","embeddable":true,"href":"https:\/\/roveyayinevi.com.tr\/index.php\/wp-json\/wp\/v2\/product_tag?post=746997"}],"curies":[{"name":"wp","href":"https:\/\/api.w.org\/{rel}","templated":true}]}}