{"id":746989,"date":"2025-08-28T02:55:55","date_gmt":"2025-08-27T23:55:55","guid":{"rendered":"https:\/\/roveyayinevi.com.tr\/index.php\/urun\/deveye-sormuslar\/"},"modified":"2026-04-16T02:59:41","modified_gmt":"2026-04-15T23:59:41","slug":"deveye-sormuslar","status":"publish","type":"product","link":"https:\/\/roveyayinevi.com.tr\/index.php\/urun\/deveye-sormuslar\/","title":{"rendered":"Deveye Sormu\u015flar"},"content":{"rendered":"<p>Sanat\u00e7\u0131lar i\u00e7in \u00e7o\u011funlukla \u201c\u00e7a\u011f\u0131n tan\u0131\u011f\u0131d\u0131r\u201d betimlemesi yap\u0131l\u0131r. \u00dcnl\u00fc Rus yazar Gogol ise sanat\u00e7\u0131y\u0131 \u201ckayg\u0131 ortam\u0131nda bile huzur soluyan varl\u0131kt\u0131r\u201d bi\u00e7iminde tan\u0131mlar.Altm\u0131\u015f y\u0131l\u0131 a\u015fk\u0131n sanat ya\u015fam\u0131nda \u00fclkemizin en kayg\u0131l\u0131 ve k\u00f6t\u00fcmser anlar\u0131ndan bile toplumumuzun y\u00fcz\u00fcn\u00fc g\u00fcld\u00fcrmeyi ba\u015faran, y\u00fcre\u011fimizi umut ve diren\u00e7 ate\u015fiyle harlayan, \u00e7a\u011f\u0131na tan\u0131kl\u0131k eden M\u00fcjdat Gezen, bu kez an\u0131lar\u0131 ve Cumhuriyet gazetesindeki yaz\u0131lar\u0131ndan olu\u015fan bir se\u00e7kiyle okuyucusunu selaml\u0131yor. Toplumun yak\u0131ndan tan\u0131d\u0131\u011f\u0131 dostlar\u0131n\u0131, ya\u015fam\u0131nda iz b\u0131rakan sevin\u00e7li anlar\u0131 ve olaylar\u0131 mizahi bir dille aktar\u0131rken, karanl\u0131\u011f\u0131n en yo\u011fun oldu\u011fu an\u0131n, ayn\u0131 zamanda \u0131\u015f\u0131\u011fa kavu\u015fmaya en yak\u0131n olunan zaman dilimi oldu\u011funu an\u0131msat\u0131yor.\u201cSanat payla\u015f\u0131md\u0131r. Her sanat eseri toplumu s\u00fcsler, geli\u015ftirir. Ger\u00e7ek odur ki sanat onu yapanla yap\u0131lan i\u015f aras\u0131ndaki bir ba\u011fdan \u00f6te, topluma sunuldu\u011funda ad\u0131 konulan bir \u015feydir.\u201d <\/p>\n","protected":false},"excerpt":{"rendered":"<p>Sanat\u00e7\u0131lar i\u00e7in \u00e7o\u011funlukla \u201c\u00e7a\u011f\u0131n tan\u0131\u011f\u0131d\u0131r\u201d betimlemesi yap\u0131l\u0131r. \u00dcnl\u00fc Rus yazar Gogol ise sanat\u00e7\u0131y\u0131 \u201ckayg\u0131 ortam\u0131nda bile huzur soluyan varl\u0131kt\u0131r\u201d bi\u00e7iminde tan\u0131mlar.Altm\u0131\u015f y\u0131l\u0131 a\u015fk\u0131n sanat ya\u015fam\u0131nda \u00fclkemizin<span class=\"excerpt-hellip\"> [\u2026]<\/span><\/p>\n","protected":false},"featured_media":0,"template":"","meta":{"_monsterinsights_skip_tracking":false,"_monsterinsights_sitenote_active":false,"_monsterinsights_sitenote_note":"","_monsterinsights_sitenote_category":0},"product_brand":[],"product_cat":[13701,12291],"product_tag":[],"class_list":{"0":"post-746989","1":"product","2":"type-product","3":"status-publish","5":"product_cat-ani-mektup-gunluk","6":"product_cat-edebiyat","7":"pa_cilt-ciltsiz","8":"pa_tur-kitap","9":"pa_yayinevi-cumhuriyet-kitaplari","10":"pa_yazar-mujdat-gezen","12":"first","13":"instock","14":"sale","15":"shipping-taxable","16":"purchasable","17":"product-type-simple"},"_links":{"self":[{"href":"https:\/\/roveyayinevi.com.tr\/index.php\/wp-json\/wp\/v2\/product\/746989","targetHints":{"allow":["GET"]}}],"collection":[{"href":"https:\/\/roveyayinevi.com.tr\/index.php\/wp-json\/wp\/v2\/product"}],"about":[{"href":"https:\/\/roveyayinevi.com.tr\/index.php\/wp-json\/wp\/v2\/types\/product"}],"wp:attachment":[{"href":"https:\/\/roveyayinevi.com.tr\/index.php\/wp-json\/wp\/v2\/media?parent=746989"}],"wp:term":[{"taxonomy":"product_brand","embeddable":true,"href":"https:\/\/roveyayinevi.com.tr\/index.php\/wp-json\/wp\/v2\/product_brand?post=746989"},{"taxonomy":"product_cat","embeddable":true,"href":"https:\/\/roveyayinevi.com.tr\/index.php\/wp-json\/wp\/v2\/product_cat?post=746989"},{"taxonomy":"product_tag","embeddable":true,"href":"https:\/\/roveyayinevi.com.tr\/index.php\/wp-json\/wp\/v2\/product_tag?post=746989"}],"curies":[{"name":"wp","href":"https:\/\/api.w.org\/{rel}","templated":true}]}}