{"id":746985,"date":"2025-08-28T02:55:49","date_gmt":"2025-08-27T23:55:49","guid":{"rendered":"https:\/\/roveyayinevi.com.tr\/index.php\/urun\/orhan-veli-butun-siirleri-5\/"},"modified":"2026-04-16T02:59:40","modified_gmt":"2026-04-15T23:59:40","slug":"orhan-veli-butun-siirleri-5","status":"publish","type":"product","link":"https:\/\/roveyayinevi.com.tr\/index.php\/urun\/orhan-veli-butun-siirleri-5\/","title":{"rendered":"Orhan Veli B\u00fct\u00fcn \u015eiirleri"},"content":{"rendered":"<p>G\u00dcN OLUR   G\u00fcn olur, al\u0131r ba\u015f\u0131m\u0131 giderim, Denizden yeni \u00e7\u0131km\u0131\u015f a\u011flar\u0131n kokusunda \u015eu ada senin, bu ada benim, Yelkovan ku\u015flar\u0131n\u0131n pe\u015fi s\u0131ra.   D\u00fcnyalar vard\u0131r, d\u00fc\u015f\u00fcnemezsiniz; \u00c7i\u00e7ekler g\u00fcr\u00fclt\u00fcyle a\u00e7ar; G\u00fcr\u00fclt\u00fcyle \u00e7\u0131kar duman topraktan.   Hele mart\u0131lar, hele mart\u0131lar, Her bir t\u00fcylerinde ayr\u0131 tel\u00e2\u015f!..   G\u00fcn olur, ba\u015f\u0131ma kadar mavi; G\u00fcn olur, ba\u015f\u0131ma kadar g\u00fcne\u015f; G\u00fcn olur, deli gibi&#8230; <\/p>\n","protected":false},"excerpt":{"rendered":"<p>G\u00dcN OLUR G\u00fcn olur, al\u0131r ba\u015f\u0131m\u0131 giderim, Denizden yeni \u00e7\u0131km\u0131\u015f a\u011flar\u0131n kokusunda \u015eu ada senin, bu ada benim, Yelkovan ku\u015flar\u0131n\u0131n pe\u015fi s\u0131ra. D\u00fcnyalar vard\u0131r, d\u00fc\u015f\u00fcnemezsiniz; \u00c7i\u00e7ekler<span class=\"excerpt-hellip\"> [\u2026]<\/span><\/p>\n","protected":false},"featured_media":0,"template":"","meta":{"_monsterinsights_skip_tracking":false,"_monsterinsights_sitenote_active":false,"_monsterinsights_sitenote_note":"","_monsterinsights_sitenote_category":0},"product_brand":[],"product_cat":[12291,12509],"product_tag":[],"class_list":{"0":"post-746985","1":"product","2":"type-product","3":"status-publish","5":"product_cat-edebiyat","6":"product_cat-siir","7":"pa_cilt-ciltsiz","8":"pa_tur-kitap","9":"pa_yayinevi-inkilap-kitabevi","10":"pa_yazar-orhan-veli-kanik","12":"first","13":"instock","14":"sale","15":"shipping-taxable","16":"purchasable","17":"product-type-simple"},"_links":{"self":[{"href":"https:\/\/roveyayinevi.com.tr\/index.php\/wp-json\/wp\/v2\/product\/746985","targetHints":{"allow":["GET"]}}],"collection":[{"href":"https:\/\/roveyayinevi.com.tr\/index.php\/wp-json\/wp\/v2\/product"}],"about":[{"href":"https:\/\/roveyayinevi.com.tr\/index.php\/wp-json\/wp\/v2\/types\/product"}],"wp:attachment":[{"href":"https:\/\/roveyayinevi.com.tr\/index.php\/wp-json\/wp\/v2\/media?parent=746985"}],"wp:term":[{"taxonomy":"product_brand","embeddable":true,"href":"https:\/\/roveyayinevi.com.tr\/index.php\/wp-json\/wp\/v2\/product_brand?post=746985"},{"taxonomy":"product_cat","embeddable":true,"href":"https:\/\/roveyayinevi.com.tr\/index.php\/wp-json\/wp\/v2\/product_cat?post=746985"},{"taxonomy":"product_tag","embeddable":true,"href":"https:\/\/roveyayinevi.com.tr\/index.php\/wp-json\/wp\/v2\/product_tag?post=746985"}],"curies":[{"name":"wp","href":"https:\/\/api.w.org\/{rel}","templated":true}]}}