{"id":746976,"date":"2025-08-28T02:55:36","date_gmt":"2025-08-27T23:55:36","guid":{"rendered":"https:\/\/roveyayinevi.com.tr\/index.php\/urun\/benim-adim-calgay\/"},"modified":"2026-04-16T02:59:40","modified_gmt":"2026-04-15T23:59:40","slug":"benim-adim-calgay","status":"publish","type":"product","link":"https:\/\/roveyayinevi.com.tr\/index.php\/urun\/benim-adim-calgay\/","title":{"rendered":"Benim Ad\u0131m \u00c7algay"},"content":{"rendered":"<p>Tam \u00fc\u00e7 y\u0131l, dokuz mevsim, dokuz g\u00f6\u00e7 ya\u015fand\u0131. Nice karlar nice ya\u011fmurlar ya\u011fd\u0131. \u00c7i\u00e7ekler a\u00e7t\u0131 a\u00e7t\u0131 soldu. Irmaklar ta\u015ft\u0131 ta\u015ft\u0131 doldu. Koyunlar kuzu do\u011furdu. Kuzular koyun oldu. Ay, doksan dokuz kere hilal \u015feklini ald\u0131. G\u00fcne\u015f, d\u00fcnyay\u0131 her g\u00fcn s\u0131ms\u0131k\u0131 sard\u0131. Kervan k\u00e2h y\u00fcr\u00fcd\u00fc k\u00e2h durdu. Kurt uludu, yi\u011fit yolunu buldu. \u00c7algay\u2019\u0131n obas\u0131 \u015fu u\u00e7suz bucaks\u0131z ovaya yerle\u015feli dokuz g\u00fcn olmu\u015ftu. \u00c7ad\u0131rlar kurulmu\u015f, ate\u015fler yak\u0131lm\u0131\u015f, hayvanlar yay\u0131lm\u0131\u015ft\u0131. \u0130klim \u015fartlar\u0131ndan dolay\u0131 g\u00f6\u00e7 etmek zorunda kalan oba halk\u0131 h\u00fcz\u00fcnl\u00fcyd\u00fc. Eski topraklar\u0131n\u0131 terk etmek \u00e7ok a\u011f\u0131r gelmi\u015fti onlara. Ama \u015fimdi en az\u0131ndan hayvanlar\u0131 mutluydu. Bolca otlak, bolca su vard\u0131 \u00e7\u00fcnk\u00fc etrafta. <\/p>\n","protected":false},"excerpt":{"rendered":"<p>Tam \u00fc\u00e7 y\u0131l, dokuz mevsim, dokuz g\u00f6\u00e7 ya\u015fand\u0131. Nice karlar nice ya\u011fmurlar ya\u011fd\u0131. \u00c7i\u00e7ekler a\u00e7t\u0131 a\u00e7t\u0131 soldu. Irmaklar ta\u015ft\u0131 ta\u015ft\u0131 doldu. Koyunlar kuzu do\u011furdu. Kuzular koyun<span class=\"excerpt-hellip\"> [\u2026]<\/span><\/p>\n","protected":false},"featured_media":0,"template":"","meta":{"_monsterinsights_skip_tracking":false,"_monsterinsights_sitenote_active":false,"_monsterinsights_sitenote_note":"","_monsterinsights_sitenote_category":0},"product_brand":[],"product_cat":[12274,12284],"product_tag":[],"class_list":{"0":"post-746976","1":"product","2":"type-product","3":"status-publish","5":"product_cat-cocuk-ve-genclik-kitaplari","6":"product_cat-hikayeler","7":"pa_cilt-ciltsiz","8":"pa_tur-kitap","9":"pa_yayinevi-korkut-yayinlari","10":"pa_yazar-gulsen-unuvar","12":"first","13":"instock","14":"sale","15":"shipping-taxable","16":"purchasable","17":"product-type-simple"},"_links":{"self":[{"href":"https:\/\/roveyayinevi.com.tr\/index.php\/wp-json\/wp\/v2\/product\/746976","targetHints":{"allow":["GET"]}}],"collection":[{"href":"https:\/\/roveyayinevi.com.tr\/index.php\/wp-json\/wp\/v2\/product"}],"about":[{"href":"https:\/\/roveyayinevi.com.tr\/index.php\/wp-json\/wp\/v2\/types\/product"}],"wp:attachment":[{"href":"https:\/\/roveyayinevi.com.tr\/index.php\/wp-json\/wp\/v2\/media?parent=746976"}],"wp:term":[{"taxonomy":"product_brand","embeddable":true,"href":"https:\/\/roveyayinevi.com.tr\/index.php\/wp-json\/wp\/v2\/product_brand?post=746976"},{"taxonomy":"product_cat","embeddable":true,"href":"https:\/\/roveyayinevi.com.tr\/index.php\/wp-json\/wp\/v2\/product_cat?post=746976"},{"taxonomy":"product_tag","embeddable":true,"href":"https:\/\/roveyayinevi.com.tr\/index.php\/wp-json\/wp\/v2\/product_tag?post=746976"}],"curies":[{"name":"wp","href":"https:\/\/api.w.org\/{rel}","templated":true}]}}