{"id":746970,"date":"2025-08-28T02:55:28","date_gmt":"2025-08-27T23:55:28","guid":{"rendered":"https:\/\/roveyayinevi.com.tr\/index.php\/urun\/yeni-medya-toplum-ve-kamusal-alan\/"},"modified":"2026-01-29T03:30:49","modified_gmt":"2026-01-29T00:30:49","slug":"yeni-medya-toplum-ve-kamusal-alan","status":"publish","type":"product","link":"https:\/\/roveyayinevi.com.tr\/index.php\/urun\/yeni-medya-toplum-ve-kamusal-alan\/","title":{"rendered":"Yeni Medya, Toplum ve Kamusal Alan"},"content":{"rendered":"<p>Bu kitapta, g\u00fcn\u00fcm\u00fcz toplum ve k\u00fclt\u00fcr\u00fc i\u00e7in vazge\u00e7ilmez hale gelen yeni ileti\u015fim ve enformasyon teknolojilerinin kamusal alan tart\u0131\u015fmalar\u0131 a\u00e7\u0131s\u0131ndan \u00f6nemi \u00e7e\u015fitli boyutlar\u0131yla ele al\u0131nmaktad\u0131r. Enformasyon ve ileti\u015fim teknolojilerindeki d\u00f6n\u00fc\u015f\u00fcm\u00fcn olas\u0131 etkileri \u00fczerine akademik tart\u0131\u015fmalar 90\u2019l\u0131 y\u0131llardan itibaren demokratik bir \u00fctopyan\u0131n kap\u0131s\u0131n\u0131 aralam\u0131\u015ft\u0131. A\u00e7\u0131lan bu kap\u0131da beliren ilk imge \u201ckamusal alan\u201dd\u0131. J\u00fcrgen Habermas i\u00e7in kamusal alan, ortak yarara y\u00f6nelik kamusal ilgiler dolay\u0131s\u0131yla bir araya gelen yurtta\u015flardan olu\u015fmaktayd\u0131. T\u00fcm yurtta\u015flar\u0131n e\u015fit kat\u0131l\u0131m\u0131na a\u00e7\u0131k, devlet d\u0131\u015f\u0131 sivil bir alanda rasyonel ak\u0131l y\u00fcr\u00fctme yoluyla demokratik bir sistemin karar alma s\u00fcre\u00e7leri beslenebilirdi. 17. ve 18. y\u00fczy\u0131lda ye\u015ferdi\u011fi ileri s\u00fcr\u00fclen kamusal alan\u0131n merkezinde yurtta\u015flar\u0131n bir araya geldi\u011fi edebi kamular bulunmaktayd\u0131, sonradan tekno-ekonomik de\u011fi\u015fimlerle birlikte kamusal alan d\u00f6n\u00fc\u015f\u00fcme u\u011fram\u0131\u015f, kat\u0131l\u0131m neredeyse olanaks\u0131zla\u015fm\u0131\u015ft\u0131r. Bu s\u00fcre\u00e7te devlet ve piyasa tekellerinin \u015fekillendirdi\u011fi medya sistemlerinde kendilerine yer bulamayan yurtta\u015f talepleri ve madun kimlikler siyasal sistemde de temsil edilme imk\u00e2nlar\u0131n\u0131 kaybetmi\u015ftir. Buna kar\u015f\u0131n, son d\u00f6nemde enformasyon ve ileti\u015fim teknolojilerindeki geli\u015fmelerle birlikte daha \u00f6nce kitle medyas\u0131 sisteminde kendilerine yer bulamayanlar\u0131n yeniden kamusal alana kat\u0131lma imk\u00e2n\u0131na sahip olup olmad\u0131klar\u0131 sorusu, ileti\u015fim \u00e7al\u0131\u015fmalar\u0131n\u0131n temel ilgilerinden biri haline geldi\u011fi kadar bu kitab\u0131n temel sorunsal\u0131n\u0131 da olu\u015fturmaktad\u0131r&#8230; <\/p>\n","protected":false},"excerpt":{"rendered":"<p>Bu kitapta, g\u00fcn\u00fcm\u00fcz toplum ve k\u00fclt\u00fcr\u00fc i\u00e7in vazge\u00e7ilmez hale gelen yeni ileti\u015fim ve enformasyon teknolojilerinin kamusal alan tart\u0131\u015fmalar\u0131 a\u00e7\u0131s\u0131ndan \u00f6nemi \u00e7e\u015fitli boyutlar\u0131yla ele al\u0131nmaktad\u0131r. Enformasyon ve<span class=\"excerpt-hellip\"> [\u2026]<\/span><\/p>\n","protected":false},"featured_media":0,"template":"","meta":{"_monsterinsights_skip_tracking":false,"_monsterinsights_sitenote_active":false,"_monsterinsights_sitenote_note":"","_monsterinsights_sitenote_category":0},"product_brand":[],"product_cat":[15983,13488],"product_tag":[],"class_list":{"0":"post-746970","1":"product","2":"type-product","3":"status-publish","5":"product_cat-iletisim-ve-medya","6":"product_cat-toplum-ve-insan","7":"pa_cilt-ciltsiz","8":"pa_tur-kitap","9":"pa_yayinevi-utopya-yayinevi","10":"pa_yazar-himmet-hulur-cem-yasin","12":"first","13":"instock","14":"sale","15":"shipping-taxable","16":"purchasable","17":"product-type-simple"},"_links":{"self":[{"href":"https:\/\/roveyayinevi.com.tr\/index.php\/wp-json\/wp\/v2\/product\/746970","targetHints":{"allow":["GET"]}}],"collection":[{"href":"https:\/\/roveyayinevi.com.tr\/index.php\/wp-json\/wp\/v2\/product"}],"about":[{"href":"https:\/\/roveyayinevi.com.tr\/index.php\/wp-json\/wp\/v2\/types\/product"}],"wp:attachment":[{"href":"https:\/\/roveyayinevi.com.tr\/index.php\/wp-json\/wp\/v2\/media?parent=746970"}],"wp:term":[{"taxonomy":"product_brand","embeddable":true,"href":"https:\/\/roveyayinevi.com.tr\/index.php\/wp-json\/wp\/v2\/product_brand?post=746970"},{"taxonomy":"product_cat","embeddable":true,"href":"https:\/\/roveyayinevi.com.tr\/index.php\/wp-json\/wp\/v2\/product_cat?post=746970"},{"taxonomy":"product_tag","embeddable":true,"href":"https:\/\/roveyayinevi.com.tr\/index.php\/wp-json\/wp\/v2\/product_tag?post=746970"}],"curies":[{"name":"wp","href":"https:\/\/api.w.org\/{rel}","templated":true}]}}