{"id":746924,"date":"2025-08-28T02:54:28","date_gmt":"2025-08-27T23:54:28","guid":{"rendered":"https:\/\/roveyayinevi.com.tr\/index.php\/urun\/ayrinti-dergi-kis-2022-42-sayi\/"},"modified":"2026-04-16T02:59:38","modified_gmt":"2026-04-15T23:59:38","slug":"ayrinti-dergi-kis-2022-42-sayi","status":"publish","type":"product","link":"https:\/\/roveyayinevi.com.tr\/index.php\/urun\/ayrinti-dergi-kis-2022-42-sayi\/","title":{"rendered":"Ayr\u0131nt\u0131 Dergi  K\u0131\u015f 2022 (42. Say\u0131)"},"content":{"rendered":"<p>2022 y\u0131l\u0131n\u0131n sonuna geldik. Cumhuriyetin kurulu\u015funun y\u00fcz\u00fcnc\u00fc y\u0131l\u0131na girerken \u00fczerinde durdu\u011fumuz e\u015fi\u011fi hangi y\u00f6nde a\u015faca\u011f\u0131m\u0131za dair yol ayr\u0131m\u0131n\u0131n ufukta iyice belirginle\u015fti\u011fi bir zaman\u0131 da idrak ediyoruz. Merkezin s\u00fcrekli olarak sa\u011fa kayd\u0131\u011f\u0131; radikal sa\u011f bir iktidar\u0131n kar\u015f\u0131s\u0131nda merkezini sa\u011f\u0131n olu\u015fturdu\u011fu bir muhalefet ittifak\u0131n\u0131n \u015fekillendi\u011fi d\u00fczenin k\u0131y\u0131s\u0131nda sosyalistler k\u00fcmeleniyor. B\u00f6l\u00fc\u015f\u00fcm ili\u015fkilerinde emek\u00e7iler aleyhine g\u00f6r\u00fclmemi\u015f denli artan u\u00e7urum, toplumsal taleplerin siyasalla\u015fmas\u0131na kar\u015f\u0131 s\u00fcrekli diri tutulan zaptetme ayg\u0131tlar\u0131yla uygulanan zor, siyasal \u0130slamc\u0131lar\u0131n yurtta\u015fl\u0131k alan\u0131n\u0131 erkeklere tahsis etti\u011fi alanlarda iktidar taraf\u0131ndan kollanan kad\u0131n ve \u00e7ocuk d\u00fc\u015fman\u0131 tarikat-cemaat yap\u0131lanmalar\u0131n\u0131n norm haline gelme \u00e7abas\u0131\u2026 Yol ayr\u0131m\u0131 ufukta belirgin hale geldik\u00e7e \u201cd\u00fc\u015fman\u0131na\u201d g\u00f6z a\u00e7t\u0131rmayan bir rejim. Ayr\u0131nt\u0131 Dergi\u2019nin \u00f6n\u00fcm\u00fczdeki 42. ve 43. say\u0131lar\u0131nda yeni bir b\u00f6l\u00fcm ile kar\u015f\u0131la\u015facaks\u0131n\u0131z: \u201cBir Yol Kav\u015fa\u011f\u0131nda T\u00fcrkiyeli Entelekt\u00fceller\u201d. Se\u00e7imi de kapsayan bir yol ayr\u0131m\u0131na varacak T\u00fcrkiye\u2019de Kerim Can Kara ve Ula\u015f Bager Aldemir taraf\u0131ndan T\u00fcrkiyeli entelekt\u00fcellerle yap\u0131lan s\u00f6yle\u015filerden olu\u015fan bu b\u00f6l\u00fcm i. H\u00fck\u00fcmet de\u011fi\u015fikli\u011fi temel sorunlar\u0131m\u0131za \u00e7are olacak m\u0131? ii. \u0130lki olmayaca\u011f\u0131na g\u00f6re T\u00fcrkiye\u2019deki demokrat\/ilerici kitlelerin rol\u00fc, sorumlulu\u011fu ve etkisi ne olacak? Sorular\u0131n\u0131 merkeze al\u0131yor. Bu say\u0131da, Nilg\u00fcn Toker, Fatmag\u00fcl Berktay ve \u015e\u00fckr\u00fc Arg\u0131n ile yap\u0131lan s\u00f6yle\u015filer var. <\/p>\n","protected":false},"excerpt":{"rendered":"<p>2022 y\u0131l\u0131n\u0131n sonuna geldik. Cumhuriyetin kurulu\u015funun y\u00fcz\u00fcnc\u00fc y\u0131l\u0131na girerken \u00fczerinde durdu\u011fumuz e\u015fi\u011fi hangi y\u00f6nde a\u015faca\u011f\u0131m\u0131za dair yol ayr\u0131m\u0131n\u0131n ufukta iyice belirginle\u015fti\u011fi bir zaman\u0131 da idrak ediyoruz.<span class=\"excerpt-hellip\"> [\u2026]<\/span><\/p>\n","protected":false},"featured_media":0,"template":"","meta":{"_monsterinsights_skip_tracking":false,"_monsterinsights_sitenote_active":false,"_monsterinsights_sitenote_note":"","_monsterinsights_sitenote_category":0},"product_brand":[],"product_cat":[30023,13527],"product_tag":[],"class_list":{"0":"post-746924","1":"product","2":"type-product","3":"status-publish","5":"product_cat-edebiyat-sureli-yayinlar","6":"product_cat-sureli-yayinlar","7":"pa_cilt-ciltsiz","8":"pa_tur-dergi","9":"pa_yayinevi-ayrinti-yayinlari","10":"pa_yazar-kolektif","12":"first","13":"instock","14":"sale","15":"shipping-taxable","16":"purchasable","17":"product-type-simple"},"_links":{"self":[{"href":"https:\/\/roveyayinevi.com.tr\/index.php\/wp-json\/wp\/v2\/product\/746924","targetHints":{"allow":["GET"]}}],"collection":[{"href":"https:\/\/roveyayinevi.com.tr\/index.php\/wp-json\/wp\/v2\/product"}],"about":[{"href":"https:\/\/roveyayinevi.com.tr\/index.php\/wp-json\/wp\/v2\/types\/product"}],"wp:attachment":[{"href":"https:\/\/roveyayinevi.com.tr\/index.php\/wp-json\/wp\/v2\/media?parent=746924"}],"wp:term":[{"taxonomy":"product_brand","embeddable":true,"href":"https:\/\/roveyayinevi.com.tr\/index.php\/wp-json\/wp\/v2\/product_brand?post=746924"},{"taxonomy":"product_cat","embeddable":true,"href":"https:\/\/roveyayinevi.com.tr\/index.php\/wp-json\/wp\/v2\/product_cat?post=746924"},{"taxonomy":"product_tag","embeddable":true,"href":"https:\/\/roveyayinevi.com.tr\/index.php\/wp-json\/wp\/v2\/product_tag?post=746924"}],"curies":[{"name":"wp","href":"https:\/\/api.w.org\/{rel}","templated":true}]}}